[INFO] cloning repository https://github.com/justinwash/rengine
[INFO] running `Command { std: "git" "-c" "credential.helper=" "-c" "credential.helper=/workspace/cargo-home/bin/git-credential-null" "clone" "--bare" "https://github.com/justinwash/rengine" "/workspace/cache/git-repos/https%3A%2F%2Fgithub.com%2Fjustinwash%2Frengine", kill_on_drop: false }`
[INFO] [stderr] Cloning into bare repository '/workspace/cache/git-repos/https%3A%2F%2Fgithub.com%2Fjustinwash%2Frengine'...
[INFO] running `Command { std: "git" "rev-parse" "HEAD", kill_on_drop: false }`
[INFO] [stdout] eb252da64c68aceae97573a6fc9f08f790a03a22
[INFO] checking justinwash/rengine against 1.55.0 for beta-1.56-3
[INFO] running `Command { std: "git" "clone" "/workspace/cache/git-repos/https%3A%2F%2Fgithub.com%2Fjustinwash%2Frengine" "/workspace/builds/worker-76/source", kill_on_drop: false }`
[INFO] [stderr] Cloning into '/workspace/builds/worker-76/source'...
[INFO] [stderr] done.
[INFO] validating manifest of git repo https://github.com/justinwash/rengine on toolchain 1.55.0
[INFO] running `Command { std: "/workspace/cargo-home/bin/cargo" "+1.55.0" "metadata" "--manifest-path" "Cargo.toml" "--no-deps", kill_on_drop: false }`
[INFO] started tweaking git repo https://github.com/justinwash/rengine
[INFO] finished tweaking git repo https://github.com/justinwash/rengine
[INFO] tweaked toml for git repo https://github.com/justinwash/rengine written to /workspace/builds/worker-76/source/Cargo.toml
[INFO] crate git repo https://github.com/justinwash/rengine already has a lockfile, it will not be regenerated
[INFO] running `Command { std: "/workspace/cargo-home/bin/cargo" "+1.55.0" "fetch" "--manifest-path" "Cargo.toml", kill_on_drop: false }`
[INFO] [stderr]     Blocking waiting for file lock on package cache
[INFO] [stderr]     Blocking waiting for file lock on package cache
[INFO] [stderr]  Downloading crates ...
[INFO] [stderr]   Downloaded glfw v0.41.0
[INFO] [stderr]   Downloaded luminance-gl v0.16.1
[INFO] [stderr]   Downloaded glfw-sys v3.3.2
[INFO] [stderr]   Downloaded luminance-glfw v0.15.0
[INFO] [stderr]   Downloaded luminance v0.43.2
[INFO] [stderr]   Downloaded luminance-windowing v0.9.3
[INFO] [stderr]   Downloaded luminance-derive v0.6.3
[INFO] running `Command { std: "docker" "create" "-v" "/var/lib/crater-agent-workspace/builds/worker-76/target:/opt/rustwide/target:rw,Z" "-v" "/var/lib/crater-agent-workspace/builds/worker-76/source:/opt/rustwide/workdir:ro,Z" "-v" "/var/lib/crater-agent-workspace/cargo-home:/opt/rustwide/cargo-home:ro,Z" "-v" "/var/lib/crater-agent-workspace/rustup-home:/opt/rustwide/rustup-home:ro,Z" "-e" "SOURCE_DIR=/opt/rustwide/workdir" "-e" "CARGO_TARGET_DIR=/opt/rustwide/target" "-e" "CARGO_HOME=/opt/rustwide/cargo-home" "-e" "RUSTUP_HOME=/opt/rustwide/rustup-home" "-w" "/opt/rustwide/workdir" "-m" "1610612736" "--user" "0:0" "--network" "none" "ghcr.io/rust-lang/crates-build-env/linux@sha256:a89201d6b5b9fd45c15d5952ece0a0129e7e80cb26ec023fd59cf09bc26f1604" "/opt/rustwide/cargo-home/bin/cargo" "+1.55.0" "metadata" "--no-deps" "--format-version=1", kill_on_drop: false }`
[INFO] [stdout] ed250fcabdf514491fb5c60f5e3e5193e962dd8afaa8501aaf2d905895271f39
[INFO] running `Command { std: "docker" "start" "-a" "ed250fcabdf514491fb5c60f5e3e5193e962dd8afaa8501aaf2d905895271f39", kill_on_drop: false }`
[INFO] running `Command { std: "docker" "inspect" "ed250fcabdf514491fb5c60f5e3e5193e962dd8afaa8501aaf2d905895271f39", kill_on_drop: false }`
[INFO] running `Command { std: "docker" "rm" "-f" "ed250fcabdf514491fb5c60f5e3e5193e962dd8afaa8501aaf2d905895271f39", kill_on_drop: false }`
[INFO] [stdout] ed250fcabdf514491fb5c60f5e3e5193e962dd8afaa8501aaf2d905895271f39
[INFO] running `Command { std: "docker" "create" "-v" "/var/lib/crater-agent-workspace/builds/worker-76/target:/opt/rustwide/target:rw,Z" "-v" "/var/lib/crater-agent-workspace/builds/worker-76/source:/opt/rustwide/workdir:ro,Z" "-v" "/var/lib/crater-agent-workspace/cargo-home:/opt/rustwide/cargo-home:ro,Z" "-v" "/var/lib/crater-agent-workspace/rustup-home:/opt/rustwide/rustup-home:ro,Z" "-e" "SOURCE_DIR=/opt/rustwide/workdir" "-e" "CARGO_TARGET_DIR=/opt/rustwide/target" "-e" "CARGO_INCREMENTAL=0" "-e" "RUST_BACKTRACE=full" "-e" "RUSTFLAGS=--cap-lints=warn" "-e" "CARGO_HOME=/opt/rustwide/cargo-home" "-e" "RUSTUP_HOME=/opt/rustwide/rustup-home" "-w" "/opt/rustwide/workdir" "-m" "1610612736" "--user" "0:0" "--network" "none" "ghcr.io/rust-lang/crates-build-env/linux@sha256:a89201d6b5b9fd45c15d5952ece0a0129e7e80cb26ec023fd59cf09bc26f1604" "/opt/rustwide/cargo-home/bin/cargo" "+1.55.0" "check" "--frozen" "--all" "--all-targets" "--message-format=json", kill_on_drop: false }`
[INFO] [stdout] 9e14ba3916f1130cd453605d77f40270292d7e9296e3a3a35b5a2c057a5cdd69
[INFO] running `Command { std: "docker" "start" "-a" "9e14ba3916f1130cd453605d77f40270292d7e9296e3a3a35b5a2c057a5cdd69", kill_on_drop: false }`
[INFO] [stderr]    Compiling libc v0.2.81
[INFO] [stderr]     Checking cfg-if v1.0.0
[INFO] [stderr]    Compiling syn v1.0.54
[INFO] [stderr]    Compiling log v0.4.11
[INFO] [stderr]    Compiling const_fn v0.4.4
[INFO] [stderr]    Compiling khronos_api v3.1.0
[INFO] [stderr]    Compiling rayon-core v1.9.0
[INFO] [stderr]    Compiling xml-rs v0.8.3
[INFO] [stderr]    Compiling getrandom v0.1.15
[INFO] [stderr]    Compiling cc v1.0.66
[INFO] [stderr]     Checking either v1.6.1
[INFO] [stderr]    Compiling crc32fast v1.2.1
[INFO] [stderr]    Compiling serde_derive v1.0.118
[INFO] [stderr]     Checking adler32 v1.2.0
[INFO] [stderr]     Checking ppv-lite86 v0.2.10
[INFO] [stderr]     Checking weezl v0.1.3
[INFO] [stderr]     Checking semver-parser v0.7.0
[INFO] [stderr]     Checking adler v0.2.3
[INFO] [stderr]    Compiling serde v1.0.118
[INFO] [stderr]     Checking color_quant v1.1.0
[INFO] [stderr]     Checking scoped_threadpool v0.1.9
[INFO] [stderr]     Checking bytemuck v1.4.1
[INFO] [stderr]    Compiling crossbeam-utils v0.8.1
[INFO] [stderr]    Compiling memoffset v0.6.1
[INFO] [stderr]    Compiling num-traits v0.2.14
[INFO] [stderr]    Compiling num-integer v0.1.44
[INFO] [stderr]    Compiling rayon v1.5.0
[INFO] [stderr]    Compiling miniz_oxide v0.4.3
[INFO] [stderr]    Compiling num-iter v0.1.42
[INFO] [stderr]    Compiling num-rational v0.3.2
[INFO] [stderr]    Compiling byteorder v1.3.4
[INFO] [stderr]    Compiling quote v1.0.7
[INFO] [stderr]     Checking semver v0.9.0
[INFO] [stderr]     Checking miniz_oxide v0.3.7
[INFO] [stderr]    Compiling cmake v0.1.45
[INFO] [stderr]     Checking gif v0.11.1
[INFO] [stderr]    Compiling glfw-sys v3.3.2
[INFO] [stderr]     Checking deflate v0.8.6
[INFO] [stderr]    Compiling gl_generator v0.14.0
[INFO] [stderr]     Checking num_cpus v1.13.0
[INFO] [stderr]     Checking raw-window-handle v0.3.3
[INFO] [stderr]     Checking rand_core v0.5.1
[INFO] [stderr]     Checking crossbeam-epoch v0.9.1
[INFO] [stderr]     Checking crossbeam-channel v0.5.0
[INFO] [stderr]     Checking png v0.16.8
[INFO] [stderr]     Checking rand_chacha v0.2.2
[INFO] [stderr]     Checking crossbeam-deque v0.8.0
[INFO] [stderr]    Compiling gl v0.14.0
[INFO] [stderr]     Checking rand v0.7.3
[INFO] [stderr]    Compiling luminance-derive v0.6.3
[INFO] [stderr]     Checking glfw v0.41.0
[INFO] [stderr]     Checking luminance v0.43.2
[INFO] [stderr]     Checking jpeg-decoder v0.1.20
[INFO] [stderr]     Checking luminance-windowing v0.9.3
[INFO] [stderr]     Checking tiff v0.6.1
[INFO] [stderr]     Checking image v0.23.12
[INFO] [stderr]     Checking luminance-gl v0.16.1
[INFO] [stderr]     Checking luminance-glfw v0.15.0
[INFO] [stderr]     Checking uuid v0.8.1
[INFO] [stderr]     Checking rengine v0.1.0 (/opt/rustwide/workdir)
[INFO] [stdout] error[E0599]: no method named `new_pipeline_gate` found for mutable reference `&mut GlfwSurface` in the current scope
[INFO] [stdout]   --> src/graphics/renderer.rs:31:8
[INFO] [stdout]    |
[INFO] [stdout] 31 |       .new_pipeline_gate()
[INFO] [stdout]    |        ^^^^^^^^^^^^^^^^^ method not found in `&mut GlfwSurface`
[INFO] [stdout] 
[INFO] [stdout] 
[INFO] [stdout] error[E0277]: the trait bound `GlfwSurface: GraphicsContext` is not satisfied
[INFO] [stdout]    --> src/graphics/sprite.rs:91:19
[INFO] [stdout]     |
[INFO] [stdout] 91  |     let mut tex = Texture::new(surface, [width, height], 0, Sampler::default())
[INFO] [stdout]     |                   ^^^^^^^^^^^^ the trait `GraphicsContext` is not implemented for `GlfwSurface`
[INFO] [stdout]     |
[INFO] [stdout] note: required by `luminance::texture::Texture::<B, D, P>::new`
[INFO] [stdout]    --> /opt/rustwide/cargo-home/registry/src/github.com-1ecc6299db9ec823/luminance-0.43.2/src/texture.rs:585:3
[INFO] [stdout]     |
[INFO] [stdout] 585 | /   pub fn new<C>(
[INFO] [stdout] 586 | |     ctx: &mut C,
[INFO] [stdout] 587 | |     size: D::Size,
[INFO] [stdout] 588 | |     mipmaps: usize,
[INFO] [stdout] ...   |
[INFO] [stdout] 591 | |   where
[INFO] [stdout] 592 | |     C: GraphicsContext<Backend = B>,
[INFO] [stdout]     | |____________________________________^
[INFO] [stdout] 
[INFO] [stdout] 
[INFO] [stdout] error[E0599]: no method named `new_pipeline_gate` found for mutable reference `&mut GlfwSurface` in the current scope
[INFO] [stdout]   --> src/graphics/renderer.rs:31:8
[INFO] [stdout]    |
[INFO] [stdout] 31 |       .new_pipeline_gate()
[INFO] [stdout]    |        ^^^^^^^^^^^^^^^^^ method not found in `&mut GlfwSurface`
[INFO] [stdout] 
[INFO] [stdout] 
[INFO] [stdout] error[E0599]: no method named `new_shader_program` found for mutable reference `&mut GlfwSurface` in the current scope
[INFO] [stdout]    --> src/graphics/sprite.rs:101:10
[INFO] [stdout]     |
[INFO] [stdout] 101 |         .new_shader_program::<(), (), ShaderInterface>()
[INFO] [stdout]     |          ^^^^^^^^^^^^^^^^^^ method not found in `&mut GlfwSurface`
[INFO] [stdout] 
[INFO] [stdout] 
[INFO] [stdout] error[E0277]: the trait bound `GlfwSurface: GraphicsContext` is not satisfied
[INFO] [stdout]    --> src/graphics/sprite.rs:91:19
[INFO] [stdout]     |
[INFO] [stdout] 91  |     let mut tex = Texture::new(surface, [width, height], 0, Sampler::default())
[INFO] [stdout]     |                   ^^^^^^^^^^^^ the trait `GraphicsContext` is not implemented for `GlfwSurface`
[INFO] [stdout]     |
[INFO] [stdout] note: required by `luminance::texture::Texture::<B, D, P>::new`
[INFO] [stdout]    --> /opt/rustwide/cargo-home/registry/src/github.com-1ecc6299db9ec823/luminance-0.43.2/src/texture.rs:585:3
[INFO] [stdout]     |
[INFO] [stdout] 585 | /   pub fn new<C>(
[INFO] [stdout] 586 | |     ctx: &mut C,
[INFO] [stdout] 587 | |     size: D::Size,
[INFO] [stdout] 588 | |     mipmaps: usize,
[INFO] [stdout] ...   |
[INFO] [stdout] 591 | |   where
[INFO] [stdout] 592 | |     C: GraphicsContext<Backend = B>,
[INFO] [stdout]     | |____________________________________^
[INFO] [stdout] 
[INFO] [stdout] 
[INFO] [stdout] error[E0599]: no method named `new_tess` found for mutable reference `&mut GlfwSurface` in the current scope
[INFO] [stdout]    --> src/graphics/sprite.rs:131:14
[INFO] [stdout]     |
[INFO] [stdout] 131 |             .new_tess()
[INFO] [stdout]     |              ^^^^^^^^ method not found in `&mut GlfwSurface`
[INFO] [stdout] 
[INFO] [stdout] 
[INFO] [stdout] error[E0599]: no method named `new_shader_program` found for mutable reference `&mut GlfwSurface` in the current scope
[INFO] [stdout]    --> src/graphics/sprite.rs:101:10
[INFO] [stdout]     |
[INFO] [stdout] 101 |         .new_shader_program::<(), (), ShaderInterface>()
[INFO] [stdout]     |          ^^^^^^^^^^^^^^^^^^ method not found in `&mut GlfwSurface`
[INFO] [stdout] 
[INFO] [stdout] 
[INFO] [stdout] warning: unused import: `luminance::context::GraphicsContext`
[INFO] [stdout]  --> src/graphics/renderer.rs:2:5
[INFO] [stdout]   |
[INFO] [stdout] 2 | use luminance::context::GraphicsContext;
[INFO] [stdout]   |     ^^^^^^^^^^^^^^^^^^^^^^^^^^^^^^^^^^^
[INFO] [stdout]   |
[INFO] [stdout]   = note: `#[warn(unused_imports)]` on by default
[INFO] [stdout] 
[INFO] [stdout] 
[INFO] [stdout] error[E0599]: no method named `new_tess` found for mutable reference `&mut GlfwSurface` in the current scope
[INFO] [stdout]    --> src/graphics/sprite.rs:131:14
[INFO] [stdout]     |
[INFO] [stdout] 131 |             .new_tess()
[INFO] [stdout]     |              ^^^^^^^^ method not found in `&mut GlfwSurface`
[INFO] [stdout] 
[INFO] [stdout] 
[INFO] [stdout] warning: unused import: `luminance::context::GraphicsContext`
[INFO] [stdout]  --> src/graphics/sprite.rs:2:5
[INFO] [stdout]   |
[INFO] [stdout] 2 | use luminance::context::GraphicsContext;
[INFO] [stdout]   |     ^^^^^^^^^^^^^^^^^^^^^^^^^^^^^^^^^^^
[INFO] [stdout] 
[INFO] [stdout] 
[INFO] [stdout] error: aborting due to 4 previous errors; 2 warnings emitted
[INFO] [stdout] 
[INFO] [stdout] 
[INFO] [stdout] Some errors have detailed explanations: E0277, E0599.
[INFO] [stdout] 
[INFO] [stdout] For more information about an error, try `rustc --explain E0277`.
[INFO] [stdout] 
[INFO] [stdout] warning: unused import: `luminance::context::GraphicsContext`
[INFO] [stdout]  --> src/graphics/renderer.rs:2:5
[INFO] [stdout]   |
[INFO] [stdout] 2 | use luminance::context::GraphicsContext;
[INFO] [stdout]   |     ^^^^^^^^^^^^^^^^^^^^^^^^^^^^^^^^^^^
[INFO] [stdout]   |
[INFO] [stdout]   = note: `#[warn(unused_imports)]` on by default
[INFO] [stdout] 
[INFO] [stdout] 
[INFO] [stdout] warning: unused import: `luminance::context::GraphicsContext`
[INFO] [stdout]  --> src/graphics/sprite.rs:2:5
[INFO] [stdout]   |
[INFO] [stdout] 2 | use luminance::context::GraphicsContext;
[INFO] [stdout]   |     ^^^^^^^^^^^^^^^^^^^^^^^^^^^^^^^^^^^
[INFO] [stdout] 
[INFO] [stdout] 
[INFO] [stdout] error: aborting due to 4 previous errors; 2 warnings emitted
[INFO] [stdout] 
[INFO] [stdout] 
[INFO] [stdout] Some errors have detailed explanations: E0277, E0599.
[INFO] [stdout] 
[INFO] [stdout] For more information about an error, try `rustc --explain E0277`.
[INFO] [stdout] 
[INFO] [stderr] error: could not compile `rengine` due to 5 previous errors; 2 warnings emitted
[INFO] [stderr] warning: build failed, waiting for other jobs to finish...
[INFO] [stderr] error: build failed
[INFO] running `Command { std: "docker" "inspect" "9e14ba3916f1130cd453605d77f40270292d7e9296e3a3a35b5a2c057a5cdd69", kill_on_drop: false }`
[INFO] running `Command { std: "docker" "rm" "-f" "9e14ba3916f1130cd453605d77f40270292d7e9296e3a3a35b5a2c057a5cdd69", kill_on_drop: false }`
[INFO] [stdout] 9e14ba3916f1130cd453605d77f40270292d7e9296e3a3a35b5a2c057a5cdd69
