[INFO] cloning repository https://github.com/juliusrajala/rusty-toolkit
[INFO] running `Command { std: "git" "-c" "credential.helper=" "-c" "credential.helper=/workspace/cargo-home/bin/git-credential-null" "clone" "--bare" "https://github.com/juliusrajala/rusty-toolkit" "/workspace/cache/git-repos/https%3A%2F%2Fgithub.com%2Fjuliusrajala%2Frusty-toolkit", kill_on_drop: false }`
[INFO] [stderr] Cloning into bare repository '/workspace/cache/git-repos/https%3A%2F%2Fgithub.com%2Fjuliusrajala%2Frusty-toolkit'...
[INFO] running `Command { std: "git" "rev-parse" "HEAD", kill_on_drop: false }`
[INFO] [stdout] 5747e691d9aef64934e6c18c4a693dcf622f37f5
[INFO] checking juliusrajala/rusty-toolkit against beta-2021-10-15 for beta-1.56-3
[INFO] running `Command { std: "git" "clone" "/workspace/cache/git-repos/https%3A%2F%2Fgithub.com%2Fjuliusrajala%2Frusty-toolkit" "/workspace/builds/worker-77/source", kill_on_drop: false }`
[INFO] [stderr] Cloning into '/workspace/builds/worker-77/source'...
[INFO] [stderr] done.
[INFO] validating manifest of git repo https://github.com/juliusrajala/rusty-toolkit on toolchain beta-2021-10-15
[INFO] running `Command { std: "/workspace/cargo-home/bin/cargo" "+beta-2021-10-15" "metadata" "--manifest-path" "Cargo.toml" "--no-deps", kill_on_drop: false }`
[INFO] started tweaking git repo https://github.com/juliusrajala/rusty-toolkit
[INFO] finished tweaking git repo https://github.com/juliusrajala/rusty-toolkit
[INFO] tweaked toml for git repo https://github.com/juliusrajala/rusty-toolkit written to /workspace/builds/worker-77/source/Cargo.toml
[INFO] crate git repo https://github.com/juliusrajala/rusty-toolkit already has a lockfile, it will not be regenerated
[INFO] running `Command { std: "/workspace/cargo-home/bin/cargo" "+beta-2021-10-15" "fetch" "--manifest-path" "Cargo.toml", kill_on_drop: false }`
[INFO] [stderr]     Blocking waiting for file lock on package cache
[INFO] [stderr]     Blocking waiting for file lock on package cache
[INFO] running `Command { std: "docker" "create" "-v" "/var/lib/crater-agent-workspace/builds/worker-77/target:/opt/rustwide/target:rw,Z" "-v" "/var/lib/crater-agent-workspace/builds/worker-77/source:/opt/rustwide/workdir:ro,Z" "-v" "/var/lib/crater-agent-workspace/cargo-home:/opt/rustwide/cargo-home:ro,Z" "-v" "/var/lib/crater-agent-workspace/rustup-home:/opt/rustwide/rustup-home:ro,Z" "-e" "SOURCE_DIR=/opt/rustwide/workdir" "-e" "CARGO_TARGET_DIR=/opt/rustwide/target" "-e" "CARGO_HOME=/opt/rustwide/cargo-home" "-e" "RUSTUP_HOME=/opt/rustwide/rustup-home" "-w" "/opt/rustwide/workdir" "-m" "1610612736" "--user" "0:0" "--network" "none" "ghcr.io/rust-lang/crates-build-env/linux@sha256:a89201d6b5b9fd45c15d5952ece0a0129e7e80cb26ec023fd59cf09bc26f1604" "/opt/rustwide/cargo-home/bin/cargo" "+beta-2021-10-15" "metadata" "--no-deps" "--format-version=1", kill_on_drop: false }`
[INFO] [stdout] e5057a1d572ba2bc1e49a152cd964361dde17698892e3e779ed3d2982c901071
[INFO] running `Command { std: "docker" "start" "-a" "e5057a1d572ba2bc1e49a152cd964361dde17698892e3e779ed3d2982c901071", kill_on_drop: false }`
[INFO] running `Command { std: "docker" "inspect" "e5057a1d572ba2bc1e49a152cd964361dde17698892e3e779ed3d2982c901071", kill_on_drop: false }`
[INFO] running `Command { std: "docker" "rm" "-f" "e5057a1d572ba2bc1e49a152cd964361dde17698892e3e779ed3d2982c901071", kill_on_drop: false }`
[INFO] [stdout] e5057a1d572ba2bc1e49a152cd964361dde17698892e3e779ed3d2982c901071
[INFO] running `Command { std: "docker" "create" "-v" "/var/lib/crater-agent-workspace/builds/worker-77/target:/opt/rustwide/target:rw,Z" "-v" "/var/lib/crater-agent-workspace/builds/worker-77/source:/opt/rustwide/workdir:ro,Z" "-v" "/var/lib/crater-agent-workspace/cargo-home:/opt/rustwide/cargo-home:ro,Z" "-v" "/var/lib/crater-agent-workspace/rustup-home:/opt/rustwide/rustup-home:ro,Z" "-e" "SOURCE_DIR=/opt/rustwide/workdir" "-e" "CARGO_TARGET_DIR=/opt/rustwide/target" "-e" "CARGO_INCREMENTAL=0" "-e" "RUST_BACKTRACE=full" "-e" "RUSTFLAGS=--cap-lints=warn" "-e" "CARGO_HOME=/opt/rustwide/cargo-home" "-e" "RUSTUP_HOME=/opt/rustwide/rustup-home" "-w" "/opt/rustwide/workdir" "-m" "1610612736" "--user" "0:0" "--network" "none" "ghcr.io/rust-lang/crates-build-env/linux@sha256:a89201d6b5b9fd45c15d5952ece0a0129e7e80cb26ec023fd59cf09bc26f1604" "/opt/rustwide/cargo-home/bin/cargo" "+beta-2021-10-15" "check" "--frozen" "--all" "--all-targets" "--message-format=json", kill_on_drop: false }`
[INFO] [stdout] 916a79ef1cc6a10885e8821b648d0ca1ab0fe1178beae8603d3212a99aa776e8
[INFO] running `Command { std: "docker" "start" "-a" "916a79ef1cc6a10885e8821b648d0ca1ab0fe1178beae8603d3212a99aa776e8", kill_on_drop: false }`
[INFO] [stderr]     Blocking waiting for file lock on package cache
[INFO] [stderr]     Checking tools v0.1.0 (/opt/rustwide/workdir)
[INFO] [stdout] error[E0433]: failed to resolve: use of undeclared type `ErrorKind`
[INFO] [stdout]   --> src/filesys.rs:19:30
[INFO] [stdout]    |
[INFO] [stdout] 19 |             if why.kind() == ErrorKind::NotFound { create_dir(&file_path); }
[INFO] [stdout]    |                              ^^^^^^^^^ use of undeclared type `ErrorKind`
[INFO] [stdout] 
[INFO] [stdout] 
[INFO] [stdout] error[E0433]: failed to resolve: use of undeclared type `ErrorKind`
[INFO] [stdout]   --> src/filesys.rs:19:30
[INFO] [stdout]    |
[INFO] [stdout] 19 |             if why.kind() == ErrorKind::NotFound { create_dir(&file_path); }
[INFO] [stdout]    |                              ^^^^^^^^^ use of undeclared type `ErrorKind`
[INFO] [stdout] 
[INFO] [stdout] 
[INFO] [stdout] error[E0308]: mismatched types
[INFO] [stdout]   --> src/filesys.rs:19:63
[INFO] [stdout]    |
[INFO] [stdout] 19 |             if why.kind() == ErrorKind::NotFound { create_dir(&file_path); }
[INFO] [stdout]    |                                                               ^^^^^^^^^^ expected struct `String`, found `&String`
[INFO] [stdout]    |
[INFO] [stdout] help: consider removing the borrow
[INFO] [stdout]    |
[INFO] [stdout] 19 -             if why.kind() == ErrorKind::NotFound { create_dir(&file_path); }
[INFO] [stdout] 19 +             if why.kind() == ErrorKind::NotFound { create_dir(file_path); }
[INFO] [stdout]    | 
[INFO] [stdout] 
[INFO] [stdout] 
[INFO] [stdout] error[E0308]: mismatched types
[INFO] [stdout]   --> src/filesys.rs:19:63
[INFO] [stdout]    |
[INFO] [stdout] 19 |             if why.kind() == ErrorKind::NotFound { create_dir(&file_path); }
[INFO] [stdout]    |                                                               ^^^^^^^^^^ expected struct `String`, found `&String`
[INFO] [stdout]    |
[INFO] [stdout] help: consider removing the borrow
[INFO] [stdout]    |
[INFO] [stdout] 19 -             if why.kind() == ErrorKind::NotFound { create_dir(&file_path); }
[INFO] [stdout] 19 +             if why.kind() == ErrorKind::NotFound { create_dir(file_path); }
[INFO] [stdout]    | 
[INFO] [stdout] 
[INFO] [stdout] 
[INFO] [stdout] warning: unused import: `std::io::prelude`
[INFO] [stdout]  --> src/filesys.rs:4:5
[INFO] [stdout]   |
[INFO] [stdout] 4 | use std::io::prelude::*;
[INFO] [stdout]   |     ^^^^^^^^^^^^^^^^
[INFO] [stdout]   |
[INFO] [stdout]   = note: `#[warn(unused_imports)]` on by default
[INFO] [stdout] 
[INFO] [stdout] 
[INFO] [stdout] warning: unused import: `std::io::prelude`
[INFO] [stdout]  --> src/filesys.rs:4:5
[INFO] [stdout]   |
[INFO] [stdout] 4 | use std::io::prelude::*;
[INFO] [stdout]   |     ^^^^^^^^^^^^^^^^
[INFO] [stdout]   |
[INFO] [stdout]   = note: `#[warn(unused_imports)]` on by default
[INFO] [stdout] 
[INFO] [stdout] 
[INFO] [stdout] error: aborting due to 2 previous errors; 1 warning emitted
[INFO] [stdout] 
[INFO] [stdout] 
[INFO] [stdout] Some errors have detailed explanations: E0308, E0433.
[INFO] [stdout] 
[INFO] [stdout] For more information about an error, try `rustc --explain E0308`.
[INFO] [stdout] 
[INFO] [stdout] error: aborting due to 2 previous errors; 1 warning emitted
[INFO] [stdout] 
[INFO] [stdout] 
[INFO] [stdout] Some errors have detailed explanations: E0308, E0433.
[INFO] [stdout] 
[INFO] [stdout] For more information about an error, try `rustc --explain E0308`.
[INFO] [stdout] 
[INFO] [stderr] error: could not compile `tools` due to 3 previous errors; 1 warning emitted
[INFO] [stderr] warning: build failed, waiting for other jobs to finish...
[INFO] [stderr] error: build failed
[INFO] running `Command { std: "docker" "inspect" "916a79ef1cc6a10885e8821b648d0ca1ab0fe1178beae8603d3212a99aa776e8", kill_on_drop: false }`
[INFO] running `Command { std: "docker" "rm" "-f" "916a79ef1cc6a10885e8821b648d0ca1ab0fe1178beae8603d3212a99aa776e8", kill_on_drop: false }`
[INFO] [stdout] 916a79ef1cc6a10885e8821b648d0ca1ab0fe1178beae8603d3212a99aa776e8
