[INFO] cloning repository https://github.com/julianandrews/selenite-lamp
[INFO] running `Command { std: "git" "-c" "credential.helper=" "-c" "credential.helper=/workspace/cargo-home/bin/git-credential-null" "clone" "--bare" "https://github.com/julianandrews/selenite-lamp" "/workspace/cache/git-repos/https%3A%2F%2Fgithub.com%2Fjulianandrews%2Fselenite-lamp", kill_on_drop: false }`
[INFO] [stderr] Cloning into bare repository '/workspace/cache/git-repos/https%3A%2F%2Fgithub.com%2Fjulianandrews%2Fselenite-lamp'...
[INFO] running `Command { std: "git" "rev-parse" "HEAD", kill_on_drop: false }`
[INFO] [stdout] 88aacf217735f8ac42313feb32b01efeb0c018b2
[INFO] checking julianandrews/selenite-lamp against beta-2021-10-15 for beta-1.56-3
[INFO] running `Command { std: "git" "clone" "/workspace/cache/git-repos/https%3A%2F%2Fgithub.com%2Fjulianandrews%2Fselenite-lamp" "/workspace/builds/worker-105/source", kill_on_drop: false }`
[INFO] [stderr] Cloning into '/workspace/builds/worker-105/source'...
[INFO] [stderr] done.
[INFO] validating manifest of git repo https://github.com/julianandrews/selenite-lamp on toolchain beta-2021-10-15
[INFO] running `Command { std: "/workspace/cargo-home/bin/cargo" "+beta-2021-10-15" "metadata" "--manifest-path" "Cargo.toml" "--no-deps", kill_on_drop: false }`
[INFO] started tweaking git repo https://github.com/julianandrews/selenite-lamp
[INFO] finished tweaking git repo https://github.com/julianandrews/selenite-lamp
[INFO] tweaked toml for git repo https://github.com/julianandrews/selenite-lamp written to /workspace/builds/worker-105/source/Cargo.toml
[INFO] crate git repo https://github.com/julianandrews/selenite-lamp already has a lockfile, it will not be regenerated
[INFO] running `Command { std: "/workspace/cargo-home/bin/cargo" "+beta-2021-10-15" "fetch" "--manifest-path" "Cargo.toml", kill_on_drop: false }`
[INFO] [stderr]     Blocking waiting for file lock on package cache
[INFO] [stderr]     Blocking waiting for file lock on package cache
[INFO] running `Command { std: "docker" "create" "-v" "/var/lib/crater-agent-workspace/builds/worker-105/target:/opt/rustwide/target:rw,Z" "-v" "/var/lib/crater-agent-workspace/builds/worker-105/source:/opt/rustwide/workdir:ro,Z" "-v" "/var/lib/crater-agent-workspace/cargo-home:/opt/rustwide/cargo-home:ro,Z" "-v" "/var/lib/crater-agent-workspace/rustup-home:/opt/rustwide/rustup-home:ro,Z" "-e" "SOURCE_DIR=/opt/rustwide/workdir" "-e" "CARGO_TARGET_DIR=/opt/rustwide/target" "-e" "CARGO_HOME=/opt/rustwide/cargo-home" "-e" "RUSTUP_HOME=/opt/rustwide/rustup-home" "-w" "/opt/rustwide/workdir" "-m" "1610612736" "--user" "0:0" "--network" "none" "ghcr.io/rust-lang/crates-build-env/linux@sha256:a89201d6b5b9fd45c15d5952ece0a0129e7e80cb26ec023fd59cf09bc26f1604" "/opt/rustwide/cargo-home/bin/cargo" "+beta-2021-10-15" "metadata" "--no-deps" "--format-version=1", kill_on_drop: false }`
[INFO] [stdout] 25a40611a358d570410d573c920ee1b0bede7a9cdd349edcaf4c7fb96777e484
[INFO] running `Command { std: "docker" "start" "-a" "25a40611a358d570410d573c920ee1b0bede7a9cdd349edcaf4c7fb96777e484", kill_on_drop: false }`
[INFO] running `Command { std: "docker" "inspect" "25a40611a358d570410d573c920ee1b0bede7a9cdd349edcaf4c7fb96777e484", kill_on_drop: false }`
[INFO] running `Command { std: "docker" "rm" "-f" "25a40611a358d570410d573c920ee1b0bede7a9cdd349edcaf4c7fb96777e484", kill_on_drop: false }`
[INFO] [stdout] 25a40611a358d570410d573c920ee1b0bede7a9cdd349edcaf4c7fb96777e484
[INFO] running `Command { std: "docker" "create" "-v" "/var/lib/crater-agent-workspace/builds/worker-105/target:/opt/rustwide/target:rw,Z" "-v" "/var/lib/crater-agent-workspace/builds/worker-105/source:/opt/rustwide/workdir:ro,Z" "-v" "/var/lib/crater-agent-workspace/cargo-home:/opt/rustwide/cargo-home:ro,Z" "-v" "/var/lib/crater-agent-workspace/rustup-home:/opt/rustwide/rustup-home:ro,Z" "-e" "SOURCE_DIR=/opt/rustwide/workdir" "-e" "CARGO_TARGET_DIR=/opt/rustwide/target" "-e" "CARGO_INCREMENTAL=0" "-e" "RUST_BACKTRACE=full" "-e" "RUSTFLAGS=--cap-lints=warn" "-e" "CARGO_HOME=/opt/rustwide/cargo-home" "-e" "RUSTUP_HOME=/opt/rustwide/rustup-home" "-w" "/opt/rustwide/workdir" "-m" "1610612736" "--user" "0:0" "--network" "none" "ghcr.io/rust-lang/crates-build-env/linux@sha256:a89201d6b5b9fd45c15d5952ece0a0129e7e80cb26ec023fd59cf09bc26f1604" "/opt/rustwide/cargo-home/bin/cargo" "+beta-2021-10-15" "check" "--frozen" "--all" "--all-targets" "--message-format=json", kill_on_drop: false }`
[INFO] [stdout] 55b2792f81e95ec4d97ab7bbd17a3cdbb7f086c15dd546de10a1d18c08291d74
[INFO] running `Command { std: "docker" "start" "-a" "55b2792f81e95ec4d97ab7bbd17a3cdbb7f086c15dd546de10a1d18c08291d74", kill_on_drop: false }`
[INFO] [stderr]     Blocking waiting for file lock on package cache
[INFO] [stderr]    Compiling proc-macro2 v1.0.29
[INFO] [stderr]    Compiling unicode-xid v0.2.2
[INFO] [stderr]    Compiling syn v1.0.76
[INFO] [stderr]    Compiling libc v0.2.102
[INFO] [stderr]    Compiling serde_derive v1.0.130
[INFO] [stderr]    Compiling pkg-config v0.3.19
[INFO] [stderr]    Compiling serde v1.0.130
[INFO] [stderr]     Checking bitflags v1.3.2
[INFO] [stderr]    Compiling unicode-segmentation v1.8.0
[INFO] [stderr]    Compiling nix v0.16.1
[INFO] [stderr]     Checking unicode-width v0.1.9
[INFO] [stderr]     Checking hashbrown v0.11.2
[INFO] [stderr]     Checking vec_map v0.8.2
[INFO] [stderr]     Checking os_str_bytes v3.1.0
[INFO] [stderr]     Checking void v1.0.2
[INFO] [stderr]    Compiling serde_json v1.0.68
[INFO] [stderr]     Checking strsim v0.10.0
[INFO] [stderr]     Checking termcolor v1.1.2
[INFO] [stderr]     Checking itoa v0.4.8
[INFO] [stderr]    Compiling proc-macro-error-attr v1.0.4
[INFO] [stderr]    Compiling proc-macro-error v1.0.4
[INFO] [stderr]    Compiling indexmap v1.7.0
[INFO] [stderr]     Checking textwrap v0.14.2
[INFO] [stderr]    Compiling heck v0.3.3
[INFO] [stderr]    Compiling libudev-sys v0.1.4
[INFO] [stderr]    Compiling quote v1.0.9
[INFO] [stderr]     Checking atty v0.2.14
[INFO] [stderr]     Checking termios v0.3.3
[INFO] [stderr]     Checking libudev v0.2.0
[INFO] [stderr]     Checking serialport v4.0.1
[INFO] [stderr]    Compiling clap_derive v3.0.0-beta.4
[INFO] [stderr]     Checking clap v3.0.0-beta.4
[INFO] [stderr]     Checking clap_generate v3.0.0-beta.4
[INFO] [stderr]     Checking bincode v1.3.3
[INFO] [stderr]     Checking selenite-lamp v0.1.0 (/opt/rustwide/workdir)
[INFO] [stdout] error[E0658]: discriminants on non-unit variants are experimental
[INFO] [stdout]   --> src/commands.rs:12:27
[INFO] [stdout]    |
[INFO] [stdout] 12 |     Error(ErrorOptions) = 0,
[INFO] [stdout]    |                           ^
[INFO] [stdout]    |
[INFO] [stdout]    = note: see issue #60553 <https://github.com/rust-lang/rust/issues/60553> for more information
[INFO] [stdout] 
[INFO] [stdout] 
[INFO] [stdout] error[E0658]: discriminants on non-unit variants are experimental
[INFO] [stdout]   --> src/commands.rs:16:25
[INFO] [stdout]    |
[INFO] [stdout] 16 |     Stop(StopOptions) = 2,
[INFO] [stdout]    |                         ^
[INFO] [stdout]    |
[INFO] [stdout]    = note: see issue #60553 <https://github.com/rust-lang/rust/issues/60553> for more information
[INFO] [stdout] 
[INFO] [stdout] 
[INFO] [stdout] error[E0658]: discriminants on non-unit variants are experimental
[INFO] [stdout]   --> src/commands.rs:18:35
[INFO] [stdout]    |
[INFO] [stdout] 18 |     CycleHues(CycleHuesOptions) = 3,
[INFO] [stdout]    |                                   ^
[INFO] [stdout]    |
[INFO] [stdout]    = note: see issue #60553 <https://github.com/rust-lang/rust/issues/60553> for more information
[INFO] [stdout] 
[INFO] [stdout] 
[INFO] [stdout] error[E0658]: discriminants on non-unit variants are experimental
[INFO] [stdout]   --> src/commands.rs:20:33
[INFO] [stdout]    |
[INFO] [stdout] 20 |     PulseHue(PulseHueOptions) = 4,
[INFO] [stdout]    |                                 ^
[INFO] [stdout]    |
[INFO] [stdout]    = note: see issue #60553 <https://github.com/rust-lang/rust/issues/60553> for more information
[INFO] [stdout] 
[INFO] [stdout] 
[INFO] [stdout] error[E0658]: discriminants on non-unit variants are experimental
[INFO] [stdout]   --> src/commands.rs:22:31
[INFO] [stdout]    |
[INFO] [stdout] 22 |     ShowRGB(ShowRGBOptions) = 5,
[INFO] [stdout]    |                               ^
[INFO] [stdout]    |
[INFO] [stdout]    = note: see issue #60553 <https://github.com/rust-lang/rust/issues/60553> for more information
[INFO] [stdout] 
[INFO] [stdout] 
[INFO] [stdout] error[E0658]: discriminants on non-unit variants are experimental
[INFO] [stdout]   --> src/commands.rs:24:27
[INFO] [stdout]    |
[INFO] [stdout] 24 |     Gleam(GleamOptions) = 6,
[INFO] [stdout]    |                           ^
[INFO] [stdout]    |
[INFO] [stdout]    = note: see issue #60553 <https://github.com/rust-lang/rust/issues/60553> for more information
[INFO] [stdout] 
[INFO] [stdout] 
[INFO] [stdout] error[E0658]: custom discriminant values are not allowed in enums with tuple or struct variants
[INFO] [stdout]   --> src/commands.rs:14:13
[INFO] [stdout]    |
[INFO] [stdout] 12 |     Error(ErrorOptions) = 0,
[INFO] [stdout]    |     ----------------------- tuple variant defined here
[INFO] [stdout] 13 |     /// Query the current command state
[INFO] [stdout] 14 |     Query = 1,
[INFO] [stdout]    |             ^ disallowed custom discriminant
[INFO] [stdout] 15 |     /// Turn off the lights
[INFO] [stdout] 16 |     Stop(StopOptions) = 2,
[INFO] [stdout]    |     --------------------- tuple variant defined here
[INFO] [stdout] 17 |     /// Cycle through the rainbow
[INFO] [stdout] 18 |     CycleHues(CycleHuesOptions) = 3,
[INFO] [stdout]    |     ------------------------------- tuple variant defined here
[INFO] [stdout] 19 |     /// Pulse a specific hue
[INFO] [stdout] 20 |     PulseHue(PulseHueOptions) = 4,
[INFO] [stdout]    |     ----------------------------- tuple variant defined here
[INFO] [stdout] 21 |     /// Show a specific RGB color
[INFO] [stdout] 22 |     ShowRGB(ShowRGBOptions) = 5,
[INFO] [stdout]    |     --------------------------- tuple variant defined here
[INFO] [stdout] 23 |     /// Gleam
[INFO] [stdout] 24 |     Gleam(GleamOptions) = 6,
[INFO] [stdout]    |     ----------------------- tuple variant defined here
[INFO] [stdout]    |
[INFO] [stdout]    = note: see issue #60553 <https://github.com/rust-lang/rust/issues/60553> for more information
[INFO] [stdout] 
[INFO] [stdout] 
[INFO] [stdout] error[E0658]: discriminants on non-unit variants are experimental
[INFO] [stdout]   --> src/commands.rs:12:27
[INFO] [stdout]    |
[INFO] [stdout] 12 |     Error(ErrorOptions) = 0,
[INFO] [stdout]    |                           ^
[INFO] [stdout]    |
[INFO] [stdout]    = note: see issue #60553 <https://github.com/rust-lang/rust/issues/60553> for more information
[INFO] [stdout] 
[INFO] [stdout] 
[INFO] [stdout] error[E0658]: discriminants on non-unit variants are experimental
[INFO] [stdout]   --> src/commands.rs:16:25
[INFO] [stdout]    |
[INFO] [stdout] 16 |     Stop(StopOptions) = 2,
[INFO] [stdout]    |                         ^
[INFO] [stdout]    |
[INFO] [stdout]    = note: see issue #60553 <https://github.com/rust-lang/rust/issues/60553> for more information
[INFO] [stdout] 
[INFO] [stdout] 
[INFO] [stdout] error[E0658]: discriminants on non-unit variants are experimental
[INFO] [stdout]   --> src/commands.rs:18:35
[INFO] [stdout]    |
[INFO] [stdout] 18 |     CycleHues(CycleHuesOptions) = 3,
[INFO] [stdout]    |                                   ^
[INFO] [stdout]    |
[INFO] [stdout]    = note: see issue #60553 <https://github.com/rust-lang/rust/issues/60553> for more information
[INFO] [stdout] 
[INFO] [stdout] 
[INFO] [stdout] error[E0658]: discriminants on non-unit variants are experimental
[INFO] [stdout]   --> src/commands.rs:20:33
[INFO] [stdout]    |
[INFO] [stdout] 20 |     PulseHue(PulseHueOptions) = 4,
[INFO] [stdout]    |                                 ^
[INFO] [stdout]    |
[INFO] [stdout]    = note: see issue #60553 <https://github.com/rust-lang/rust/issues/60553> for more information
[INFO] [stdout] 
[INFO] [stdout] 
[INFO] [stdout] error[E0658]: discriminants on non-unit variants are experimental
[INFO] [stdout]   --> src/commands.rs:22:31
[INFO] [stdout]    |
[INFO] [stdout] 22 |     ShowRGB(ShowRGBOptions) = 5,
[INFO] [stdout]    |                               ^
[INFO] [stdout]    |
[INFO] [stdout]    = note: see issue #60553 <https://github.com/rust-lang/rust/issues/60553> for more information
[INFO] [stdout] 
[INFO] [stdout] 
[INFO] [stdout] error[E0658]: discriminants on non-unit variants are experimental
[INFO] [stdout]   --> src/commands.rs:24:27
[INFO] [stdout]    |
[INFO] [stdout] 24 |     Gleam(GleamOptions) = 6,
[INFO] [stdout]    |                           ^
[INFO] [stdout]    |
[INFO] [stdout]    = note: see issue #60553 <https://github.com/rust-lang/rust/issues/60553> for more information
[INFO] [stdout] 
[INFO] [stdout] 
[INFO] [stdout] error[E0658]: custom discriminant values are not allowed in enums with tuple or struct variants
[INFO] [stdout]   --> src/commands.rs:14:13
[INFO] [stdout]    |
[INFO] [stdout] 12 |     Error(ErrorOptions) = 0,
[INFO] [stdout]    |     ----------------------- tuple variant defined here
[INFO] [stdout] 13 |     /// Query the current command state
[INFO] [stdout] 14 |     Query = 1,
[INFO] [stdout]    |             ^ disallowed custom discriminant
[INFO] [stdout] 15 |     /// Turn off the lights
[INFO] [stdout] 16 |     Stop(StopOptions) = 2,
[INFO] [stdout]    |     --------------------- tuple variant defined here
[INFO] [stdout] 17 |     /// Cycle through the rainbow
[INFO] [stdout] 18 |     CycleHues(CycleHuesOptions) = 3,
[INFO] [stdout]    |     ------------------------------- tuple variant defined here
[INFO] [stdout] 19 |     /// Pulse a specific hue
[INFO] [stdout] 20 |     PulseHue(PulseHueOptions) = 4,
[INFO] [stdout]    |     ----------------------------- tuple variant defined here
[INFO] [stdout] 21 |     /// Show a specific RGB color
[INFO] [stdout] 22 |     ShowRGB(ShowRGBOptions) = 5,
[INFO] [stdout]    |     --------------------------- tuple variant defined here
[INFO] [stdout] 23 |     /// Gleam
[INFO] [stdout] 24 |     Gleam(GleamOptions) = 6,
[INFO] [stdout]    |     ----------------------- tuple variant defined here
[INFO] [stdout]    |
[INFO] [stdout]    = note: see issue #60553 <https://github.com/rust-lang/rust/issues/60553> for more information
[INFO] [stdout] 
[INFO] [stdout] 
[INFO] [stdout] error: aborting due to 7 previous errors
[INFO] [stdout] 
[INFO] [stdout] 
[INFO] [stdout] For more information about this error, try `rustc --explain E0658`.
[INFO] [stdout] 
[INFO] [stderr] error: could not compile `selenite-lamp` due to 8 previous errors
[INFO] [stderr] warning: build failed, waiting for other jobs to finish...
[INFO] [stdout] error: aborting due to 7 previous errors
[INFO] [stdout] 
[INFO] [stdout] 
[INFO] [stdout] For more information about this error, try `rustc --explain E0658`.
[INFO] [stdout] 
[INFO] [stderr] error: build failed
[INFO] running `Command { std: "docker" "inspect" "55b2792f81e95ec4d97ab7bbd17a3cdbb7f086c15dd546de10a1d18c08291d74", kill_on_drop: false }`
[INFO] running `Command { std: "docker" "rm" "-f" "55b2792f81e95ec4d97ab7bbd17a3cdbb7f086c15dd546de10a1d18c08291d74", kill_on_drop: false }`
[INFO] [stdout] 55b2792f81e95ec4d97ab7bbd17a3cdbb7f086c15dd546de10a1d18c08291d74
