[INFO] cloning repository https://github.com/julama/sc
[INFO] running `Command { std: "git" "-c" "credential.helper=" "-c" "credential.helper=/workspace/cargo-home/bin/git-credential-null" "clone" "--bare" "https://github.com/julama/sc" "/workspace/cache/git-repos/https%3A%2F%2Fgithub.com%2Fjulama%2Fsc", kill_on_drop: false }`
[INFO] [stderr] Cloning into bare repository '/workspace/cache/git-repos/https%3A%2F%2Fgithub.com%2Fjulama%2Fsc'...
[INFO] running `Command { std: "git" "rev-parse" "HEAD", kill_on_drop: false }`
[INFO] [stdout] cb0c9bc71b6a2bb937e50c89083be4d9a19b31f2
[INFO] checking julama/sc against beta-2021-10-15 for beta-1.56-3
[INFO] running `Command { std: "git" "clone" "/workspace/cache/git-repos/https%3A%2F%2Fgithub.com%2Fjulama%2Fsc" "/workspace/builds/worker-64/source", kill_on_drop: false }`
[INFO] [stderr] Cloning into '/workspace/builds/worker-64/source'...
[INFO] [stderr] done.
[INFO] validating manifest of git repo https://github.com/julama/sc on toolchain beta-2021-10-15
[INFO] running `Command { std: "/workspace/cargo-home/bin/cargo" "+beta-2021-10-15" "metadata" "--manifest-path" "Cargo.toml" "--no-deps", kill_on_drop: false }`
[INFO] started tweaking git repo https://github.com/julama/sc
[INFO] finished tweaking git repo https://github.com/julama/sc
[INFO] tweaked toml for git repo https://github.com/julama/sc written to /workspace/builds/worker-64/source/Cargo.toml
[INFO] crate git repo https://github.com/julama/sc already has a lockfile, it will not be regenerated
[INFO] running `Command { std: "/workspace/cargo-home/bin/cargo" "+beta-2021-10-15" "fetch" "--manifest-path" "Cargo.toml", kill_on_drop: false }`
[INFO] [stderr]     Blocking waiting for file lock on package cache
[INFO] [stderr]     Blocking waiting for file lock on package cache
[INFO] running `Command { std: "docker" "create" "-v" "/var/lib/crater-agent-workspace/builds/worker-64/target:/opt/rustwide/target:rw,Z" "-v" "/var/lib/crater-agent-workspace/builds/worker-64/source:/opt/rustwide/workdir:ro,Z" "-v" "/var/lib/crater-agent-workspace/cargo-home:/opt/rustwide/cargo-home:ro,Z" "-v" "/var/lib/crater-agent-workspace/rustup-home:/opt/rustwide/rustup-home:ro,Z" "-e" "SOURCE_DIR=/opt/rustwide/workdir" "-e" "CARGO_TARGET_DIR=/opt/rustwide/target" "-e" "CARGO_HOME=/opt/rustwide/cargo-home" "-e" "RUSTUP_HOME=/opt/rustwide/rustup-home" "-w" "/opt/rustwide/workdir" "-m" "1610612736" "--user" "0:0" "--network" "none" "ghcr.io/rust-lang/crates-build-env/linux@sha256:a89201d6b5b9fd45c15d5952ece0a0129e7e80cb26ec023fd59cf09bc26f1604" "/opt/rustwide/cargo-home/bin/cargo" "+beta-2021-10-15" "metadata" "--no-deps" "--format-version=1", kill_on_drop: false }`
[INFO] [stdout] e5bcbea475bf7d05531feadfe8b6d8ab5a40e693ab22ca17beec5764c24b8664
[INFO] running `Command { std: "docker" "start" "-a" "e5bcbea475bf7d05531feadfe8b6d8ab5a40e693ab22ca17beec5764c24b8664", kill_on_drop: false }`
[INFO] running `Command { std: "docker" "inspect" "e5bcbea475bf7d05531feadfe8b6d8ab5a40e693ab22ca17beec5764c24b8664", kill_on_drop: false }`
[INFO] running `Command { std: "docker" "rm" "-f" "e5bcbea475bf7d05531feadfe8b6d8ab5a40e693ab22ca17beec5764c24b8664", kill_on_drop: false }`
[INFO] [stdout] e5bcbea475bf7d05531feadfe8b6d8ab5a40e693ab22ca17beec5764c24b8664
[INFO] running `Command { std: "docker" "create" "-v" "/var/lib/crater-agent-workspace/builds/worker-64/target:/opt/rustwide/target:rw,Z" "-v" "/var/lib/crater-agent-workspace/builds/worker-64/source:/opt/rustwide/workdir:ro,Z" "-v" "/var/lib/crater-agent-workspace/cargo-home:/opt/rustwide/cargo-home:ro,Z" "-v" "/var/lib/crater-agent-workspace/rustup-home:/opt/rustwide/rustup-home:ro,Z" "-e" "SOURCE_DIR=/opt/rustwide/workdir" "-e" "CARGO_TARGET_DIR=/opt/rustwide/target" "-e" "CARGO_INCREMENTAL=0" "-e" "RUST_BACKTRACE=full" "-e" "RUSTFLAGS=--cap-lints=warn" "-e" "CARGO_HOME=/opt/rustwide/cargo-home" "-e" "RUSTUP_HOME=/opt/rustwide/rustup-home" "-w" "/opt/rustwide/workdir" "-m" "1610612736" "--user" "0:0" "--network" "none" "ghcr.io/rust-lang/crates-build-env/linux@sha256:a89201d6b5b9fd45c15d5952ece0a0129e7e80cb26ec023fd59cf09bc26f1604" "/opt/rustwide/cargo-home/bin/cargo" "+beta-2021-10-15" "check" "--frozen" "--all" "--all-targets" "--message-format=json", kill_on_drop: false }`
[INFO] [stdout] ec4142120cf18c297cab1408fb52720e2dc9b637673c8222ffc4a2381723c844
[INFO] running `Command { std: "docker" "start" "-a" "ec4142120cf18c297cab1408fb52720e2dc9b637673c8222ffc4a2381723c844", kill_on_drop: false }`
[INFO] [stderr]     Blocking waiting for file lock on package cache
[INFO] [stderr]    Compiling libm v0.2.1
[INFO] [stderr]    Compiling syn v1.0.55
[INFO] [stderr]    Compiling serde_derive v1.0.118
[INFO] [stderr]    Compiling serde v1.0.118
[INFO] [stderr]    Compiling const_fn v0.4.4
[INFO] [stderr]    Compiling byteorder v1.3.4
[INFO] [stderr]    Compiling getrandom v0.1.15
[INFO] [stderr]    Compiling semver-parser v0.7.0
[INFO] [stderr]     Checking cfg-if v1.0.0
[INFO] [stderr]    Compiling memchr v2.3.4
[INFO] [stderr]     Checking scopeguard v1.1.0
[INFO] [stderr]    Compiling rayon-core v1.9.0
[INFO] [stderr]    Compiling serde_json v1.0.60
[INFO] [stderr]     Checking either v1.6.1
[INFO] [stderr]     Checking ppv-lite86 v0.2.10
[INFO] [stderr]     Checking half v1.6.0
[INFO] [stderr]     Checking same-file v1.0.6
[INFO] [stderr]     Checking regex-syntax v0.6.21
[INFO] [stderr]     Checking oorandom v11.1.3
[INFO] [stderr]    Compiling num-traits v0.2.14
[INFO] [stderr]    Compiling crossbeam-utils v0.8.1
[INFO] [stderr]    Compiling memoffset v0.6.1
[INFO] [stderr]    Compiling num-integer v0.1.44
[INFO] [stderr]    Compiling num-bigint v0.3.1
[INFO] [stderr]    Compiling num-iter v0.1.42
[INFO] [stderr]    Compiling num-rational v0.3.2
[INFO] [stderr]    Compiling rayon v1.5.0
[INFO] [stderr]    Compiling proc-macro2 v1.0.24
[INFO] [stderr]    Compiling ryu v1.0.5
[INFO] [stderr]    Compiling bitflags v1.2.1
[INFO] [stderr]     Checking textwrap v0.11.0
[INFO] [stderr]     Checking num_cpus v1.13.0
[INFO] [stderr]     Checking atty v0.2.14
[INFO] [stderr]    Compiling semver v0.9.0
[INFO] [stderr]     Checking walkdir v2.3.1
[INFO] [stderr]     Checking itertools v0.9.0
[INFO] [stderr]     Checking clap v2.33.3
[INFO] [stderr]    Compiling quote v1.0.8
[INFO] [stderr]    Compiling rustc_version v0.2.3
[INFO] [stderr]     Checking csv-core v0.1.10
[INFO] [stderr]    Compiling cast v0.2.3
[INFO] [stderr]     Checking rand_core v0.5.1
[INFO] [stderr]     Checking regex-automata v0.1.9
[INFO] [stderr]     Checking regex v1.4.2
[INFO] [stderr]     Checking crossbeam-epoch v0.9.1
[INFO] [stderr]     Checking crossbeam-channel v0.5.0
[INFO] [stderr]     Checking criterion-plot v0.4.3
[INFO] [stderr]     Checking rand_chacha v0.2.2
[INFO] [stderr]     Checking crossbeam-deque v0.8.0
[INFO] [stderr]     Checking rand v0.7.3
[INFO] [stderr]     Checking num-complex v0.3.1
[INFO] [stderr]     Checking plotters v0.2.15
[INFO] [stderr]     Checking rand_distr v0.3.0
[INFO] [stderr]     Checking num v0.3.1
[INFO] [stderr]     Checking bstr v0.2.14
[INFO] [stderr]     Checking serde_cbor v0.11.1
[INFO] [stderr]     Checking bincode v1.3.1
[INFO] [stderr]     Checking smartcore v0.1.0 (/opt/rustwide/workdir)
[INFO] [stderr]     Checking csv v1.1.5
[INFO] [stderr]     Checking tinytemplate v1.1.0
[INFO] [stderr]     Checking criterion v0.3.3
[INFO] [stdout] error[E0433]: failed to resolve: could not find `dataset` in the crate root
[INFO] [stdout]    --> src/linear/logistic_regression.rs:348:16
[INFO] [stdout]     |
[INFO] [stdout] 348 |     use crate::dataset::generator::make_blobs;
[INFO] [stdout]     |                ^^^^^^^ could not find `dataset` in the crate root
[INFO] [stdout] 
[INFO] [stdout] 
[INFO] [stdout] error[E0425]: cannot find function `make_blobs` in this scope
[INFO] [stdout]    --> src/linear/logistic_regression.rs:482:21
[INFO] [stdout]     |
[INFO] [stdout] 482 |         let blobs = make_blobs(15, 4, 3);
[INFO] [stdout]     |                     ^^^^^^^^^^ not found in this scope
[INFO] [stdout] 
[INFO] [stdout] 
[INFO] [stdout] error[E0425]: cannot find function `make_blobs` in this scope
[INFO] [stdout]    --> src/linear/logistic_regression.rs:496:21
[INFO] [stdout]     |
[INFO] [stdout] 496 |         let blobs = make_blobs(20, 4, 2);
[INFO] [stdout]     |                     ^^^^^^^^^^ not found in this scope
[INFO] [stdout] 
[INFO] [stdout] 
[INFO] [stdout] error: aborting due to 3 previous errors
[INFO] [stdout] 
[INFO] [stdout] 
[INFO] [stdout] Some errors have detailed explanations: E0425, E0433.
[INFO] [stdout] 
[INFO] [stdout] For more information about an error, try `rustc --explain E0425`.
[INFO] [stdout] 
[INFO] [stderr] error: could not compile `smartcore` due to 4 previous errors
[INFO] running `Command { std: "docker" "inspect" "ec4142120cf18c297cab1408fb52720e2dc9b637673c8222ffc4a2381723c844", kill_on_drop: false }`
[INFO] running `Command { std: "docker" "rm" "-f" "ec4142120cf18c297cab1408fb52720e2dc9b637673c8222ffc4a2381723c844", kill_on_drop: false }`
[INFO] [stdout] ec4142120cf18c297cab1408fb52720e2dc9b637673c8222ffc4a2381723c844
