[INFO] cloning repository https://github.com/jtr109/mytodo
[INFO] running `Command { std: "git" "-c" "credential.helper=" "-c" "credential.helper=/workspace/cargo-home/bin/git-credential-null" "clone" "--bare" "https://github.com/jtr109/mytodo" "/workspace/cache/git-repos/https%3A%2F%2Fgithub.com%2Fjtr109%2Fmytodo", kill_on_drop: false }`
[INFO] [stderr] Cloning into bare repository '/workspace/cache/git-repos/https%3A%2F%2Fgithub.com%2Fjtr109%2Fmytodo'...
[INFO] running `Command { std: "git" "rev-parse" "HEAD", kill_on_drop: false }`
[INFO] [stdout] 619298c6c61460a10be8959a5e9ef8a507116af2
[INFO] checking jtr109/mytodo against beta-2021-10-15 for beta-1.56-3
[INFO] running `Command { std: "git" "clone" "/workspace/cache/git-repos/https%3A%2F%2Fgithub.com%2Fjtr109%2Fmytodo" "/workspace/builds/worker-107/source", kill_on_drop: false }`
[INFO] [stderr] Cloning into '/workspace/builds/worker-107/source'...
[INFO] [stderr] done.
[INFO] validating manifest of git repo https://github.com/jtr109/mytodo on toolchain beta-2021-10-15
[INFO] running `Command { std: "/workspace/cargo-home/bin/cargo" "+beta-2021-10-15" "metadata" "--manifest-path" "Cargo.toml" "--no-deps", kill_on_drop: false }`
[INFO] started tweaking git repo https://github.com/jtr109/mytodo
[INFO] finished tweaking git repo https://github.com/jtr109/mytodo
[INFO] tweaked toml for git repo https://github.com/jtr109/mytodo written to /workspace/builds/worker-107/source/Cargo.toml
[INFO] crate git repo https://github.com/jtr109/mytodo already has a lockfile, it will not be regenerated
[INFO] running `Command { std: "/workspace/cargo-home/bin/cargo" "+beta-2021-10-15" "fetch" "--manifest-path" "Cargo.toml", kill_on_drop: false }`
[INFO] [stderr]     Blocking waiting for file lock on package cache
[INFO] [stderr]  Downloading crates ...
[INFO] [stderr]   Downloaded libsqlite3-sys v0.12.0
[INFO] running `Command { std: "docker" "create" "-v" "/var/lib/crater-agent-workspace/builds/worker-107/target:/opt/rustwide/target:rw,Z" "-v" "/var/lib/crater-agent-workspace/builds/worker-107/source:/opt/rustwide/workdir:ro,Z" "-v" "/var/lib/crater-agent-workspace/cargo-home:/opt/rustwide/cargo-home:ro,Z" "-v" "/var/lib/crater-agent-workspace/rustup-home:/opt/rustwide/rustup-home:ro,Z" "-e" "SOURCE_DIR=/opt/rustwide/workdir" "-e" "CARGO_TARGET_DIR=/opt/rustwide/target" "-e" "CARGO_HOME=/opt/rustwide/cargo-home" "-e" "RUSTUP_HOME=/opt/rustwide/rustup-home" "-w" "/opt/rustwide/workdir" "-m" "1610612736" "--user" "0:0" "--network" "none" "ghcr.io/rust-lang/crates-build-env/linux@sha256:a89201d6b5b9fd45c15d5952ece0a0129e7e80cb26ec023fd59cf09bc26f1604" "/opt/rustwide/cargo-home/bin/cargo" "+beta-2021-10-15" "metadata" "--no-deps" "--format-version=1", kill_on_drop: false }`
[INFO] [stdout] cc117c8d6c4fdf396d99d8b06ba49e2af05eae372278bbead84723fdb0bda483
[INFO] running `Command { std: "docker" "start" "-a" "cc117c8d6c4fdf396d99d8b06ba49e2af05eae372278bbead84723fdb0bda483", kill_on_drop: false }`
[INFO] running `Command { std: "docker" "inspect" "cc117c8d6c4fdf396d99d8b06ba49e2af05eae372278bbead84723fdb0bda483", kill_on_drop: false }`
[INFO] running `Command { std: "docker" "rm" "-f" "cc117c8d6c4fdf396d99d8b06ba49e2af05eae372278bbead84723fdb0bda483", kill_on_drop: false }`
[INFO] [stdout] cc117c8d6c4fdf396d99d8b06ba49e2af05eae372278bbead84723fdb0bda483
[INFO] running `Command { std: "docker" "create" "-v" "/var/lib/crater-agent-workspace/builds/worker-107/target:/opt/rustwide/target:rw,Z" "-v" "/var/lib/crater-agent-workspace/builds/worker-107/source:/opt/rustwide/workdir:ro,Z" "-v" "/var/lib/crater-agent-workspace/cargo-home:/opt/rustwide/cargo-home:ro,Z" "-v" "/var/lib/crater-agent-workspace/rustup-home:/opt/rustwide/rustup-home:ro,Z" "-e" "SOURCE_DIR=/opt/rustwide/workdir" "-e" "CARGO_TARGET_DIR=/opt/rustwide/target" "-e" "CARGO_INCREMENTAL=0" "-e" "RUST_BACKTRACE=full" "-e" "RUSTFLAGS=--cap-lints=warn" "-e" "CARGO_HOME=/opt/rustwide/cargo-home" "-e" "RUSTUP_HOME=/opt/rustwide/rustup-home" "-w" "/opt/rustwide/workdir" "-m" "1610612736" "--user" "0:0" "--network" "none" "ghcr.io/rust-lang/crates-build-env/linux@sha256:a89201d6b5b9fd45c15d5952ece0a0129e7e80cb26ec023fd59cf09bc26f1604" "/opt/rustwide/cargo-home/bin/cargo" "+beta-2021-10-15" "check" "--frozen" "--all" "--all-targets" "--message-format=json", kill_on_drop: false }`
[INFO] [stdout] cca2eedf158f270f1444e2186bc88655854c6b189a4db0a83c2a6b0b9e7099f5
[INFO] running `Command { std: "docker" "start" "-a" "cca2eedf158f270f1444e2186bc88655854c6b189a4db0a83c2a6b0b9e7099f5", kill_on_drop: false }`
[INFO] [stderr]     Blocking waiting for file lock on package cache
[INFO] [stderr]    Compiling proc-macro2 v0.4.30
[INFO] [stderr]    Compiling syn v0.15.44
[INFO] [stderr]    Compiling pkg-config v0.3.15
[INFO] [stderr]    Compiling libsqlite3-sys v0.12.0
[INFO] [stderr]    Compiling quote v0.6.13
[INFO] [stderr]    Compiling diesel_derives v1.4.0
[INFO] [stderr]     Checking diesel v1.4.2
[INFO] [stderr]     Checking mytodo v0.1.0 (/opt/rustwide/workdir)
[INFO] [stdout] error[E0433]: failed to resolve: use of undeclared crate or module `mytodo`
[INFO] [stdout]  --> src/bin/todo.rs:2:5
[INFO] [stdout]   |
[INFO] [stdout] 2 | use mytodo::db::{ create_task, establish_connection };
[INFO] [stdout]   |     ^^^^^^ use of undeclared crate or module `mytodo`
[INFO] [stdout] 
[INFO] [stdout] 
[INFO] [stdout] error[E0433]: failed to resolve: use of undeclared crate or module `mytodo`
[INFO] [stdout]  --> src/bin/todo.rs:2:5
[INFO] [stdout]   |
[INFO] [stdout] 2 | use mytodo::db::{ create_task, establish_connection };
[INFO] [stdout]   |     ^^^^^^ use of undeclared crate or module `mytodo`
[INFO] [stdout] 
[INFO] [stdout] 
[INFO] [stdout] error[E0425]: cannot find function `establish_connection` in this scope
[INFO] [stdout]   --> src/bin/todo.rs:31:16
[INFO] [stdout]    |
[INFO] [stdout] 31 |     let conn = establish_connection();
[INFO] [stdout]    |                ^^^^^^^^^^^^^^^^^^^^ not found in this scope
[INFO] [stdout] 
[INFO] [stdout] 
[INFO] [stdout] error[E0425]: cannot find function `create_task` in this scope
[INFO] [stdout]   --> src/bin/todo.rs:32:5
[INFO] [stdout]    |
[INFO] [stdout] 32 |     create_task(&conn, &args[0])
[INFO] [stdout]    |     ^^^^^^^^^^^ not found in this scope
[INFO] [stdout] 
[INFO] [stdout] 
[INFO] [stdout] error: aborting due to 3 previous errors
[INFO] [stdout] 
[INFO] [stdout] 
[INFO] [stdout] Some errors have detailed explanations: E0425, E0433.
[INFO] [stdout] 
[INFO] [stdout] For more information about an error, try `rustc --explain E0425`.
[INFO] [stdout] 
[INFO] [stdout] error[E0425]: cannot find function `establish_connection` in this scope
[INFO] [stdout]   --> src/bin/todo.rs:31:16
[INFO] [stdout]    |
[INFO] [stdout] 31 |     let conn = establish_connection();
[INFO] [stdout]    |                ^^^^^^^^^^^^^^^^^^^^ not found in this scope
[INFO] [stdout] 
[INFO] [stdout] 
[INFO] [stdout] error[E0425]: cannot find function `create_task` in this scope
[INFO] [stdout]   --> src/bin/todo.rs:32:5
[INFO] [stdout]    |
[INFO] [stdout] 32 |     create_task(&conn, &args[0])
[INFO] [stdout]    |     ^^^^^^^^^^^ not found in this scope
[INFO] [stdout] 
[INFO] [stdout] 
[INFO] [stdout] error: aborting due to 3 previous errors
[INFO] [stdout] 
[INFO] [stdout] 
[INFO] [stdout] Some errors have detailed explanations: E0425, E0433.
[INFO] [stdout] 
[INFO] [stdout] For more information about an error, try `rustc --explain E0425`.
[INFO] [stdout] 
[INFO] [stderr] error: could not compile `mytodo` due to 4 previous errors
[INFO] [stderr] warning: build failed, waiting for other jobs to finish...
[INFO] [stderr] error: build failed
[INFO] running `Command { std: "docker" "inspect" "cca2eedf158f270f1444e2186bc88655854c6b189a4db0a83c2a6b0b9e7099f5", kill_on_drop: false }`
[INFO] running `Command { std: "docker" "rm" "-f" "cca2eedf158f270f1444e2186bc88655854c6b189a4db0a83c2a6b0b9e7099f5", kill_on_drop: false }`
[INFO] [stdout] cca2eedf158f270f1444e2186bc88655854c6b189a4db0a83c2a6b0b9e7099f5
