[INFO] cloning repository https://github.com/jsonxr/webgfx
[INFO] running `Command { std: "git" "-c" "credential.helper=" "-c" "credential.helper=/workspace/cargo-home/bin/git-credential-null" "clone" "--bare" "https://github.com/jsonxr/webgfx" "/workspace/cache/git-repos/https%3A%2F%2Fgithub.com%2Fjsonxr%2Fwebgfx", kill_on_drop: false }`
[INFO] [stderr] Cloning into bare repository '/workspace/cache/git-repos/https%3A%2F%2Fgithub.com%2Fjsonxr%2Fwebgfx'...
[INFO] running `Command { std: "git" "rev-parse" "HEAD", kill_on_drop: false }`
[INFO] [stdout] 9fa0faf8f3d81267e23c4f9e956160a8f4d19257
[INFO] checking jsonxr/webgfx against 1.55.0 for beta-1.56-3
[INFO] running `Command { std: "git" "clone" "/workspace/cache/git-repos/https%3A%2F%2Fgithub.com%2Fjsonxr%2Fwebgfx" "/workspace/builds/worker-57/source", kill_on_drop: false }`
[INFO] [stderr] Cloning into '/workspace/builds/worker-57/source'...
[INFO] [stderr] done.
[INFO] validating manifest of git repo https://github.com/jsonxr/webgfx on toolchain 1.55.0
[INFO] running `Command { std: "/workspace/cargo-home/bin/cargo" "+1.55.0" "metadata" "--manifest-path" "Cargo.toml" "--no-deps", kill_on_drop: false }`
[INFO] started tweaking git repo https://github.com/jsonxr/webgfx
[INFO] finished tweaking git repo https://github.com/jsonxr/webgfx
[INFO] tweaked toml for git repo https://github.com/jsonxr/webgfx written to /workspace/builds/worker-57/source/Cargo.toml
[INFO] crate git repo https://github.com/jsonxr/webgfx already has a lockfile, it will not be regenerated
[INFO] running `Command { std: "/workspace/cargo-home/bin/cargo" "+1.55.0" "fetch" "--manifest-path" "Cargo.toml", kill_on_drop: false }`
[INFO] [stderr]     Blocking waiting for file lock on package cache
[INFO] [stderr]     Blocking waiting for file lock on package cache
[INFO] [stderr]  Downloading crates ...
[INFO] [stderr]   Downloaded serde_derive v1.0.128
[INFO] [stderr]   Downloaded serde v1.0.128
[INFO] [stderr]   Downloaded wide v0.7.0
[INFO] [stderr]   Downloaded serde-wasm-bindgen v0.3.0
[INFO] running `Command { std: "docker" "create" "-v" "/var/lib/crater-agent-workspace/builds/worker-57/target:/opt/rustwide/target:rw,Z" "-v" "/var/lib/crater-agent-workspace/builds/worker-57/source:/opt/rustwide/workdir:ro,Z" "-v" "/var/lib/crater-agent-workspace/cargo-home:/opt/rustwide/cargo-home:ro,Z" "-v" "/var/lib/crater-agent-workspace/rustup-home:/opt/rustwide/rustup-home:ro,Z" "-e" "SOURCE_DIR=/opt/rustwide/workdir" "-e" "CARGO_TARGET_DIR=/opt/rustwide/target" "-e" "CARGO_HOME=/opt/rustwide/cargo-home" "-e" "RUSTUP_HOME=/opt/rustwide/rustup-home" "-w" "/opt/rustwide/workdir" "-m" "1610612736" "--user" "0:0" "--network" "none" "ghcr.io/rust-lang/crates-build-env/linux@sha256:a89201d6b5b9fd45c15d5952ece0a0129e7e80cb26ec023fd59cf09bc26f1604" "/opt/rustwide/cargo-home/bin/cargo" "+1.55.0" "metadata" "--no-deps" "--format-version=1", kill_on_drop: false }`
[INFO] [stdout] f6429ce0a765d3bb644cfdb7a87026329128a7f4a8ef4f26473c4d327fd8c5d2
[INFO] running `Command { std: "docker" "start" "-a" "f6429ce0a765d3bb644cfdb7a87026329128a7f4a8ef4f26473c4d327fd8c5d2", kill_on_drop: false }`
[INFO] running `Command { std: "docker" "inspect" "f6429ce0a765d3bb644cfdb7a87026329128a7f4a8ef4f26473c4d327fd8c5d2", kill_on_drop: false }`
[INFO] running `Command { std: "docker" "rm" "-f" "f6429ce0a765d3bb644cfdb7a87026329128a7f4a8ef4f26473c4d327fd8c5d2", kill_on_drop: false }`
[INFO] [stdout] f6429ce0a765d3bb644cfdb7a87026329128a7f4a8ef4f26473c4d327fd8c5d2
[INFO] running `Command { std: "docker" "create" "-v" "/var/lib/crater-agent-workspace/builds/worker-57/target:/opt/rustwide/target:rw,Z" "-v" "/var/lib/crater-agent-workspace/builds/worker-57/source:/opt/rustwide/workdir:ro,Z" "-v" "/var/lib/crater-agent-workspace/cargo-home:/opt/rustwide/cargo-home:ro,Z" "-v" "/var/lib/crater-agent-workspace/rustup-home:/opt/rustwide/rustup-home:ro,Z" "-e" "SOURCE_DIR=/opt/rustwide/workdir" "-e" "CARGO_TARGET_DIR=/opt/rustwide/target" "-e" "CARGO_INCREMENTAL=0" "-e" "RUST_BACKTRACE=full" "-e" "RUSTFLAGS=--cap-lints=warn" "-e" "CARGO_HOME=/opt/rustwide/cargo-home" "-e" "RUSTUP_HOME=/opt/rustwide/rustup-home" "-w" "/opt/rustwide/workdir" "-m" "1610612736" "--user" "0:0" "--network" "none" "ghcr.io/rust-lang/crates-build-env/linux@sha256:a89201d6b5b9fd45c15d5952ece0a0129e7e80cb26ec023fd59cf09bc26f1604" "/opt/rustwide/cargo-home/bin/cargo" "+1.55.0" "check" "--frozen" "--all" "--all-targets" "--message-format=json", kill_on_drop: false }`
[INFO] [stdout] 516a70e8464cd30365c976b48dca00000915818fe12ff134e29320a239a96bd8
[INFO] running `Command { std: "docker" "start" "-a" "516a70e8464cd30365c976b48dca00000915818fe12ff134e29320a239a96bd8", kill_on_drop: false }`
[INFO] [stderr]     Blocking waiting for file lock on package cache
[INFO] [stderr]    Compiling proc-macro2 v1.0.28
[INFO] [stderr]    Compiling syn v1.0.75
[INFO] [stderr]    Compiling log v0.4.8
[INFO] [stderr]    Compiling wasm-bindgen-shared v0.2.76
[INFO] [stderr]    Compiling bumpalo v3.2.1
[INFO] [stderr]    Compiling wasm-bindgen v0.2.76
[INFO] [stderr]    Compiling futures-core v0.3.16
[INFO] [stderr]     Checking bytemuck v1.7.2
[INFO] [stderr]    Compiling serde_derive v1.0.128
[INFO] [stderr]    Compiling futures-channel v0.3.16
[INFO] [stderr]    Compiling futures-task v0.3.16
[INFO] [stderr]    Compiling serde v1.0.128
[INFO] [stderr]     Checking futures-sink v0.3.16
[INFO] [stderr]    Compiling typenum v1.13.0
[INFO] [stderr]     Checking futures-io v0.3.16
[INFO] [stderr]     Checking rawpointer v0.2.1
[INFO] [stderr]    Compiling paste v1.0.5
[INFO] [stderr]     Checking futures v0.1.29
[INFO] [stderr]    Compiling num-traits v0.2.14
[INFO] [stderr]    Compiling futures-macro v0.3.16
[INFO] [stderr]    Compiling futures-util v0.3.16
[INFO] [stderr]    Compiling num-rational v0.4.0
[INFO] [stderr]    Compiling num-integer v0.1.44
[INFO] [stderr]    Compiling wasm-bindgen-test-macro v0.2.50
[INFO] [stderr]     Checking matrixmultiply v0.3.1
[INFO] [stderr]     Checking safe_arch v0.6.0
[INFO] [stderr]    Compiling quote v1.0.3
[INFO] [stderr]     Checking wide v0.7.0
[INFO] [stderr]     Checking num-complex v0.4.0
[INFO] [stderr]     Checking approx v0.5.0
[INFO] [stderr]     Checking simba v0.6.0
[INFO] [stderr]    Compiling wasm-bindgen-backend v0.2.76
[INFO] [stderr]    Compiling wasm-bindgen-macro-support v0.2.76
[INFO] [stderr]    Compiling nalgebra-macros v0.1.0
[INFO] [stderr]    Compiling wasm-bindgen-macro v0.2.76
[INFO] [stderr]     Checking js-sys v0.3.53
[INFO] [stderr]     Checking console_error_panic_hook v0.1.5
[INFO] [stderr]     Checking nalgebra v0.29.0
[INFO] [stderr]     Checking futures-executor v0.3.16
[INFO] [stderr]     Checking futures v0.3.16
[INFO] [stderr]     Checking web-sys v0.3.53
[INFO] [stderr]     Checking wasm-bindgen-futures v0.3.27
[INFO] [stderr]     Checking wasm-bindgen-test v0.2.50
[INFO] [stderr]     Checking serde-wasm-bindgen v0.3.0
[INFO] [stderr]     Checking webgfx v0.0.1 (/opt/rustwide/workdir)
[INFO] [stdout] warning: unused import: `super::super::mesh::Mesh`
[INFO] [stdout]  --> src/renderers/webgl_renderer.rs:7:5
[INFO] [stdout]   |
[INFO] [stdout] 7 | use super::super::mesh::Mesh;
[INFO] [stdout]   |     ^^^^^^^^^^^^^^^^^^^^^^^^
[INFO] [stdout]   |
[INFO] [stdout]   = note: `#[warn(unused_imports)]` on by default
[INFO] [stdout] 
[INFO] [stdout] 
[INFO] [stdout] warning: unused import: `super::super::mesh::Mesh`
[INFO] [stdout]  --> src/renderers/webgl_renderer.rs:7:5
[INFO] [stdout]   |
[INFO] [stdout] 7 | use super::super::mesh::Mesh;
[INFO] [stdout]   |     ^^^^^^^^^^^^^^^^^^^^^^^^
[INFO] [stdout]   |
[INFO] [stdout]   = note: `#[warn(unused_imports)]` on by default
[INFO] [stdout] 
[INFO] [stdout] 
[INFO] [stdout] warning: unused variable: `mesh`
[INFO] [stdout]   --> src/renderers/webgl_renderer.rs:81:13
[INFO] [stdout]    |
[INFO] [stdout] 81 |         let mesh = mesh.unwrap();
[INFO] [stdout]    |             ^^^^ help: if this is intentional, prefix it with an underscore: `_mesh`
[INFO] [stdout]    |
[INFO] [stdout]    = note: `#[warn(unused_variables)]` on by default
[INFO] [stdout] 
[INFO] [stdout] 
[INFO] [stdout] warning: struct is never constructed: `Geo`
[INFO] [stdout]   --> src/geometry/geometry.rs:10:12
[INFO] [stdout]    |
[INFO] [stdout] 10 | pub struct Geo<'life> {
[INFO] [stdout]    |            ^^^
[INFO] [stdout]    |
[INFO] [stdout]    = note: `#[warn(dead_code)]` on by default
[INFO] [stdout] 
[INFO] [stdout] 
[INFO] [stdout] warning: 3 warnings emitted
[INFO] [stdout] 
[INFO] [stdout] 
[INFO] [stdout] warning: unused variable: `mesh`
[INFO] [stdout]   --> src/renderers/webgl_renderer.rs:81:13
[INFO] [stdout]    |
[INFO] [stdout] 81 |         let mesh = mesh.unwrap();
[INFO] [stdout]    |             ^^^^ help: if this is intentional, prefix it with an underscore: `_mesh`
[INFO] [stdout]    |
[INFO] [stdout]    = note: `#[warn(unused_variables)]` on by default
[INFO] [stdout] 
[INFO] [stdout] 
[INFO] [stdout] warning: struct is never constructed: `Geo`
[INFO] [stdout]   --> src/geometry/geometry.rs:10:12
[INFO] [stdout]    |
[INFO] [stdout] 10 | pub struct Geo<'life> {
[INFO] [stdout]    |            ^^^
[INFO] [stdout]    |
[INFO] [stdout]    = note: `#[warn(dead_code)]` on by default
[INFO] [stdout] 
[INFO] [stdout] 
[INFO] [stdout] warning: 3 warnings emitted
[INFO] [stdout] 
[INFO] [stdout] 
[INFO] [stdout] error[E0220]: associated type `Item` not found for `futures::Future`
[INFO] [stdout]   --> tests/app.rs:25:32
[INFO] [stdout]    |
[INFO] [stdout] 25 | fn async_test() -> impl Future<Item = (), Error = JsValue> {
[INFO] [stdout]    |                                ^^^^ associated type `Item` not found
[INFO] [stdout] 
[INFO] [stdout] 
[INFO] [stdout] error[E0220]: associated type `Error` not found for `futures::Future`
[INFO] [stdout]   --> tests/app.rs:25:43
[INFO] [stdout]    |
[INFO] [stdout] 25 | fn async_test() -> impl Future<Item = (), Error = JsValue> {
[INFO] [stdout]    |                                           ^^^^^ associated type `Error` not found
[INFO] [stdout] 
[INFO] [stdout] 
[INFO] [stdout] error[E0599]: the method `map` exists for struct `JsFuture`, but its trait bounds were not satisfied
[INFO] [stdout]   --> tests/app.rs:32:10
[INFO] [stdout]    |
[INFO] [stdout] 32 |         .map(|x| {
[INFO] [stdout]    |          ^^^ method cannot be called on `JsFuture` due to unsatisfied trait bounds
[INFO] [stdout]    | 
[INFO] [stdout]   ::: /opt/rustwide/cargo-home/registry/src/github.com-1ecc6299db9ec823/wasm-bindgen-futures-0.3.27/src/legacy_shared.rs:18:1
[INFO] [stdout]    |
[INFO] [stdout] 18 | pub struct JsFuture {
[INFO] [stdout]    | -------------------
[INFO] [stdout]    | |
[INFO] [stdout]    | doesn't satisfy `JsFuture: FutureExt`
[INFO] [stdout]    | doesn't satisfy `JsFuture: StreamExt`
[INFO] [stdout]    | doesn't satisfy `JsFuture: futures::Future`
[INFO] [stdout]    | doesn't satisfy `JsFuture: futures::Stream`
[INFO] [stdout]    | doesn't satisfy `JsFuture: std::iter::Iterator`
[INFO] [stdout]    |
[INFO] [stdout]    = note: the following trait bounds were not satisfied:
[INFO] [stdout]            `JsFuture: futures::Future`
[INFO] [stdout]            which is required by `JsFuture: FutureExt`
[INFO] [stdout]            `JsFuture: futures::Stream`
[INFO] [stdout]            which is required by `JsFuture: StreamExt`
[INFO] [stdout]            `&JsFuture: futures::Future`
[INFO] [stdout]            which is required by `&JsFuture: FutureExt`
[INFO] [stdout]            `&JsFuture: futures::Stream`
[INFO] [stdout]            which is required by `&JsFuture: StreamExt`
[INFO] [stdout]            `&mut JsFuture: futures::Future`
[INFO] [stdout]            which is required by `&mut JsFuture: FutureExt`
[INFO] [stdout]            `&mut JsFuture: futures::Stream`
[INFO] [stdout]            which is required by `&mut JsFuture: StreamExt`
[INFO] [stdout]            `JsFuture: std::iter::Iterator`
[INFO] [stdout]            which is required by `&mut JsFuture: std::iter::Iterator`
[INFO] [stdout]    = help: items from traits can only be used if the trait is in scope
[INFO] [stdout] help: the following trait is implemented but not in scope; perhaps add a `use` for it:
[INFO] [stdout]    |
[INFO] [stdout] 1  | use futures::future::Future;
[INFO] [stdout]    |
[INFO] [stdout] 
[INFO] [stdout] 
[INFO] [stdout] error[E0277]: the trait bound `impl futures::Future: futures::future::Future` is not satisfied
[INFO] [stdout]   --> tests/app.rs:24:1
[INFO] [stdout]    |
[INFO] [stdout] 24 | #[wasm_bindgen_test(async)]
[INFO] [stdout]    | ^^^^^^^^^^^^^^^^^^^^^^^^^^^ the trait `futures::future::Future` is not implemented for `impl futures::Future`
[INFO] [stdout]    |
[INFO] [stdout]    = note: this error originates in the attribute macro `wasm_bindgen_test` (in Nightly builds, run with -Z macro-backtrace for more info)
[INFO] [stdout] 
[INFO] [stdout] 
[INFO] [stdout] error: aborting due to 4 previous errors
[INFO] [stdout] 
[INFO] [stdout] 
[INFO] [stdout] Some errors have detailed explanations: E0220, E0277, E0599.
[INFO] [stdout] 
[INFO] [stdout] For more information about an error, try `rustc --explain E0220`.
[INFO] [stdout] 
[INFO] [stderr] error: could not compile `webgfx` due to 5 previous errors
[INFO] running `Command { std: "docker" "inspect" "516a70e8464cd30365c976b48dca00000915818fe12ff134e29320a239a96bd8", kill_on_drop: false }`
[INFO] running `Command { std: "docker" "rm" "-f" "516a70e8464cd30365c976b48dca00000915818fe12ff134e29320a239a96bd8", kill_on_drop: false }`
[INFO] [stdout] 516a70e8464cd30365c976b48dca00000915818fe12ff134e29320a239a96bd8
