[INFO] cloning repository https://github.com/jrconlin/autoendpoint-rs
[INFO] running `Command { std: "git" "-c" "credential.helper=" "-c" "credential.helper=/workspace/cargo-home/bin/git-credential-null" "clone" "--bare" "https://github.com/jrconlin/autoendpoint-rs" "/workspace/cache/git-repos/https%3A%2F%2Fgithub.com%2Fjrconlin%2Fautoendpoint-rs", kill_on_drop: false }`
[INFO] [stderr] Cloning into bare repository '/workspace/cache/git-repos/https%3A%2F%2Fgithub.com%2Fjrconlin%2Fautoendpoint-rs'...
[INFO] running `Command { std: "git" "rev-parse" "HEAD", kill_on_drop: false }`
[INFO] [stdout] 9ec0739dad3c068d53ed3dac0dd64256682724bf
[INFO] checking jrconlin/autoendpoint-rs against beta-2021-10-15 for beta-1.56-3
[INFO] running `Command { std: "git" "clone" "/workspace/cache/git-repos/https%3A%2F%2Fgithub.com%2Fjrconlin%2Fautoendpoint-rs" "/workspace/builds/worker-1/source", kill_on_drop: false }`
[INFO] [stderr] Cloning into '/workspace/builds/worker-1/source'...
[INFO] [stderr] done.
[INFO] validating manifest of git repo https://github.com/jrconlin/autoendpoint-rs on toolchain beta-2021-10-15
[INFO] running `Command { std: "/workspace/cargo-home/bin/cargo" "+beta-2021-10-15" "metadata" "--manifest-path" "Cargo.toml" "--no-deps", kill_on_drop: false }`
[INFO] started tweaking git repo https://github.com/jrconlin/autoendpoint-rs
[INFO] finished tweaking git repo https://github.com/jrconlin/autoendpoint-rs
[INFO] tweaked toml for git repo https://github.com/jrconlin/autoendpoint-rs written to /workspace/builds/worker-1/source/Cargo.toml
[INFO] crate git repo https://github.com/jrconlin/autoendpoint-rs already has a lockfile, it will not be regenerated
[INFO] running `Command { std: "/workspace/cargo-home/bin/cargo" "+beta-2021-10-15" "fetch" "--manifest-path" "Cargo.toml", kill_on_drop: false }`
[INFO] [stderr]     Blocking waiting for file lock on package cache
[INFO] [stderr]     Blocking waiting for file lock on package cache
[INFO] running `Command { std: "docker" "create" "-v" "/var/lib/crater-agent-workspace/builds/worker-1/target:/opt/rustwide/target:rw,Z" "-v" "/var/lib/crater-agent-workspace/builds/worker-1/source:/opt/rustwide/workdir:ro,Z" "-v" "/var/lib/crater-agent-workspace/cargo-home:/opt/rustwide/cargo-home:ro,Z" "-v" "/var/lib/crater-agent-workspace/rustup-home:/opt/rustwide/rustup-home:ro,Z" "-e" "SOURCE_DIR=/opt/rustwide/workdir" "-e" "CARGO_TARGET_DIR=/opt/rustwide/target" "-e" "CARGO_HOME=/opt/rustwide/cargo-home" "-e" "RUSTUP_HOME=/opt/rustwide/rustup-home" "-w" "/opt/rustwide/workdir" "-m" "1610612736" "--user" "0:0" "--network" "none" "ghcr.io/rust-lang/crates-build-env/linux@sha256:a89201d6b5b9fd45c15d5952ece0a0129e7e80cb26ec023fd59cf09bc26f1604" "/opt/rustwide/cargo-home/bin/cargo" "+beta-2021-10-15" "metadata" "--no-deps" "--format-version=1", kill_on_drop: false }`
[INFO] [stderr] WARNING: Your kernel does not support swap limit capabilities or the cgroup is not mounted. Memory limited without swap.
[INFO] [stdout] a7d5dd392214eb9d6c659fe8bfe9c93e141ca0c5c54d755180eaec0a21e6a455
[INFO] running `Command { std: "docker" "start" "-a" "a7d5dd392214eb9d6c659fe8bfe9c93e141ca0c5c54d755180eaec0a21e6a455", kill_on_drop: false }`
[INFO] running `Command { std: "docker" "inspect" "a7d5dd392214eb9d6c659fe8bfe9c93e141ca0c5c54d755180eaec0a21e6a455", kill_on_drop: false }`
[INFO] running `Command { std: "docker" "rm" "-f" "a7d5dd392214eb9d6c659fe8bfe9c93e141ca0c5c54d755180eaec0a21e6a455", kill_on_drop: false }`
[INFO] [stdout] a7d5dd392214eb9d6c659fe8bfe9c93e141ca0c5c54d755180eaec0a21e6a455
[INFO] running `Command { std: "docker" "create" "-v" "/var/lib/crater-agent-workspace/builds/worker-1/target:/opt/rustwide/target:rw,Z" "-v" "/var/lib/crater-agent-workspace/builds/worker-1/source:/opt/rustwide/workdir:ro,Z" "-v" "/var/lib/crater-agent-workspace/cargo-home:/opt/rustwide/cargo-home:ro,Z" "-v" "/var/lib/crater-agent-workspace/rustup-home:/opt/rustwide/rustup-home:ro,Z" "-e" "SOURCE_DIR=/opt/rustwide/workdir" "-e" "CARGO_TARGET_DIR=/opt/rustwide/target" "-e" "CARGO_INCREMENTAL=0" "-e" "RUST_BACKTRACE=full" "-e" "RUSTFLAGS=--cap-lints=warn" "-e" "CARGO_HOME=/opt/rustwide/cargo-home" "-e" "RUSTUP_HOME=/opt/rustwide/rustup-home" "-w" "/opt/rustwide/workdir" "-m" "1610612736" "--user" "0:0" "--network" "none" "ghcr.io/rust-lang/crates-build-env/linux@sha256:a89201d6b5b9fd45c15d5952ece0a0129e7e80cb26ec023fd59cf09bc26f1604" "/opt/rustwide/cargo-home/bin/cargo" "+beta-2021-10-15" "check" "--frozen" "--all" "--all-targets" "--message-format=json", kill_on_drop: false }`
[INFO] [stdout] d996491a86b9773f6e2d392d22f665108ec03464426eb6927dcecfdce245ecd9
[INFO] [stderr] WARNING: Your kernel does not support swap limit capabilities or the cgroup is not mounted. Memory limited without swap.
[INFO] running `Command { std: "docker" "start" "-a" "d996491a86b9773f6e2d392d22f665108ec03464426eb6927dcecfdce245ecd9", kill_on_drop: false }`
[INFO] [stderr]     Blocking waiting for file lock on package cache
[INFO] [stderr]    Compiling autocfg v0.1.5
[INFO] [stderr]    Compiling syn v1.0.3
[INFO] [stderr]    Compiling syn v0.15.44
[INFO] [stderr]    Compiling lazy_static v1.3.0
[INFO] [stderr]    Compiling regex-syntax v0.6.11
[INFO] [stderr]     Checking arc-swap v0.4.2
[INFO] [stderr]    Compiling getrandom v0.1.10
[INFO] [stderr]    Compiling slog v2.5.2
[INFO] [stderr]     Checking ppv-lite86 v0.2.5
[INFO] [stderr]     Checking arrayref v0.3.5
[INFO] [stderr]     Checking hashbrown v0.5.0
[INFO] [stderr]     Checking shlex v0.1.1
[INFO] [stderr]     Checking safemem v0.3.2
[INFO] [stderr]     Checking md5 v0.3.8
[INFO] [stderr]     Checking actix-service v0.4.1
[INFO] [stderr]    Compiling miniz-sys v0.1.12
[INFO] [stderr]    Compiling brotli-sys v0.3.2
[INFO] [stderr]     Checking lock_api v0.3.1
[INFO] [stderr]     Checking yaml-rust v0.4.3
[INFO] [stderr]     Checking serde_test v0.8.23
[INFO] [stderr]     Checking log v0.4.8
[INFO] [stderr]     Checking block-buffer v0.3.3
[INFO] [stderr]    Compiling memchr v2.2.1
[INFO] [stderr]     Checking idna v0.2.0
[INFO] [stderr]    Compiling thread_local v0.3.6
[INFO] [stderr]     Checking hostname v0.1.5
[INFO] [stderr]     Checking dirs v1.0.5
[INFO] [stderr]     Checking atty v0.2.13
[INFO] [stderr]    Compiling rusoto_core v0.40.0
[INFO] [stderr]     Checking base64 v0.9.3
[INFO] [stderr]     Checking cadence v0.18.0
[INFO] [stderr]     Checking signal-hook-registry v1.1.1
[INFO] [stderr]     Checking c2-chacha v0.2.2
[INFO] [stderr]     Checking url v1.7.2
[INFO] [stderr]     Checking xml-rs v0.7.0
[INFO] [stderr]     Checking generic-array v0.9.0
[INFO] [stderr]     Checking nom v4.2.3
[INFO] [stderr]     Checking threadpool v1.7.1
[INFO] [stderr]     Checking mio v0.6.19
[INFO] [stderr]     Checking want v0.2.0
[INFO] [stderr]     Checking env_logger v0.6.2
[INFO] [stderr]     Checking linked-hash-map v0.3.0
[INFO] [stderr]    Compiling rand_chacha v0.1.1
[INFO] [stderr]    Compiling rand_pcg v0.1.2
[INFO] [stderr]    Compiling rand v0.6.5
[INFO] [stderr]    Compiling num-traits v0.2.8
[INFO] [stderr]    Compiling num-integer v0.1.41
[INFO] [stderr]    Compiling openssl-sys v0.9.49
[INFO] [stderr]     Checking resolv-conf v0.6.2
[INFO] [stderr]    Compiling aho-corasick v0.7.6
[INFO] [stderr]     Checking term v0.5.2
[INFO] [stderr]     Checking tokio-io v0.1.12
[INFO] [stderr]     Checking signal-hook v0.1.10
[INFO] [stderr]     Checking parking_lot_core v0.6.2
[INFO] [stderr]     Checking url v2.1.0
[INFO] [stderr]     Checking digest v0.7.6
[INFO] [stderr]     Checking crypto-mac v0.5.2
[INFO] [stderr]     Checking mio-uds v0.6.7
[INFO] [stderr]     Checking rand_core v0.5.0
[INFO] [stderr]     Checking sha2 v0.7.1
[INFO] [stderr]     Checking hmac v0.5.0
[INFO] [stderr]     Checking parking_lot v0.9.0
[INFO] [stderr]     Checking flate2 v1.0.11
[INFO] [stderr]     Checking rand_chacha v0.2.1
[INFO] [stderr]     Checking crossbeam v0.7.2
[INFO] [stderr]     Checking tokio-codec v0.1.1
[INFO] [stderr]     Checking h2 v0.1.26
[INFO] [stderr]     Checking actix-codec v0.1.2
[INFO] [stderr]     Checking rand v0.7.0
[INFO] [stderr]    Compiling regex v1.2.1
[INFO] [stderr]     Checking actix-utils v0.4.5
[INFO] [stderr]    Compiling openssl v0.10.24
[INFO] [stderr]    Compiling native-tls v0.2.3
[INFO] [stderr]     Checking num-traits v0.1.43
[INFO] [stderr]     Checking parking_lot_core v0.4.0
[INFO] [stderr]     Checking tokio-threadpool v0.1.15
[INFO] [stderr]     Checking serde-hjson v0.8.2
[INFO] [stderr]     Checking parking_lot v0.7.1
[INFO] [stderr]     Checking tokio-reactor v0.1.9
[INFO] [stderr]    Compiling serde_derive v1.0.99
[INFO] [stderr]     Checking tokio-fs v0.1.6
[INFO] [stderr]     Checking tokio-tcp v0.1.3
[INFO] [stderr]     Checking tokio-udp v0.1.3
[INFO] [stderr]     Checking tokio-signal v0.2.7
[INFO] [stderr]     Checking tokio-uds v0.2.5
[INFO] [stderr]     Checking tokio-process v0.2.4
[INFO] [stderr]     Checking actix-server-config v0.1.2
[INFO] [stderr]     Checking tokio v0.1.22
[INFO] [stderr]     Checking hyper v0.12.33
[INFO] [stderr]     Checking brotli2 v0.3.2
[INFO] [stderr]    Compiling synstructure v0.10.2
[INFO] [stderr]     Checking hyper-tls v0.3.2
[INFO] [stderr]    Compiling failure_derive v0.1.5
[INFO] [stderr]    Compiling derive_more v0.15.0
[INFO] [stderr]    Compiling enum-as-inner v0.2.1
[INFO] [stderr]    Compiling actix-web-codegen v0.1.2
[INFO] [stderr]     Checking failure v0.1.5
[INFO] [stderr]     Checking serde v1.0.99
[INFO] [stderr]     Checking trust-dns-proto v0.7.4
[INFO] [stderr]     Checking actix-threadpool v0.1.2
[INFO] [stderr]     Checking trust-dns-resolver v0.11.1
[INFO] [stderr]     Checking actix-rt v0.2.4
[INFO] [stderr]     Checking actix-server v0.6.0
[INFO] [stderr]     Checking actix-connect v0.2.3
[INFO] [stderr]     Checking chrono v0.4.7
[INFO] [stderr]     Checking serde_json v1.0.40
[INFO] [stderr]     Checking erased-serde v0.3.9
[INFO] [stderr]     Checking serde_urlencoded v0.6.1
[INFO] [stderr]     Checking toml v0.4.10
[INFO] [stderr]     Checking actix-router v0.1.5
[INFO] [stderr]     Checking serde_urlencoded v0.5.5
[INFO] [stderr]     Checking uuid v0.7.4
[INFO] [stderr]     Checking rusoto_credential v0.40.0
[INFO] [stderr]     Checking actix-http v0.2.9
[INFO] [stderr]     Checking config v0.9.3
[INFO] [stderr]     Checking slog-scope v4.1.2
[INFO] [stderr]     Checking slog-mozlog-json v0.1.0
[INFO] [stderr]     Checking slog-async v2.3.0
[INFO] [stderr]     Checking slog-term v2.4.1
[INFO] [stderr]     Checking slog-stdlog v4.0.0
[INFO] [stderr]     Checking rusoto_dynamodb v0.40.0
[INFO] [stderr]     Checking awc v0.2.4
[INFO] [stderr]     Checking actix-web v1.0.5
[INFO] [stderr]     Checking autoendpoint-rs v0.1.0 (/opt/rustwide/workdir)
[INFO] [stdout] error[E0432]: unresolved import `crate::settings`
[INFO] [stdout]  --> src/main.rs:5:5
[INFO] [stdout]   |
[INFO] [stdout] 5 | use crate::settings;
[INFO] [stdout]   |     ^^^^^^^^^^^^^^^ no `settings` in the root
[INFO] [stdout] 
[INFO] [stdout] 
[INFO] [stdout] error[E0432]: unresolved import `crate::settings`
[INFO] [stdout]  --> src/main.rs:5:5
[INFO] [stdout]   |
[INFO] [stdout] 5 | use crate::settings;
[INFO] [stdout]   |     ^^^^^^^^^^^^^^^ no `settings` in the root
[INFO] [stdout] 
[INFO] [stdout] 
[INFO] [stdout] error[E0433]: failed to resolve: use of undeclared type `Docopt`
[INFO] [stdout]    --> src/main.rs:151:22
[INFO] [stdout]     |
[INFO] [stdout] 151 |     let args: Args = Docopt::new(USAGE)
[INFO] [stdout]     |                      ^^^^^^ use of undeclared type `Docopt`
[INFO] [stdout] 
[INFO] [stdout] 
[INFO] [stdout] error[E0433]: failed to resolve: use of undeclared crate or module `server`
[INFO] [stdout]    --> src/main.rs:156:23
[INFO] [stdout]     |
[INFO] [stdout] 156 |     let sys = server::Server::with_settings(settings).unwrap();
[INFO] [stdout]     |                       ^^^^^^ not found in `server`
[INFO] [stdout]     |
[INFO] [stdout] help: consider importing this struct
[INFO] [stdout]     |
[INFO] [stdout] 1   | use actix_web::dev::Server;
[INFO] [stdout]     |
[INFO] [stdout] 
[INFO] [stdout] 
[INFO] [stdout] error[E0433]: failed to resolve: use of undeclared type `Docopt`
[INFO] [stdout]    --> src/main.rs:151:22
[INFO] [stdout]     |
[INFO] [stdout] 151 |     let args: Args = Docopt::new(USAGE)
[INFO] [stdout]     |                      ^^^^^^ use of undeclared type `Docopt`
[INFO] [stdout] 
[INFO] [stdout] 
[INFO] [stdout] error[E0433]: failed to resolve: use of undeclared crate or module `server`
[INFO] [stdout]    --> src/main.rs:156:23
[INFO] [stdout]     |
[INFO] [stdout] 156 |     let sys = server::Server::with_settings(settings).unwrap();
[INFO] [stdout]     |                       ^^^^^^ not found in `server`
[INFO] [stdout]     |
[INFO] [stdout] help: consider importing this struct
[INFO] [stdout]     |
[INFO] [stdout] 1   | use actix_web::dev::Server;
[INFO] [stdout]     |
[INFO] [stdout] 
[INFO] [stdout] 
[INFO] [stdout] error: aborting due to 3 previous errors
[INFO] [stdout] 
[INFO] [stdout] 
[INFO] [stdout] Some errors have detailed explanations: E0432, E0433.
[INFO] [stdout] 
[INFO] [stdout] For more information about an error, try `rustc --explain E0432`.
[INFO] [stdout] 
[INFO] [stderr] error: could not compile `autoendpoint-rs` due to 4 previous errors
[INFO] [stderr] warning: build failed, waiting for other jobs to finish...
[INFO] [stdout] error: aborting due to 3 previous errors
[INFO] [stdout] 
[INFO] [stdout] 
[INFO] [stdout] Some errors have detailed explanations: E0432, E0433.
[INFO] [stdout] 
[INFO] [stdout] For more information about an error, try `rustc --explain E0432`.
[INFO] [stdout] 
[INFO] [stderr] error: build failed
[INFO] running `Command { std: "docker" "inspect" "d996491a86b9773f6e2d392d22f665108ec03464426eb6927dcecfdce245ecd9", kill_on_drop: false }`
[INFO] running `Command { std: "docker" "rm" "-f" "d996491a86b9773f6e2d392d22f665108ec03464426eb6927dcecfdce245ecd9", kill_on_drop: false }`
[INFO] [stdout] d996491a86b9773f6e2d392d22f665108ec03464426eb6927dcecfdce245ecd9
