[INFO] cloning repository https://github.com/joshleeb/oom
[INFO] running `Command { std: "git" "-c" "credential.helper=" "-c" "credential.helper=/workspace/cargo-home/bin/git-credential-null" "clone" "--bare" "https://github.com/joshleeb/oom" "/workspace/cache/git-repos/https%3A%2F%2Fgithub.com%2Fjoshleeb%2Foom", kill_on_drop: false }`
[INFO] [stderr] Cloning into bare repository '/workspace/cache/git-repos/https%3A%2F%2Fgithub.com%2Fjoshleeb%2Foom'...
[INFO] running `Command { std: "git" "rev-parse" "HEAD", kill_on_drop: false }`
[INFO] [stdout] d55504a1681998e05f6183cb00488b8d2124aeff
[INFO] checking joshleeb/oom against beta-2021-10-15 for beta-1.56-3
[INFO] running `Command { std: "git" "clone" "/workspace/cache/git-repos/https%3A%2F%2Fgithub.com%2Fjoshleeb%2Foom" "/workspace/builds/worker-11/source", kill_on_drop: false }`
[INFO] [stderr] Cloning into '/workspace/builds/worker-11/source'...
[INFO] [stderr] done.
[INFO] validating manifest of git repo https://github.com/joshleeb/oom on toolchain beta-2021-10-15
[INFO] running `Command { std: "/workspace/cargo-home/bin/cargo" "+beta-2021-10-15" "metadata" "--manifest-path" "Cargo.toml" "--no-deps", kill_on_drop: false }`
[INFO] started tweaking git repo https://github.com/joshleeb/oom
[INFO] finished tweaking git repo https://github.com/joshleeb/oom
[INFO] tweaked toml for git repo https://github.com/joshleeb/oom written to /workspace/builds/worker-11/source/Cargo.toml
[INFO] crate git repo https://github.com/joshleeb/oom already has a lockfile, it will not be regenerated
[INFO] running `Command { std: "/workspace/cargo-home/bin/cargo" "+beta-2021-10-15" "fetch" "--manifest-path" "Cargo.toml", kill_on_drop: false }`
[INFO] running `Command { std: "docker" "create" "-v" "/var/lib/crater-agent-workspace/builds/worker-11/target:/opt/rustwide/target:rw,Z" "-v" "/var/lib/crater-agent-workspace/builds/worker-11/source:/opt/rustwide/workdir:ro,Z" "-v" "/var/lib/crater-agent-workspace/cargo-home:/opt/rustwide/cargo-home:ro,Z" "-v" "/var/lib/crater-agent-workspace/rustup-home:/opt/rustwide/rustup-home:ro,Z" "-e" "SOURCE_DIR=/opt/rustwide/workdir" "-e" "CARGO_TARGET_DIR=/opt/rustwide/target" "-e" "CARGO_HOME=/opt/rustwide/cargo-home" "-e" "RUSTUP_HOME=/opt/rustwide/rustup-home" "-w" "/opt/rustwide/workdir" "-m" "1610612736" "--user" "0:0" "--network" "none" "ghcr.io/rust-lang/crates-build-env/linux@sha256:a89201d6b5b9fd45c15d5952ece0a0129e7e80cb26ec023fd59cf09bc26f1604" "/opt/rustwide/cargo-home/bin/cargo" "+beta-2021-10-15" "metadata" "--no-deps" "--format-version=1", kill_on_drop: false }`
[INFO] [stderr] WARNING: Your kernel does not support swap limit capabilities or the cgroup is not mounted. Memory limited without swap.
[INFO] [stdout] aa96d1ff890da8d563488bce1607b28904c1a176d24d70815d46bd5c632d6156
[INFO] running `Command { std: "docker" "start" "-a" "aa96d1ff890da8d563488bce1607b28904c1a176d24d70815d46bd5c632d6156", kill_on_drop: false }`
[INFO] running `Command { std: "docker" "inspect" "aa96d1ff890da8d563488bce1607b28904c1a176d24d70815d46bd5c632d6156", kill_on_drop: false }`
[INFO] running `Command { std: "docker" "rm" "-f" "aa96d1ff890da8d563488bce1607b28904c1a176d24d70815d46bd5c632d6156", kill_on_drop: false }`
[INFO] [stdout] aa96d1ff890da8d563488bce1607b28904c1a176d24d70815d46bd5c632d6156
[INFO] running `Command { std: "docker" "create" "-v" "/var/lib/crater-agent-workspace/builds/worker-11/target:/opt/rustwide/target:rw,Z" "-v" "/var/lib/crater-agent-workspace/builds/worker-11/source:/opt/rustwide/workdir:ro,Z" "-v" "/var/lib/crater-agent-workspace/cargo-home:/opt/rustwide/cargo-home:ro,Z" "-v" "/var/lib/crater-agent-workspace/rustup-home:/opt/rustwide/rustup-home:ro,Z" "-e" "SOURCE_DIR=/opt/rustwide/workdir" "-e" "CARGO_TARGET_DIR=/opt/rustwide/target" "-e" "CARGO_INCREMENTAL=0" "-e" "RUST_BACKTRACE=full" "-e" "RUSTFLAGS=--cap-lints=warn" "-e" "CARGO_HOME=/opt/rustwide/cargo-home" "-e" "RUSTUP_HOME=/opt/rustwide/rustup-home" "-w" "/opt/rustwide/workdir" "-m" "1610612736" "--user" "0:0" "--network" "none" "ghcr.io/rust-lang/crates-build-env/linux@sha256:a89201d6b5b9fd45c15d5952ece0a0129e7e80cb26ec023fd59cf09bc26f1604" "/opt/rustwide/cargo-home/bin/cargo" "+beta-2021-10-15" "check" "--frozen" "--all" "--all-targets" "--message-format=json", kill_on_drop: false }`
[INFO] [stdout] 839b201f43ed02879187ab7bdfc465b770bc5c61ceae150878ed8e5990785c36
[INFO] [stderr] WARNING: Your kernel does not support swap limit capabilities or the cgroup is not mounted. Memory limited without swap.
[INFO] running `Command { std: "docker" "start" "-a" "839b201f43ed02879187ab7bdfc465b770bc5c61ceae150878ed8e5990785c36", kill_on_drop: false }`
[INFO] [stderr]     Checking sdl2 v0.31.0
[INFO] [stderr]     Checking game v0.1.0 (/opt/rustwide/workdir)
[INFO] [stdout] error[E0554]: `#![feature]` may not be used on the beta release channel
[INFO] [stdout]  --> src/main.rs:1:1
[INFO] [stdout]   |
[INFO] [stdout] 1 | #![feature(vec_remove_item)]
[INFO] [stdout]   | ^^^^^^^^^^^^^^^^^^^^^^^^^^^^
[INFO] [stdout] 
[INFO] [stdout] 
[INFO] [stdout] error[E0554]: `#![feature]` may not be used on the beta release channel
[INFO] [stdout]  --> src/main.rs:2:1
[INFO] [stdout]   |
[INFO] [stdout] 2 | #![feature(iterator_step_by)]
[INFO] [stdout]   | ^^^^^^^^^^^^^^^^^^^^^^^^^^^^^
[INFO] [stdout] 
[INFO] [stdout] 
[INFO] [stdout] error[E0554]: `#![feature]` may not be used on the beta release channel
[INFO] [stdout]  --> src/main.rs:3:1
[INFO] [stdout]   |
[INFO] [stdout] 3 | #![feature(nll)]
[INFO] [stdout]   | ^^^^^^^^^^^^^^^^
[INFO] [stdout] 
[INFO] [stdout] 
[INFO] [stdout] warning: anonymous parameters are deprecated and will be removed in the next edition.
[INFO] [stdout]   --> src/sprite/mod.rs:16:19
[INFO] [stdout]    |
[INFO] [stdout] 16 |     fn get_sprite(&Self::Sprite) -> Rect;
[INFO] [stdout]    |                   ^^^^^^^^^^^^^ help: try naming the parameter or explicitly ignoring it: `_: &Self::Sprite`
[INFO] [stdout]    |
[INFO] [stdout]    = note: `#[warn(anonymous_parameters)]` on by default
[INFO] [stdout]    = warning: this is accepted in the current edition (Rust 2015) but is a hard error in Rust 2018!
[INFO] [stdout]    = note: for more information, see issue #41686 <https://github.com/rust-lang/rust/issues/41686>
[INFO] [stdout] 
[INFO] [stdout] 
[INFO] [stdout] warning: anonymous parameters are deprecated and will be removed in the next edition.
[INFO] [stdout]   --> src/world.rs:12:32
[INFO] [stdout]    |
[INFO] [stdout] 12 |     fn event_update(&mut self, &Event) {}
[INFO] [stdout]    |                                ^^^^^^ help: try naming the parameter or explicitly ignoring it: `_: &Event`
[INFO] [stdout]    |
[INFO] [stdout]    = warning: this is accepted in the current edition (Rust 2015) but is a hard error in Rust 2018!
[INFO] [stdout]    = note: for more information, see issue #41686 <https://github.com/rust-lang/rust/issues/41686>
[INFO] [stdout] 
[INFO] [stdout] 
[INFO] [stdout] warning: anonymous parameters are deprecated and will be removed in the next edition.
[INFO] [stdout]   --> src/world.rs:14:22
[INFO] [stdout]    |
[INFO] [stdout] 14 |     fn render(&self, &mut Canvas<Window>, i32, i32) {}
[INFO] [stdout]    |                      ^^^^^^^^^^^^^^^^^^^ help: try naming the parameter or explicitly ignoring it: `_: &mut Canvas<Window>`
[INFO] [stdout]    |
[INFO] [stdout]    = warning: this is accepted in the current edition (Rust 2015) but is a hard error in Rust 2018!
[INFO] [stdout]    = note: for more information, see issue #41686 <https://github.com/rust-lang/rust/issues/41686>
[INFO] [stdout] 
[INFO] [stdout] 
[INFO] [stdout] warning: anonymous parameters are deprecated and will be removed in the next edition.
[INFO] [stdout]   --> src/world.rs:14:43
[INFO] [stdout]    |
[INFO] [stdout] 14 |     fn render(&self, &mut Canvas<Window>, i32, i32) {}
[INFO] [stdout]    |                                           ^^^ help: try naming the parameter or explicitly ignoring it: `_: i32`
[INFO] [stdout]    |
[INFO] [stdout]    = warning: this is accepted in the current edition (Rust 2015) but is a hard error in Rust 2018!
[INFO] [stdout]    = note: for more information, see issue #41686 <https://github.com/rust-lang/rust/issues/41686>
[INFO] [stdout] 
[INFO] [stdout] 
[INFO] [stdout] warning: anonymous parameters are deprecated and will be removed in the next edition.
[INFO] [stdout]   --> src/world.rs:14:48
[INFO] [stdout]    |
[INFO] [stdout] 14 |     fn render(&self, &mut Canvas<Window>, i32, i32) {}
[INFO] [stdout]    |                                                ^^^ help: try naming the parameter or explicitly ignoring it: `_: i32`
[INFO] [stdout]    |
[INFO] [stdout]    = warning: this is accepted in the current edition (Rust 2015) but is a hard error in Rust 2018!
[INFO] [stdout]    = note: for more information, see issue #41686 <https://github.com/rust-lang/rust/issues/41686>
[INFO] [stdout] 
[INFO] [stdout] 
[INFO] [stdout] error[E0554]: `#![feature]` may not be used on the beta release channel
[INFO] [stdout]  --> src/main.rs:1:1
[INFO] [stdout]   |
[INFO] [stdout] 1 | #![feature(vec_remove_item)]
[INFO] [stdout]   | ^^^^^^^^^^^^^^^^^^^^^^^^^^^^
[INFO] [stdout] 
[INFO] [stdout] 
[INFO] [stdout] error[E0554]: `#![feature]` may not be used on the beta release channel
[INFO] [stdout]  --> src/main.rs:2:1
[INFO] [stdout]   |
[INFO] [stdout] 2 | #![feature(iterator_step_by)]
[INFO] [stdout]   | ^^^^^^^^^^^^^^^^^^^^^^^^^^^^^
[INFO] [stdout] 
[INFO] [stdout] 
[INFO] [stdout] error[E0554]: `#![feature]` may not be used on the beta release channel
[INFO] [stdout]  --> src/main.rs:3:1
[INFO] [stdout]   |
[INFO] [stdout] 3 | #![feature(nll)]
[INFO] [stdout]   | ^^^^^^^^^^^^^^^^
[INFO] [stdout] 
[INFO] [stdout] 
[INFO] [stdout] warning: anonymous parameters are deprecated and will be removed in the next edition.
[INFO] [stdout]   --> src/sprite/mod.rs:16:19
[INFO] [stdout]    |
[INFO] [stdout] 16 |     fn get_sprite(&Self::Sprite) -> Rect;
[INFO] [stdout]    |                   ^^^^^^^^^^^^^ help: try naming the parameter or explicitly ignoring it: `_: &Self::Sprite`
[INFO] [stdout]    |
[INFO] [stdout]    = note: `#[warn(anonymous_parameters)]` on by default
[INFO] [stdout]    = warning: this is accepted in the current edition (Rust 2015) but is a hard error in Rust 2018!
[INFO] [stdout]    = note: for more information, see issue #41686 <https://github.com/rust-lang/rust/issues/41686>
[INFO] [stdout] 
[INFO] [stdout] 
[INFO] [stdout] warning: anonymous parameters are deprecated and will be removed in the next edition.
[INFO] [stdout]   --> src/world.rs:12:32
[INFO] [stdout]    |
[INFO] [stdout] 12 |     fn event_update(&mut self, &Event) {}
[INFO] [stdout]    |                                ^^^^^^ help: try naming the parameter or explicitly ignoring it: `_: &Event`
[INFO] [stdout]    |
[INFO] [stdout]    = warning: this is accepted in the current edition (Rust 2015) but is a hard error in Rust 2018!
[INFO] [stdout]    = note: for more information, see issue #41686 <https://github.com/rust-lang/rust/issues/41686>
[INFO] [stdout] 
[INFO] [stdout] 
[INFO] [stdout] warning: anonymous parameters are deprecated and will be removed in the next edition.
[INFO] [stdout]   --> src/world.rs:14:22
[INFO] [stdout]    |
[INFO] [stdout] 14 |     fn render(&self, &mut Canvas<Window>, i32, i32) {}
[INFO] [stdout]    |                      ^^^^^^^^^^^^^^^^^^^ help: try naming the parameter or explicitly ignoring it: `_: &mut Canvas<Window>`
[INFO] [stdout]    |
[INFO] [stdout]    = warning: this is accepted in the current edition (Rust 2015) but is a hard error in Rust 2018!
[INFO] [stdout]    = note: for more information, see issue #41686 <https://github.com/rust-lang/rust/issues/41686>
[INFO] [stdout] 
[INFO] [stdout] 
[INFO] [stdout] warning: anonymous parameters are deprecated and will be removed in the next edition.
[INFO] [stdout]   --> src/world.rs:14:43
[INFO] [stdout]    |
[INFO] [stdout] 14 |     fn render(&self, &mut Canvas<Window>, i32, i32) {}
[INFO] [stdout]    |                                           ^^^ help: try naming the parameter or explicitly ignoring it: `_: i32`
[INFO] [stdout]    |
[INFO] [stdout]    = warning: this is accepted in the current edition (Rust 2015) but is a hard error in Rust 2018!
[INFO] [stdout]    = note: for more information, see issue #41686 <https://github.com/rust-lang/rust/issues/41686>
[INFO] [stdout] 
[INFO] [stdout] 
[INFO] [stdout] warning: anonymous parameters are deprecated and will be removed in the next edition.
[INFO] [stdout]   --> src/world.rs:14:48
[INFO] [stdout]    |
[INFO] [stdout] 14 |     fn render(&self, &mut Canvas<Window>, i32, i32) {}
[INFO] [stdout]    |                                                ^^^ help: try naming the parameter or explicitly ignoring it: `_: i32`
[INFO] [stdout]    |
[INFO] [stdout]    = warning: this is accepted in the current edition (Rust 2015) but is a hard error in Rust 2018!
[INFO] [stdout]    = note: for more information, see issue #41686 <https://github.com/rust-lang/rust/issues/41686>
[INFO] [stdout] 
[INFO] [stdout] 
[INFO] [stdout] error[E0599]: no method named `remove_item` found for struct `Vec<Keycode>` in the current scope
[INFO] [stdout]    --> src/player.rs:119:35
[INFO] [stdout]     |
[INFO] [stdout] 119 |                     self.keydowns.remove_item(keycode);
[INFO] [stdout]     |                                   ^^^^^^^^^^^ method not found in `Vec<Keycode>`
[INFO] [stdout] 
[INFO] [stdout] 
[INFO] [stdout] error: aborting due to 4 previous errors; 5 warnings emitted
[INFO] [stdout] 
[INFO] [stdout] 
[INFO] [stdout] Some errors have detailed explanations: E0554, E0599.
[INFO] [stdout] 
[INFO] [stdout] For more information about an error, try `rustc --explain E0554`.
[INFO] [stdout] 
[INFO] [stderr] error: could not compile `game` due to 5 previous errors; 5 warnings emitted
[INFO] [stderr] warning: build failed, waiting for other jobs to finish...
[INFO] [stdout] error[E0599]: no method named `remove_item` found for struct `Vec<Keycode>` in the current scope
[INFO] [stdout]    --> src/player.rs:119:35
[INFO] [stdout]     |
[INFO] [stdout] 119 |                     self.keydowns.remove_item(keycode);
[INFO] [stdout]     |                                   ^^^^^^^^^^^ method not found in `Vec<Keycode>`
[INFO] [stdout] 
[INFO] [stdout] 
[INFO] [stdout] error: aborting due to 4 previous errors; 5 warnings emitted
[INFO] [stdout] 
[INFO] [stdout] 
[INFO] [stdout] Some errors have detailed explanations: E0554, E0599.
[INFO] [stdout] 
[INFO] [stdout] For more information about an error, try `rustc --explain E0554`.
[INFO] [stdout] 
[INFO] [stderr] error: build failed
[INFO] running `Command { std: "docker" "inspect" "839b201f43ed02879187ab7bdfc465b770bc5c61ceae150878ed8e5990785c36", kill_on_drop: false }`
[INFO] running `Command { std: "docker" "rm" "-f" "839b201f43ed02879187ab7bdfc465b770bc5c61ceae150878ed8e5990785c36", kill_on_drop: false }`
[INFO] [stdout] 839b201f43ed02879187ab7bdfc465b770bc5c61ceae150878ed8e5990785c36
