[INFO] cloning repository https://github.com/jorgenpt/bichrome
[INFO] running `Command { std: "git" "-c" "credential.helper=" "-c" "credential.helper=/workspace/cargo-home/bin/git-credential-null" "clone" "--bare" "https://github.com/jorgenpt/bichrome" "/workspace/cache/git-repos/https%3A%2F%2Fgithub.com%2Fjorgenpt%2Fbichrome", kill_on_drop: false }`
[INFO] [stderr] Cloning into bare repository '/workspace/cache/git-repos/https%3A%2F%2Fgithub.com%2Fjorgenpt%2Fbichrome'...
[INFO] running `Command { std: "git" "rev-parse" "HEAD", kill_on_drop: false }`
[INFO] [stdout] 7afce316de34af90a2856e946d0828912f96632f
[INFO] checking jorgenpt/bichrome against 1.55.0 for beta-1.56-3
[INFO] running `Command { std: "git" "clone" "/workspace/cache/git-repos/https%3A%2F%2Fgithub.com%2Fjorgenpt%2Fbichrome" "/workspace/builds/worker-3/source", kill_on_drop: false }`
[INFO] [stderr] Cloning into '/workspace/builds/worker-3/source'...
[INFO] [stderr] done.
[INFO] validating manifest of git repo https://github.com/jorgenpt/bichrome on toolchain 1.55.0
[INFO] running `Command { std: "/workspace/cargo-home/bin/cargo" "+1.55.0" "metadata" "--manifest-path" "Cargo.toml" "--no-deps", kill_on_drop: false }`
[INFO] started tweaking git repo https://github.com/jorgenpt/bichrome
[INFO] finished tweaking git repo https://github.com/jorgenpt/bichrome
[INFO] tweaked toml for git repo https://github.com/jorgenpt/bichrome written to /workspace/builds/worker-3/source/Cargo.toml
[INFO] crate git repo https://github.com/jorgenpt/bichrome already has a lockfile, it will not be regenerated
[INFO] running `Command { std: "/workspace/cargo-home/bin/cargo" "+1.55.0" "fetch" "--manifest-path" "Cargo.toml", kill_on_drop: false }`
[INFO] [stderr]  Downloading crates ...
[INFO] [stderr]   Downloaded winreg v0.8.0
[INFO] [stderr]   Downloaded simplelog v0.9.0
[INFO] [stderr]   Downloaded const_format_proc_macros v0.2.8
[INFO] [stderr]   Downloaded const_format v0.2.13
[INFO] [stderr]   Downloaded webextension_pattern v0.3.0
[INFO] [stderr]   Downloaded windows v0.10.0
[INFO] [stderr]   Downloaded windows_macros v0.10.0
[INFO] [stderr]   Downloaded windows_gen v0.10.0
[INFO] running `Command { std: "docker" "create" "-v" "/var/lib/crater-agent-workspace/builds/worker-3/target:/opt/rustwide/target:rw,Z" "-v" "/var/lib/crater-agent-workspace/builds/worker-3/source:/opt/rustwide/workdir:ro,Z" "-v" "/var/lib/crater-agent-workspace/cargo-home:/opt/rustwide/cargo-home:ro,Z" "-v" "/var/lib/crater-agent-workspace/rustup-home:/opt/rustwide/rustup-home:ro,Z" "-e" "SOURCE_DIR=/opt/rustwide/workdir" "-e" "CARGO_TARGET_DIR=/opt/rustwide/target" "-e" "CARGO_HOME=/opt/rustwide/cargo-home" "-e" "RUSTUP_HOME=/opt/rustwide/rustup-home" "-w" "/opt/rustwide/workdir" "-m" "1610612736" "--user" "0:0" "--network" "none" "ghcr.io/rust-lang/crates-build-env/linux@sha256:a89201d6b5b9fd45c15d5952ece0a0129e7e80cb26ec023fd59cf09bc26f1604" "/opt/rustwide/cargo-home/bin/cargo" "+1.55.0" "metadata" "--no-deps" "--format-version=1", kill_on_drop: false }`
[INFO] [stdout] 3fc4af3a1b0d36c1782eb0fb96e0c994203e82637657c73a6d520d8560c16efb
[INFO] [stderr] WARNING: Your kernel does not support swap limit capabilities or the cgroup is not mounted. Memory limited without swap.
[INFO] running `Command { std: "docker" "start" "-a" "3fc4af3a1b0d36c1782eb0fb96e0c994203e82637657c73a6d520d8560c16efb", kill_on_drop: false }`
[INFO] running `Command { std: "docker" "inspect" "3fc4af3a1b0d36c1782eb0fb96e0c994203e82637657c73a6d520d8560c16efb", kill_on_drop: false }`
[INFO] running `Command { std: "docker" "rm" "-f" "3fc4af3a1b0d36c1782eb0fb96e0c994203e82637657c73a6d520d8560c16efb", kill_on_drop: false }`
[INFO] [stdout] 3fc4af3a1b0d36c1782eb0fb96e0c994203e82637657c73a6d520d8560c16efb
[INFO] running `Command { std: "docker" "create" "-v" "/var/lib/crater-agent-workspace/builds/worker-3/target:/opt/rustwide/target:rw,Z" "-v" "/var/lib/crater-agent-workspace/builds/worker-3/source:/opt/rustwide/workdir:ro,Z" "-v" "/var/lib/crater-agent-workspace/cargo-home:/opt/rustwide/cargo-home:ro,Z" "-v" "/var/lib/crater-agent-workspace/rustup-home:/opt/rustwide/rustup-home:ro,Z" "-e" "SOURCE_DIR=/opt/rustwide/workdir" "-e" "CARGO_TARGET_DIR=/opt/rustwide/target" "-e" "CARGO_INCREMENTAL=0" "-e" "RUST_BACKTRACE=full" "-e" "RUSTFLAGS=--cap-lints=warn" "-e" "CARGO_HOME=/opt/rustwide/cargo-home" "-e" "RUSTUP_HOME=/opt/rustwide/rustup-home" "-w" "/opt/rustwide/workdir" "-m" "1610612736" "--user" "0:0" "--network" "none" "ghcr.io/rust-lang/crates-build-env/linux@sha256:a89201d6b5b9fd45c15d5952ece0a0129e7e80cb26ec023fd59cf09bc26f1604" "/opt/rustwide/cargo-home/bin/cargo" "+1.55.0" "check" "--frozen" "--all" "--all-targets" "--message-format=json", kill_on_drop: false }`
[INFO] [stdout] 1467ec875e92bf726e6c2080fe81f85783f1f2a473bede49d74b791f7337ffec
[INFO] [stderr] WARNING: Your kernel does not support swap limit capabilities or the cgroup is not mounted. Memory limited without swap.
[INFO] running `Command { std: "docker" "start" "-a" "1467ec875e92bf726e6c2080fe81f85783f1f2a473bede49d74b791f7337ffec", kill_on_drop: false }`
[INFO] [stderr]    Compiling syn v1.0.64
[INFO] [stderr]    Compiling libc v0.2.89
[INFO] [stderr]    Compiling serde v1.0.124
[INFO] [stderr]    Compiling bichrome v0.5.0 (/opt/rustwide/workdir)
[INFO] [stderr]    Compiling proc-macro-error-attr v1.0.4
[INFO] [stderr]    Compiling const_format_proc_macros v0.2.8
[INFO] [stderr]     Checking regex v1.4.5
[INFO] [stderr]     Checking const_format v0.2.13
[INFO] [stderr]     Checking atty v0.2.14
[INFO] [stderr]     Checking time v0.1.44
[INFO] [stderr]     Checking clap v2.33.3
[INFO] [stderr]     Checking chrono v0.4.19
[INFO] [stderr]     Checking simplelog v0.9.0
[INFO] [stderr]    Compiling proc-macro-error v1.0.4
[INFO] [stderr]    Compiling serde_derive v1.0.124
[INFO] [stderr]    Compiling thiserror-impl v1.0.24
[INFO] [stderr]    Compiling structopt-derive v0.4.14
[INFO] [stderr]     Checking thiserror v1.0.24
[INFO] [stderr]     Checking structopt v0.3.21
[INFO] [stderr]     Checking webextension_pattern v0.3.0
[INFO] [stderr]     Checking serde_json v1.0.64
[INFO] [stdout] error[E0432]: unresolved import `crate::os`
[INFO] [stdout]  --> src/config.rs:7:5
[INFO] [stdout]   |
[INFO] [stdout] 7 |     os::get_chrome_local_state_path,
[INFO] [stdout]   |     ^^
[INFO] [stdout]   |     |
[INFO] [stdout]   |     unresolved import
[INFO] [stdout]   |     help: a similar path exists: `std::os`
[INFO] [stdout] 
[INFO] [stdout] 
[INFO] [stdout] error[E0433]: failed to resolve: use of undeclared crate or module `os`
[INFO] [stdout]   --> src/main.rs:26:5
[INFO] [stdout]    |
[INFO] [stdout] 26 |     os::main()
[INFO] [stdout]    |     ^^ use of undeclared crate or module `os`
[INFO] [stdout] 
[INFO] [stdout] 
[INFO] [stdout] error[E0432]: unresolved import `crate::os`
[INFO] [stdout]  --> src/config.rs:7:5
[INFO] [stdout]   |
[INFO] [stdout] 7 |     os::get_chrome_local_state_path,
[INFO] [stdout]   |     ^^
[INFO] [stdout]   |     |
[INFO] [stdout]   |     unresolved import
[INFO] [stdout]   |     help: a similar path exists: `std::os`
[INFO] [stdout] 
[INFO] [stdout] 
[INFO] [stdout] error[E0433]: failed to resolve: use of undeclared crate or module `os`
[INFO] [stdout]   --> src/main.rs:26:5
[INFO] [stdout]    |
[INFO] [stdout] 26 |     os::main()
[INFO] [stdout]    |     ^^ use of undeclared crate or module `os`
[INFO] [stdout] 
[INFO] [stdout] 
[INFO] [stdout] error: aborting due to 2 previous errors
[INFO] [stdout] 
[INFO] [stdout] 
[INFO] [stdout] Some errors have detailed explanations: E0432, E0433.
[INFO] [stdout] 
[INFO] [stdout] For more information about an error, try `rustc --explain E0432`.
[INFO] [stdout] 
[INFO] [stderr] error: could not compile `bichrome` due to 3 previous errors
[INFO] [stderr] warning: build failed, waiting for other jobs to finish...
[INFO] [stdout] error: aborting due to 2 previous errors
[INFO] [stdout] 
[INFO] [stdout] 
[INFO] [stdout] Some errors have detailed explanations: E0432, E0433.
[INFO] [stdout] 
[INFO] [stdout] For more information about an error, try `rustc --explain E0432`.
[INFO] [stdout] 
[INFO] [stderr] error: build failed
[INFO] running `Command { std: "docker" "inspect" "1467ec875e92bf726e6c2080fe81f85783f1f2a473bede49d74b791f7337ffec", kill_on_drop: false }`
[INFO] running `Command { std: "docker" "rm" "-f" "1467ec875e92bf726e6c2080fe81f85783f1f2a473bede49d74b791f7337ffec", kill_on_drop: false }`
[INFO] [stdout] 1467ec875e92bf726e6c2080fe81f85783f1f2a473bede49d74b791f7337ffec
