[INFO] cloning repository https://github.com/joneal/sqs
[INFO] running `Command { std: "git" "-c" "credential.helper=" "-c" "credential.helper=/workspace/cargo-home/bin/git-credential-null" "clone" "--bare" "https://github.com/joneal/sqs" "/workspace/cache/git-repos/https%3A%2F%2Fgithub.com%2Fjoneal%2Fsqs", kill_on_drop: false }`
[INFO] [stderr] Cloning into bare repository '/workspace/cache/git-repos/https%3A%2F%2Fgithub.com%2Fjoneal%2Fsqs'...
[INFO] running `Command { std: "git" "rev-parse" "HEAD", kill_on_drop: false }`
[INFO] [stdout] 2e529904cd7dac927019ab3991c818f04c9ad1aa
[INFO] checking joneal/sqs against beta-2021-10-15 for beta-1.56-3
[INFO] running `Command { std: "git" "clone" "/workspace/cache/git-repos/https%3A%2F%2Fgithub.com%2Fjoneal%2Fsqs" "/workspace/builds/worker-12/source", kill_on_drop: false }`
[INFO] [stderr] Cloning into '/workspace/builds/worker-12/source'...
[INFO] [stderr] done.
[INFO] validating manifest of git repo https://github.com/joneal/sqs on toolchain beta-2021-10-15
[INFO] running `Command { std: "/workspace/cargo-home/bin/cargo" "+beta-2021-10-15" "metadata" "--manifest-path" "Cargo.toml" "--no-deps", kill_on_drop: false }`
[INFO] started tweaking git repo https://github.com/joneal/sqs
[INFO] finished tweaking git repo https://github.com/joneal/sqs
[INFO] tweaked toml for git repo https://github.com/joneal/sqs written to /workspace/builds/worker-12/source/Cargo.toml
[INFO] crate git repo https://github.com/joneal/sqs already has a lockfile, it will not be regenerated
[INFO] running `Command { std: "/workspace/cargo-home/bin/cargo" "+beta-2021-10-15" "fetch" "--manifest-path" "Cargo.toml", kill_on_drop: false }`
[INFO] [stderr]  Downloading crates ...
[INFO] [stderr]   Downloaded rusoto_config v0.43.0
[INFO] [stderr]   Downloaded rusoto_sqs v0.43.0
[INFO] running `Command { std: "docker" "create" "-v" "/var/lib/crater-agent-workspace/builds/worker-12/target:/opt/rustwide/target:rw,Z" "-v" "/var/lib/crater-agent-workspace/builds/worker-12/source:/opt/rustwide/workdir:ro,Z" "-v" "/var/lib/crater-agent-workspace/cargo-home:/opt/rustwide/cargo-home:ro,Z" "-v" "/var/lib/crater-agent-workspace/rustup-home:/opt/rustwide/rustup-home:ro,Z" "-e" "SOURCE_DIR=/opt/rustwide/workdir" "-e" "CARGO_TARGET_DIR=/opt/rustwide/target" "-e" "CARGO_HOME=/opt/rustwide/cargo-home" "-e" "RUSTUP_HOME=/opt/rustwide/rustup-home" "-w" "/opt/rustwide/workdir" "-m" "1610612736" "--user" "0:0" "--network" "none" "ghcr.io/rust-lang/crates-build-env/linux@sha256:a89201d6b5b9fd45c15d5952ece0a0129e7e80cb26ec023fd59cf09bc26f1604" "/opt/rustwide/cargo-home/bin/cargo" "+beta-2021-10-15" "metadata" "--no-deps" "--format-version=1", kill_on_drop: false }`
[INFO] [stdout] 58b48881d40982d60be07676320085d5839b565b8933141e44ee9f96e1cb1abb
[INFO] [stderr] WARNING: Your kernel does not support swap limit capabilities or the cgroup is not mounted. Memory limited without swap.
[INFO] running `Command { std: "docker" "start" "-a" "58b48881d40982d60be07676320085d5839b565b8933141e44ee9f96e1cb1abb", kill_on_drop: false }`
[INFO] running `Command { std: "docker" "inspect" "58b48881d40982d60be07676320085d5839b565b8933141e44ee9f96e1cb1abb", kill_on_drop: false }`
[INFO] running `Command { std: "docker" "rm" "-f" "58b48881d40982d60be07676320085d5839b565b8933141e44ee9f96e1cb1abb", kill_on_drop: false }`
[INFO] [stdout] 58b48881d40982d60be07676320085d5839b565b8933141e44ee9f96e1cb1abb
[INFO] running `Command { std: "docker" "create" "-v" "/var/lib/crater-agent-workspace/builds/worker-12/target:/opt/rustwide/target:rw,Z" "-v" "/var/lib/crater-agent-workspace/builds/worker-12/source:/opt/rustwide/workdir:ro,Z" "-v" "/var/lib/crater-agent-workspace/cargo-home:/opt/rustwide/cargo-home:ro,Z" "-v" "/var/lib/crater-agent-workspace/rustup-home:/opt/rustwide/rustup-home:ro,Z" "-e" "SOURCE_DIR=/opt/rustwide/workdir" "-e" "CARGO_TARGET_DIR=/opt/rustwide/target" "-e" "CARGO_INCREMENTAL=0" "-e" "RUST_BACKTRACE=full" "-e" "RUSTFLAGS=--cap-lints=warn" "-e" "CARGO_HOME=/opt/rustwide/cargo-home" "-e" "RUSTUP_HOME=/opt/rustwide/rustup-home" "-w" "/opt/rustwide/workdir" "-m" "1610612736" "--user" "0:0" "--network" "none" "ghcr.io/rust-lang/crates-build-env/linux@sha256:a89201d6b5b9fd45c15d5952ece0a0129e7e80cb26ec023fd59cf09bc26f1604" "/opt/rustwide/cargo-home/bin/cargo" "+beta-2021-10-15" "check" "--frozen" "--all" "--all-targets" "--message-format=json", kill_on_drop: false }`
[INFO] [stdout] ebb68506e8089261410ecbc01c22bf641f084e3cdae7f7a3a7fbbebd6607b429
[INFO] [stderr] WARNING: Your kernel does not support swap limit capabilities or the cgroup is not mounted. Memory limited without swap.
[INFO] running `Command { std: "docker" "start" "-a" "ebb68506e8089261410ecbc01c22bf641f084e3cdae7f7a3a7fbbebd6607b429", kill_on_drop: false }`
[INFO] [stderr]    Compiling syn v1.0.16
[INFO] [stderr]    Compiling proc-macro-hack v0.5.14
[INFO] [stderr]    Compiling proc-macro-nested v0.1.4
[INFO] [stderr]    Compiling standback v0.2.1
[INFO] [stderr]     Checking zeroize v1.1.0
[INFO] [stderr]     Checking base64 v0.12.0
[INFO] [stderr]    Compiling num-traits v0.2.11
[INFO] [stderr]    Compiling byteorder v1.3.4
[INFO] [stderr]     Checking aho-corasick v0.7.9
[INFO] [stderr]    Compiling rusoto_core v0.43.0
[INFO] [stderr]     Checking digest v0.8.1
[INFO] [stderr]     Checking crypto-mac v0.7.0
[INFO] [stderr]     Checking native-tls v0.2.4
[INFO] [stderr]     Checking hmac v0.7.1
[INFO] [stderr]     Checking block-buffer v0.7.3
[INFO] [stderr]     Checking sha2 v0.8.1
[INFO] [stderr]     Checking regex v1.3.4
[INFO] [stderr]     Checking num-integer v0.1.42
[INFO] [stderr]    Compiling futures-macro v0.3.4
[INFO] [stderr]    Compiling tokio-macros v0.2.5
[INFO] [stderr]    Compiling serde_derive v1.0.104
[INFO] [stderr]    Compiling pin-project-internal v0.4.8
[INFO] [stderr]    Compiling rustversion v1.0.2
[INFO] [stderr]    Compiling time-macros-impl v0.1.0
[INFO] [stderr]    Compiling async-trait v0.1.24
[INFO] [stderr]     Checking tokio v0.2.13
[INFO] [stderr]     Checking time-macros v0.1.0
[INFO] [stderr]    Compiling time v0.2.9
[INFO] [stderr]     Checking futures-util v0.3.4
[INFO] [stderr]     Checking pin-project v0.4.8
[INFO] [stderr]     Checking futures-executor v0.3.4
[INFO] [stderr]     Checking futures v0.3.4
[INFO] [stderr]     Checking tokio-util v0.2.0
[INFO] [stderr]     Checking tokio-tls v0.3.0
[INFO] [stderr]     Checking h2 v0.2.2
[INFO] [stderr]     Checking serde v1.0.104
[INFO] [stderr]     Checking hyper v0.13.4
[INFO] [stderr]     Checking chrono v0.4.10
[INFO] [stderr]     Checking serde_json v1.0.48
[INFO] [stderr]     Checking serde_urlencoded v0.6.1
[INFO] [stderr]     Checking hyper-tls v0.4.1
[INFO] [stderr]     Checking rusoto_credential v0.43.0
[INFO] [stderr]     Checking rusoto_signature v0.43.0
[INFO] [stderr]     Checking rusoto_config v0.43.0
[INFO] [stderr]     Checking rusoto_sqs v0.43.0
[INFO] [stderr]     Checking sqs v0.1.0 (/opt/rustwide/workdir)
[INFO] [stdout] error[E0308]: mismatched types
[INFO] [stdout]   --> src/main.rs:52:33
[INFO] [stdout]    |
[INFO] [stdout] 52 |         delete_message(&client, queue_url.clone(), msg.receipt_handle.clone().unwrap()).await;
[INFO] [stdout]    |                                 ^^^^^^^^^^^^^^^^^
[INFO] [stdout]    |                                 |
[INFO] [stdout]    |                                 expected `&String`, found struct `String`
[INFO] [stdout]    |                                 help: consider borrowing here: `&queue_url`
[INFO] [stdout] 
[INFO] [stdout] 
[INFO] [stdout] error[E0308]: mismatched types
[INFO] [stdout]   --> src/main.rs:52:52
[INFO] [stdout]    |
[INFO] [stdout] 52 |         delete_message(&client, queue_url.clone(), msg.receipt_handle.clone().unwrap()).await;
[INFO] [stdout]    |                                                    ^^^^^^^^^^^^^^^^^^^^^^^^^^^^^^^^^^^
[INFO] [stdout]    |                                                    |
[INFO] [stdout]    |                                                    expected `&String`, found struct `String`
[INFO] [stdout]    |                                                    help: consider borrowing here: `&msg.receipt_handle.clone().unwrap()`
[INFO] [stdout] 
[INFO] [stdout] 
[INFO] [stdout] error: aborting due to 2 previous errors
[INFO] [stdout] 
[INFO] [stdout] 
[INFO] [stdout] For more information about this error, try `rustc --explain E0308`.
[INFO] [stdout] 
[INFO] [stderr] error: could not compile `sqs` due to 3 previous errors
[INFO] [stderr] warning: build failed, waiting for other jobs to finish...
[INFO] [stdout] error[E0308]: mismatched types
[INFO] [stdout]   --> src/main.rs:52:33
[INFO] [stdout]    |
[INFO] [stdout] 52 |         delete_message(&client, queue_url.clone(), msg.receipt_handle.clone().unwrap()).await;
[INFO] [stdout]    |                                 ^^^^^^^^^^^^^^^^^
[INFO] [stdout]    |                                 |
[INFO] [stdout]    |                                 expected `&String`, found struct `String`
[INFO] [stdout]    |                                 help: consider borrowing here: `&queue_url`
[INFO] [stdout] 
[INFO] [stdout] 
[INFO] [stdout] error[E0308]: mismatched types
[INFO] [stdout]   --> src/main.rs:52:52
[INFO] [stdout]    |
[INFO] [stdout] 52 |         delete_message(&client, queue_url.clone(), msg.receipt_handle.clone().unwrap()).await;
[INFO] [stdout]    |                                                    ^^^^^^^^^^^^^^^^^^^^^^^^^^^^^^^^^^^
[INFO] [stdout]    |                                                    |
[INFO] [stdout]    |                                                    expected `&String`, found struct `String`
[INFO] [stdout]    |                                                    help: consider borrowing here: `&msg.receipt_handle.clone().unwrap()`
[INFO] [stdout] 
[INFO] [stdout] 
[INFO] [stdout] error: aborting due to 2 previous errors
[INFO] [stdout] 
[INFO] [stdout] 
[INFO] [stdout] For more information about this error, try `rustc --explain E0308`.
[INFO] [stdout] 
[INFO] [stderr] error: build failed
[INFO] running `Command { std: "docker" "inspect" "ebb68506e8089261410ecbc01c22bf641f084e3cdae7f7a3a7fbbebd6607b429", kill_on_drop: false }`
[INFO] running `Command { std: "docker" "rm" "-f" "ebb68506e8089261410ecbc01c22bf641f084e3cdae7f7a3a7fbbebd6607b429", kill_on_drop: false }`
[INFO] [stdout] ebb68506e8089261410ecbc01c22bf641f084e3cdae7f7a3a7fbbebd6607b429
