[INFO] cloning repository https://github.com/joncfoo/rustypod
[INFO] running `Command { std: "git" "-c" "credential.helper=" "-c" "credential.helper=/workspace/cargo-home/bin/git-credential-null" "clone" "--bare" "https://github.com/joncfoo/rustypod" "/workspace/cache/git-repos/https%3A%2F%2Fgithub.com%2Fjoncfoo%2Frustypod", kill_on_drop: false }`
[INFO] [stderr] Cloning into bare repository '/workspace/cache/git-repos/https%3A%2F%2Fgithub.com%2Fjoncfoo%2Frustypod'...
[INFO] running `Command { std: "git" "rev-parse" "HEAD", kill_on_drop: false }`
[INFO] [stdout] 1e9ebce5dbcaad642c7f4134a6b0ce66c71ae18d
[INFO] checking joncfoo/rustypod against 1.55.0 for beta-1.56-3
[INFO] running `Command { std: "git" "clone" "/workspace/cache/git-repos/https%3A%2F%2Fgithub.com%2Fjoncfoo%2Frustypod" "/workspace/builds/worker-13/source", kill_on_drop: false }`
[INFO] [stderr] Cloning into '/workspace/builds/worker-13/source'...
[INFO] [stderr] done.
[INFO] validating manifest of git repo https://github.com/joncfoo/rustypod on toolchain 1.55.0
[INFO] running `Command { std: "/workspace/cargo-home/bin/cargo" "+1.55.0" "metadata" "--manifest-path" "Cargo.toml" "--no-deps", kill_on_drop: false }`
[INFO] started tweaking git repo https://github.com/joncfoo/rustypod
[INFO] finished tweaking git repo https://github.com/joncfoo/rustypod
[INFO] tweaked toml for git repo https://github.com/joncfoo/rustypod written to /workspace/builds/worker-13/source/Cargo.toml
[INFO] crate git repo https://github.com/joncfoo/rustypod already has a lockfile, it will not be regenerated
[INFO] running `Command { std: "/workspace/cargo-home/bin/cargo" "+1.55.0" "fetch" "--manifest-path" "Cargo.toml", kill_on_drop: false }`
[INFO] [stderr]     Blocking waiting for file lock on package cache
[INFO] running `Command { std: "docker" "create" "-v" "/var/lib/crater-agent-workspace/builds/worker-13/target:/opt/rustwide/target:rw,Z" "-v" "/var/lib/crater-agent-workspace/builds/worker-13/source:/opt/rustwide/workdir:ro,Z" "-v" "/var/lib/crater-agent-workspace/cargo-home:/opt/rustwide/cargo-home:ro,Z" "-v" "/var/lib/crater-agent-workspace/rustup-home:/opt/rustwide/rustup-home:ro,Z" "-e" "SOURCE_DIR=/opt/rustwide/workdir" "-e" "CARGO_TARGET_DIR=/opt/rustwide/target" "-e" "CARGO_HOME=/opt/rustwide/cargo-home" "-e" "RUSTUP_HOME=/opt/rustwide/rustup-home" "-w" "/opt/rustwide/workdir" "-m" "1610612736" "--user" "0:0" "--network" "none" "ghcr.io/rust-lang/crates-build-env/linux@sha256:a89201d6b5b9fd45c15d5952ece0a0129e7e80cb26ec023fd59cf09bc26f1604" "/opt/rustwide/cargo-home/bin/cargo" "+1.55.0" "metadata" "--no-deps" "--format-version=1", kill_on_drop: false }`
[INFO] [stdout] 556600f9f80068e1fe5e8e2db61a358687abed415b15411df3c6a07564ce6b4b
[INFO] [stderr] WARNING: Your kernel does not support swap limit capabilities or the cgroup is not mounted. Memory limited without swap.
[INFO] running `Command { std: "docker" "start" "-a" "556600f9f80068e1fe5e8e2db61a358687abed415b15411df3c6a07564ce6b4b", kill_on_drop: false }`
[INFO] running `Command { std: "docker" "inspect" "556600f9f80068e1fe5e8e2db61a358687abed415b15411df3c6a07564ce6b4b", kill_on_drop: false }`
[INFO] running `Command { std: "docker" "rm" "-f" "556600f9f80068e1fe5e8e2db61a358687abed415b15411df3c6a07564ce6b4b", kill_on_drop: false }`
[INFO] [stdout] 556600f9f80068e1fe5e8e2db61a358687abed415b15411df3c6a07564ce6b4b
[INFO] running `Command { std: "docker" "create" "-v" "/var/lib/crater-agent-workspace/builds/worker-13/target:/opt/rustwide/target:rw,Z" "-v" "/var/lib/crater-agent-workspace/builds/worker-13/source:/opt/rustwide/workdir:ro,Z" "-v" "/var/lib/crater-agent-workspace/cargo-home:/opt/rustwide/cargo-home:ro,Z" "-v" "/var/lib/crater-agent-workspace/rustup-home:/opt/rustwide/rustup-home:ro,Z" "-e" "SOURCE_DIR=/opt/rustwide/workdir" "-e" "CARGO_TARGET_DIR=/opt/rustwide/target" "-e" "CARGO_INCREMENTAL=0" "-e" "RUST_BACKTRACE=full" "-e" "RUSTFLAGS=--cap-lints=warn" "-e" "CARGO_HOME=/opt/rustwide/cargo-home" "-e" "RUSTUP_HOME=/opt/rustwide/rustup-home" "-w" "/opt/rustwide/workdir" "-m" "1610612736" "--user" "0:0" "--network" "none" "ghcr.io/rust-lang/crates-build-env/linux@sha256:a89201d6b5b9fd45c15d5952ece0a0129e7e80cb26ec023fd59cf09bc26f1604" "/opt/rustwide/cargo-home/bin/cargo" "+1.55.0" "check" "--frozen" "--all" "--all-targets" "--message-format=json", kill_on_drop: false }`
[INFO] [stdout] 4c60c84fdfaf84367b94f2cde601dd0f5e9304e57a7664446ab7ac036085b46b
[INFO] [stderr] WARNING: Your kernel does not support swap limit capabilities or the cgroup is not mounted. Memory limited without swap.
[INFO] running `Command { std: "docker" "start" "-a" "4c60c84fdfaf84367b94f2cde601dd0f5e9304e57a7664446ab7ac036085b46b", kill_on_drop: false }`
[INFO] [stderr]    Compiling value-bag v1.0.0-alpha.6
[INFO] [stderr]    Compiling log v0.4.14
[INFO] [stderr]     Checking once_cell v1.5.2
[INFO] [stderr]    Compiling futures-core v0.3.12
[INFO] [stderr]    Compiling futures-io v0.3.12
[INFO] [stderr]    Compiling signal-hook v0.3.4
[INFO] [stderr]    Compiling fastrand v1.4.0
[INFO] [stderr]    Compiling cache-padded v1.1.1
[INFO] [stderr]    Compiling parking v2.0.0
[INFO] [stderr]    Compiling waker-fn v1.1.0
[INFO] [stderr]    Compiling event-listener v2.5.1
[INFO] [stderr]    Compiling untrusted v0.7.1
[INFO] [stderr]    Compiling vec-arena v1.0.0
[INFO] [stderr]    Compiling async-task v4.0.3
[INFO] [stderr]    Compiling futures-sink v0.3.12
[INFO] [stderr]    Compiling atomic-waker v1.0.0
[INFO] [stderr]    Compiling funty v1.1.0
[INFO] [stderr]    Compiling arrayvec v0.5.2
[INFO] [stderr]    Compiling base64 v0.13.0
[INFO] [stderr]    Compiling derive_builder v0.9.0
[INFO] [stderr]    Compiling cpuid-bool v0.1.2
[INFO] [stderr]    Compiling hex v0.4.2
[INFO] [stderr]    Compiling byteorder v1.4.2
[INFO] [stderr]    Compiling whoami v1.1.0
[INFO] [stderr]    Compiling bytes v1.0.1
[INFO] [stderr]    Compiling minreq v2.3.1
[INFO] [stderr]    Compiling ring v0.16.20
[INFO] [stderr]    Compiling nom v6.1.0
[INFO] [stderr]     Checking async-lock v2.3.0
[INFO] [stderr]    Compiling concurrent-queue v1.2.2
[INFO] [stderr]    Compiling libsqlite3-sys v0.20.1
[INFO] [stderr]    Compiling tinyvec v1.1.1
[INFO] [stderr]     Checking thread_local v1.1.3
[INFO] [stderr]     Checking futures-task v0.3.12
[INFO] [stderr]    Compiling form_urlencoded v1.0.0
[INFO] [stderr]    Compiling hashbrown v0.9.1
[INFO] [stderr]    Compiling futures-channel v0.3.12
[INFO] [stderr]    Compiling async-mutex v1.4.0
[INFO] [stderr]     Checking async-channel v1.5.1
[INFO] [stderr]     Checking hashlink v0.6.0
[INFO] [stderr]     Checking nb-connect v1.0.2
[INFO] [stderr]     Checking atty v0.2.14
[INFO] [stderr]     Checking dirs-sys v0.3.5
[INFO] [stderr]     Checking futures-lite v1.11.3
[INFO] [stderr]    Compiling crossbeam-utils v0.8.1
[INFO] [stderr]    Compiling generic-array v0.14.4
[INFO] [stderr]    Compiling bitvec v0.19.4
[INFO] [stderr]    Compiling lexical-core v0.7.5
[INFO] [stderr]    Compiling crc v1.8.1
[INFO] [stderr]     Checking quick-xml v0.20.0
[INFO] [stderr]     Checking ahash v0.6.3
[INFO] [stderr]     Checking regex v1.4.3
[INFO] [stderr]     Checking crossbeam-queue v0.3.1
[INFO] [stderr]     Checking clap v2.33.3
[INFO] [stderr]     Checking directories v3.0.1
[INFO] [stderr]    Compiling ctor v0.1.19
[INFO] [stderr]    Compiling async-attributes v1.1.2
[INFO] [stderr]    Compiling futures-macro v0.3.12
[INFO] [stderr]    Compiling darling_core v0.10.2
[INFO] [stderr]    Compiling proc-macro-error v1.0.4
[INFO] [stderr]     Checking chrono v0.4.19
[INFO] [stderr]    Compiling crossbeam-channel v0.5.0
[INFO] [stderr]    Compiling digest v0.9.0
[INFO] [stderr]    Compiling block-buffer v0.9.0
[INFO] [stderr]    Compiling unicode-normalization v0.1.17
[INFO] [stderr]    Compiling thiserror v1.0.23
[INFO] [stderr]     Checking async-executor v1.4.0
[INFO] [stderr]     Checking blocking v1.0.2
[INFO] [stderr]    Compiling structopt-derive v0.4.14
[INFO] [stderr]     Checking diligent-date-parser v0.1.2
[INFO] [stderr]     Checking fake v2.4.0
[INFO] [stderr]    Compiling sha2 v0.9.3
[INFO] [stderr]    Compiling futures-util v0.3.12
[INFO] [stderr]    Compiling idna v0.2.1
[INFO] [stderr]    Compiling stringprep v0.1.2
[INFO] [stderr]    Compiling polling v2.0.2
[INFO] [stderr]    Compiling kv-log-macro v1.0.7
[INFO] [stderr]     Checking env_logger v0.8.3
[INFO] [stderr]     Checking webpki v0.21.4
[INFO] [stderr]     Checking sct v0.6.0
[INFO] [stderr]    Compiling async-io v1.3.1
[INFO] [stderr]    Compiling url v2.2.0
[INFO] [stderr]     Checking rustls v0.19.0
[INFO] [stderr]     Checking webpki-roots v0.21.0
[INFO] [stderr]     Checking webpki-roots v0.18.0
[INFO] [stderr]     Checking async-global-executor v2.0.2
[INFO] [stderr]     Checking async-process v1.0.2
[INFO] [stderr]     Checking sqlformat v0.1.5
[INFO] [stderr]    Compiling darling_macro v0.10.2
[INFO] [stderr]     Checking async-std v1.9.0
[INFO] [stderr]     Checking structopt v0.3.21
[INFO] [stderr]    Compiling futures-executor v0.3.12
[INFO] [stderr]    Compiling futures v0.3.12
[INFO] [stderr]    Compiling darling v0.10.2
[INFO] [stderr]    Compiling derive_builder_core v0.9.0
[INFO] [stderr]     Checking async-rustls v0.2.0
[INFO] [stderr]     Checking atom_syndication v0.9.1
[INFO] [stderr]     Checking rss v1.10.0
[INFO] [stderr]     Checking sqlx-rt v0.3.0
[INFO] [stderr]     Checking sqlx-core v0.5.1
[INFO] [stderr]    Compiling sqlx-macros v0.5.1
[INFO] [stderr]     Checking sqlx v0.5.1
[INFO] [stderr]     Checking rustypod v0.1.0 (/opt/rustwide/workdir)
[INFO] [stdout] error: error returned from database: unable to open database file
[INFO] [stdout]   --> src/db.rs:44:23
[INFO] [stdout]    |
[INFO] [stdout] 44 |           let podcast = query_as!(
[INFO] [stdout]    |  _______________________^
[INFO] [stdout] 45 | |             Podcast,
[INFO] [stdout] 46 | |             r#"
[INFO] [stdout] 47 | |             insert into podcasts
[INFO] [stdout] ...  |
[INFO] [stdout] 68 | |             p.cache_key,
[INFO] [stdout] 69 | |         )
[INFO] [stdout]    | |_________^
[INFO] [stdout]    |
[INFO] [stdout]    = note: this error originates in the macro `$crate::sqlx_macros::expand_query` (in Nightly builds, run with -Z macro-backtrace for more info)
[INFO] [stdout] 
[INFO] [stdout] 
[INFO] [stdout] error: error returned from database: unable to open database file
[INFO] [stdout]    --> src/db.rs:79:23
[INFO] [stdout]     |
[INFO] [stdout] 79  |           let podcast = query_as!(
[INFO] [stdout]     |  _______________________^
[INFO] [stdout] 80  | |             Podcast,
[INFO] [stdout] 81  | |             r#"
[INFO] [stdout] 82  | |             update podcasts
[INFO] [stdout] ...   |
[INFO] [stdout] 104 | |             p.id,
[INFO] [stdout] 105 | |         )
[INFO] [stdout]     | |_________^
[INFO] [stdout]     |
[INFO] [stdout]     = note: this error originates in the macro `$crate::sqlx_macros::expand_query` (in Nightly builds, run with -Z macro-backtrace for more info)
[INFO] [stdout] 
[INFO] [stdout] 
[INFO] [stdout] error: error returned from database: unable to open database file
[INFO] [stdout]    --> src/db.rs:123:17
[INFO] [stdout]     |
[INFO] [stdout] 123 |         let p = query_as!(Podcast, r#"select * from podcasts where id = ?"#, id,)
[INFO] [stdout]     |                 ^^^^^^^^^^^^^^^^^^^^^^^^^^^^^^^^^^^^^^^^^^^^^^^^^^^^^^^^^^^^^^^^^
[INFO] [stdout]     |
[INFO] [stdout]     = note: this error originates in the macro `$crate::sqlx_macros::expand_query` (in Nightly builds, run with -Z macro-backtrace for more info)
[INFO] [stdout] 
[INFO] [stdout] 
[INFO] [stdout] error: error returned from database: unable to open database file
[INFO] [stdout]   --> src/db.rs:44:23
[INFO] [stdout]    |
[INFO] [stdout] 44 |           let podcast = query_as!(
[INFO] [stdout]    |  _______________________^
[INFO] [stdout] 45 | |             Podcast,
[INFO] [stdout] 46 | |             r#"
[INFO] [stdout] 47 | |             insert into podcasts
[INFO] [stdout] ...  |
[INFO] [stdout] 68 | |             p.cache_key,
[INFO] [stdout] 69 | |         )
[INFO] [stdout]    | |_________^
[INFO] [stdout]    |
[INFO] [stdout]    = note: this error originates in the macro `$crate::sqlx_macros::expand_query` (in Nightly builds, run with -Z macro-backtrace for more info)
[INFO] [stdout] 
[INFO] [stdout] 
[INFO] [stdout] error: error returned from database: unable to open database file
[INFO] [stdout]    --> src/db.rs:79:23
[INFO] [stdout]     |
[INFO] [stdout] 79  |           let podcast = query_as!(
[INFO] [stdout]     |  _______________________^
[INFO] [stdout] 80  | |             Podcast,
[INFO] [stdout] 81  | |             r#"
[INFO] [stdout] 82  | |             update podcasts
[INFO] [stdout] ...   |
[INFO] [stdout] 104 | |             p.id,
[INFO] [stdout] 105 | |         )
[INFO] [stdout]     | |_________^
[INFO] [stdout]     |
[INFO] [stdout]     = note: this error originates in the macro `$crate::sqlx_macros::expand_query` (in Nightly builds, run with -Z macro-backtrace for more info)
[INFO] [stdout] 
[INFO] [stdout] 
[INFO] [stdout] error: error returned from database: unable to open database file
[INFO] [stdout]    --> src/db.rs:123:17
[INFO] [stdout]     |
[INFO] [stdout] 123 |         let p = query_as!(Podcast, r#"select * from podcasts where id = ?"#, id,)
[INFO] [stdout]     |                 ^^^^^^^^^^^^^^^^^^^^^^^^^^^^^^^^^^^^^^^^^^^^^^^^^^^^^^^^^^^^^^^^^
[INFO] [stdout]     |
[INFO] [stdout]     = note: this error originates in the macro `$crate::sqlx_macros::expand_query` (in Nightly builds, run with -Z macro-backtrace for more info)
[INFO] [stdout] 
[INFO] [stdout] 
[INFO] [stdout] warning: unused imports: `Context`, `anyhow`
[INFO] [stdout]  --> src/fetch.rs:1:14
[INFO] [stdout]   |
[INFO] [stdout] 1 | use anyhow::{anyhow, bail, Context, Result};
[INFO] [stdout]   |              ^^^^^^        ^^^^^^^
[INFO] [stdout]   |
[INFO] [stdout]   = note: `#[warn(unused_imports)]` on by default
[INFO] [stdout] 
[INFO] [stdout] 
[INFO] [stdout] warning: unused import: `log::debug`
[INFO] [stdout]  --> src/fetch.rs:2:5
[INFO] [stdout]   |
[INFO] [stdout] 2 | use log::debug;
[INFO] [stdout]   |     ^^^^^^^^^^
[INFO] [stdout] 
[INFO] [stdout] 
[INFO] [stdout] warning: unused imports: `Context`, `anyhow`
[INFO] [stdout]  --> src/fetch.rs:1:14
[INFO] [stdout]   |
[INFO] [stdout] 1 | use anyhow::{anyhow, bail, Context, Result};
[INFO] [stdout]   |              ^^^^^^        ^^^^^^^
[INFO] [stdout]   |
[INFO] [stdout]   = note: `#[warn(unused_imports)]` on by default
[INFO] [stdout] 
[INFO] [stdout] 
[INFO] [stdout] warning: unused import: `log::debug`
[INFO] [stdout]  --> src/fetch.rs:2:5
[INFO] [stdout]   |
[INFO] [stdout] 2 | use log::debug;
[INFO] [stdout]   |     ^^^^^^^^^^
[INFO] [stdout] 
[INFO] [stdout] 
[INFO] [stdout] error: aborting due to 3 previous errors; 2 warnings emitted
[INFO] [stdout] 
[INFO] [stdout] 
[INFO] [stderr] error: could not compile `rustypod` due to 4 previous errors; 2 warnings emitted
[INFO] [stderr] warning: build failed, waiting for other jobs to finish...
[INFO] [stdout] error: aborting due to 3 previous errors; 2 warnings emitted
[INFO] [stdout] 
[INFO] [stdout] 
[INFO] [stderr] error: build failed
[INFO] running `Command { std: "docker" "inspect" "4c60c84fdfaf84367b94f2cde601dd0f5e9304e57a7664446ab7ac036085b46b", kill_on_drop: false }`
[INFO] running `Command { std: "docker" "rm" "-f" "4c60c84fdfaf84367b94f2cde601dd0f5e9304e57a7664446ab7ac036085b46b", kill_on_drop: false }`
[INFO] [stdout] 4c60c84fdfaf84367b94f2cde601dd0f5e9304e57a7664446ab7ac036085b46b
