[INFO] cloning repository https://github.com/jonay2000/valley
[INFO] running `Command { std: "git" "-c" "credential.helper=" "-c" "credential.helper=/workspace/cargo-home/bin/git-credential-null" "clone" "--bare" "https://github.com/jonay2000/valley" "/workspace/cache/git-repos/https%3A%2F%2Fgithub.com%2Fjonay2000%2Fvalley", kill_on_drop: false }`
[INFO] [stderr] Cloning into bare repository '/workspace/cache/git-repos/https%3A%2F%2Fgithub.com%2Fjonay2000%2Fvalley'...
[INFO] running `Command { std: "git" "rev-parse" "HEAD", kill_on_drop: false }`
[INFO] [stdout] 5f3779f240f8dc61db0130f20b9ca7e682026610
[INFO] checking jonay2000/valley against beta-2021-10-15 for beta-1.56-3
[INFO] running `Command { std: "git" "clone" "/workspace/cache/git-repos/https%3A%2F%2Fgithub.com%2Fjonay2000%2Fvalley" "/workspace/builds/worker-0/source", kill_on_drop: false }`
[INFO] [stderr] Cloning into '/workspace/builds/worker-0/source'...
[INFO] [stderr] done.
[INFO] validating manifest of git repo https://github.com/jonay2000/valley on toolchain beta-2021-10-15
[INFO] running `Command { std: "/workspace/cargo-home/bin/cargo" "+beta-2021-10-15" "metadata" "--manifest-path" "Cargo.toml" "--no-deps", kill_on_drop: false }`
[INFO] started tweaking git repo https://github.com/jonay2000/valley
[INFO] finished tweaking git repo https://github.com/jonay2000/valley
[INFO] tweaked toml for git repo https://github.com/jonay2000/valley written to /workspace/builds/worker-0/source/Cargo.toml
[INFO] crate git repo https://github.com/jonay2000/valley already has a lockfile, it will not be regenerated
[INFO] running `Command { std: "/workspace/cargo-home/bin/cargo" "+beta-2021-10-15" "fetch" "--manifest-path" "Cargo.toml", kill_on_drop: false }`
[INFO] [stderr]     Blocking waiting for file lock on package cache
[INFO] running `Command { std: "docker" "create" "-v" "/var/lib/crater-agent-workspace/builds/worker-0/target:/opt/rustwide/target:rw,Z" "-v" "/var/lib/crater-agent-workspace/builds/worker-0/source:/opt/rustwide/workdir:ro,Z" "-v" "/var/lib/crater-agent-workspace/cargo-home:/opt/rustwide/cargo-home:ro,Z" "-v" "/var/lib/crater-agent-workspace/rustup-home:/opt/rustwide/rustup-home:ro,Z" "-e" "SOURCE_DIR=/opt/rustwide/workdir" "-e" "CARGO_TARGET_DIR=/opt/rustwide/target" "-e" "CARGO_HOME=/opt/rustwide/cargo-home" "-e" "RUSTUP_HOME=/opt/rustwide/rustup-home" "-w" "/opt/rustwide/workdir" "-m" "1610612736" "--user" "0:0" "--network" "none" "ghcr.io/rust-lang/crates-build-env/linux@sha256:a89201d6b5b9fd45c15d5952ece0a0129e7e80cb26ec023fd59cf09bc26f1604" "/opt/rustwide/cargo-home/bin/cargo" "+beta-2021-10-15" "metadata" "--no-deps" "--format-version=1", kill_on_drop: false }`
[INFO] [stdout] bc32f4dc199f93cc47efe82d25a7d82e015e3b56f0418b4109b8694cf022a23e
[INFO] [stderr] WARNING: Your kernel does not support swap limit capabilities or the cgroup is not mounted. Memory limited without swap.
[INFO] running `Command { std: "docker" "start" "-a" "bc32f4dc199f93cc47efe82d25a7d82e015e3b56f0418b4109b8694cf022a23e", kill_on_drop: false }`
[INFO] running `Command { std: "docker" "inspect" "bc32f4dc199f93cc47efe82d25a7d82e015e3b56f0418b4109b8694cf022a23e", kill_on_drop: false }`
[INFO] running `Command { std: "docker" "rm" "-f" "bc32f4dc199f93cc47efe82d25a7d82e015e3b56f0418b4109b8694cf022a23e", kill_on_drop: false }`
[INFO] [stdout] bc32f4dc199f93cc47efe82d25a7d82e015e3b56f0418b4109b8694cf022a23e
[INFO] running `Command { std: "docker" "create" "-v" "/var/lib/crater-agent-workspace/builds/worker-0/target:/opt/rustwide/target:rw,Z" "-v" "/var/lib/crater-agent-workspace/builds/worker-0/source:/opt/rustwide/workdir:ro,Z" "-v" "/var/lib/crater-agent-workspace/cargo-home:/opt/rustwide/cargo-home:ro,Z" "-v" "/var/lib/crater-agent-workspace/rustup-home:/opt/rustwide/rustup-home:ro,Z" "-e" "SOURCE_DIR=/opt/rustwide/workdir" "-e" "CARGO_TARGET_DIR=/opt/rustwide/target" "-e" "CARGO_INCREMENTAL=0" "-e" "RUST_BACKTRACE=full" "-e" "RUSTFLAGS=--cap-lints=warn" "-e" "CARGO_HOME=/opt/rustwide/cargo-home" "-e" "RUSTUP_HOME=/opt/rustwide/rustup-home" "-w" "/opt/rustwide/workdir" "-m" "1610612736" "--user" "0:0" "--network" "none" "ghcr.io/rust-lang/crates-build-env/linux@sha256:a89201d6b5b9fd45c15d5952ece0a0129e7e80cb26ec023fd59cf09bc26f1604" "/opt/rustwide/cargo-home/bin/cargo" "+beta-2021-10-15" "check" "--frozen" "--all" "--all-targets" "--message-format=json", kill_on_drop: false }`
[INFO] [stderr] WARNING: Your kernel does not support swap limit capabilities or the cgroup is not mounted. Memory limited without swap.
[INFO] [stdout] 359370228c997c149864d25b2051cc94bc9b757d98710e8f4626b51b3e6ac343
[INFO] running `Command { std: "docker" "start" "-a" "359370228c997c149864d25b2051cc94bc9b757d98710e8f4626b51b3e6ac343", kill_on_drop: false }`
[INFO] [stderr]    Compiling syn v1.0.73
[INFO] [stderr]    Compiling proc-macro-hack-impl v0.4.3
[INFO] [stderr]    Compiling crossbeam-utils v0.7.2
[INFO] [stderr]     Checking parking_lot_core v0.7.2
[INFO] [stderr]     Checking parking_lot_core v0.8.3
[INFO] [stderr]     Checking parking_lot v0.11.1
[INFO] [stderr]     Checking parking_lot v0.10.2
[INFO] [stderr]    Compiling proc-macro-hack v0.4.3
[INFO] [stderr]    Compiling mashup-impl v0.1.13+deprecated
[INFO] [stderr]     Checking mashup v0.1.13+deprecated
[INFO] [stderr]     Checking crossbeam-epoch v0.8.2
[INFO] [stderr]     Checking flurry v0.3.1
[INFO] [stderr]    Compiling pest_generator v2.1.3
[INFO] [stderr]    Compiling thiserror-impl v1.0.25
[INFO] [stderr]    Compiling pest_derive v2.1.0
[INFO] [stderr]     Checking thiserror v1.0.25
[INFO] [stderr]     Checking valley v0.1.0 (/opt/rustwide/workdir)
[INFO] [stdout] error[E0425]: cannot find function `gencode_blockexpr` in this scope
[INFO] [stdout]    --> src/gencode.rs:258:27
[INFO] [stdout]     |
[INFO] [stdout] 258 |         Atom::Block(b) => gencode_blockexpr(b, g),
[INFO] [stdout]     |                           ^^^^^^^^^^^^^^^^^ help: a function with a similar name exists: `gencode_block`
[INFO] [stdout] ...
[INFO] [stdout] 262 | pub fn gencode_block<'s>(p: Block<'s>, g: &'_ mut FunctionBlock<'s>) -> Result<(), GenCodeError> {
[INFO] [stdout]     | ------------------------------------------------------------------------------------------------ similarly named function `gencode_block` defined here
[INFO] [stdout] 
[INFO] [stdout] 
[INFO] [stdout] warning: unused import: `BlockExpr`
[INFO] [stdout]  --> src/gencode.rs:2:30
[INFO] [stdout]   |
[INFO] [stdout] 2 |     Assignment, Atom, Block, BlockExpr, Expression, FuncCall, FuncDef, LetAssignment, Line, Name,
[INFO] [stdout]   |                              ^^^^^^^^^
[INFO] [stdout]   |
[INFO] [stdout]   = note: `#[warn(unused_imports)]` on by default
[INFO] [stdout] 
[INFO] [stdout] 
[INFO] [stdout] error[E0425]: cannot find function `gencode_blockexpr` in this scope
[INFO] [stdout]    --> src/gencode.rs:258:27
[INFO] [stdout]     |
[INFO] [stdout] 258 |         Atom::Block(b) => gencode_blockexpr(b, g),
[INFO] [stdout]     |                           ^^^^^^^^^^^^^^^^^ help: a function with a similar name exists: `gencode_block`
[INFO] [stdout] ...
[INFO] [stdout] 262 | pub fn gencode_block<'s>(p: Block<'s>, g: &'_ mut FunctionBlock<'s>) -> Result<(), GenCodeError> {
[INFO] [stdout]     | ------------------------------------------------------------------------------------------------ similarly named function `gencode_block` defined here
[INFO] [stdout] 
[INFO] [stdout] 
[INFO] [stdout] warning: unused import: `BlockExpr`
[INFO] [stdout]  --> src/gencode.rs:2:30
[INFO] [stdout]   |
[INFO] [stdout] 2 |     Assignment, Atom, Block, BlockExpr, Expression, FuncCall, FuncDef, LetAssignment, Line, Name,
[INFO] [stdout]   |                              ^^^^^^^^^
[INFO] [stdout]   |
[INFO] [stdout]   = note: `#[warn(unused_imports)]` on by default
[INFO] [stdout] 
[INFO] [stdout] 
[INFO] [stdout] warning: unused imports: `Assignment`, `Atom`, `Block`, `Expression`, `FuncCall`, `FuncDef`, `Line`, `Name`, `Primary`
[INFO] [stdout]    --> src/gencode.rs:273:9
[INFO] [stdout]     |
[INFO] [stdout] 273 |         Assignment, Atom, Block, Expression, FuncCall, FuncDef, Line, Name, Primary, Program,
[INFO] [stdout]     |         ^^^^^^^^^^  ^^^^  ^^^^^  ^^^^^^^^^^  ^^^^^^^^  ^^^^^^^  ^^^^  ^^^^  ^^^^^^^
[INFO] [stdout] 
[INFO] [stdout] 
[INFO] [stdout] warning: unused import: `crate::gencode::Instruction::*`
[INFO] [stdout]    --> src/gencode.rs:275:9
[INFO] [stdout]     |
[INFO] [stdout] 275 |     use crate::gencode::Instruction::*;
[INFO] [stdout]     |         ^^^^^^^^^^^^^^^^^^^^^^^^^^^^^^
[INFO] [stdout] 
[INFO] [stdout] 
[INFO] [stdout] warning: unused import: `FunctionBlock`
[INFO] [stdout]    --> src/gencode.rs:276:43
[INFO] [stdout]     |
[INFO] [stdout] 276 |     use crate::gencode::{gencode_program, FunctionBlock, GeneratedProgram};
[INFO] [stdout]     |                                           ^^^^^^^^^^^^^
[INFO] [stdout] 
[INFO] [stdout] 
[INFO] [stdout] warning: unused macro definition
[INFO] [stdout]    --> src/gencode.rs:278:5
[INFO] [stdout]     |
[INFO] [stdout] 278 | /     macro_rules! parse_test {
[INFO] [stdout] 279 | |         ($name: ident : $input: literal => $($instr: expr),* $(,)?) => {
[INFO] [stdout] 280 | |             #[test]
[INFO] [stdout] 281 | |             fn $name() {
[INFO] [stdout] ...   |
[INFO] [stdout] 296 | |         };
[INFO] [stdout] 297 | |     }
[INFO] [stdout]     | |_____^
[INFO] [stdout]     |
[INFO] [stdout]     = note: `#[warn(unused_macros)]` on by default
[INFO] [stdout] 
[INFO] [stdout] 
[INFO] [stdout] error[E0308]: `match` arms have incompatible types
[INFO] [stdout]   --> src/gencode.rs:37:38
[INFO] [stdout]    |
[INFO] [stdout] 35 | /         match self {
[INFO] [stdout] 36 | |             Self::Label(x) => format!("{}:", x.value),
[INFO] [stdout]    | |                               ----------------------- this is found to be of type `String`
[INFO] [stdout] 37 | |             Self::StackPointerToX => "STX",
[INFO] [stdout]    | |                                      ^^^^^- help: try using a conversion method: `.to_string()`
[INFO] [stdout]    | |                                      |
[INFO] [stdout]    | |                                      expected struct `String`, found `&str`
[INFO] [stdout] 38 | |             Self::XToStackPointer => "SXT",
[INFO] [stdout] ...  |
[INFO] [stdout] 47 | |             Self::ReturnFromSubroutine => "RTS",
[INFO] [stdout] 48 | |         }
[INFO] [stdout]    | |_________- `match` arms have incompatible types
[INFO] [stdout] 
[INFO] [stdout] 
[INFO] [stdout] error[E0308]: `match` arms have incompatible types
[INFO] [stdout]   --> src/gencode.rs:37:38
[INFO] [stdout]    |
[INFO] [stdout] 35 | /         match self {
[INFO] [stdout] 36 | |             Self::Label(x) => format!("{}:", x.value),
[INFO] [stdout]    | |                               ----------------------- this is found to be of type `String`
[INFO] [stdout] 37 | |             Self::StackPointerToX => "STX",
[INFO] [stdout]    | |                                      ^^^^^- help: try using a conversion method: `.to_string()`
[INFO] [stdout]    | |                                      |
[INFO] [stdout]    | |                                      expected struct `String`, found `&str`
[INFO] [stdout] 38 | |             Self::XToStackPointer => "SXT",
[INFO] [stdout] ...  |
[INFO] [stdout] 47 | |             Self::ReturnFromSubroutine => "RTS",
[INFO] [stdout] 48 | |         }
[INFO] [stdout]    | |_________- `match` arms have incompatible types
[INFO] [stdout] 
[INFO] [stdout] 
[INFO] [stdout] error: aborting due to 2 previous errors; 1 warning emitted
[INFO] [stdout] 
[INFO] [stdout] 
[INFO] [stdout] Some errors have detailed explanations: E0308, E0425.
[INFO] [stdout] 
[INFO] [stdout] For more information about an error, try `rustc --explain E0308`.
[INFO] [stdout] 
[INFO] [stderr] error: could not compile `valley` due to 3 previous errors; 1 warning emitted
[INFO] [stderr] warning: build failed, waiting for other jobs to finish...
[INFO] [stdout] error: aborting due to 2 previous errors; 5 warnings emitted
[INFO] [stdout] 
[INFO] [stdout] 
[INFO] [stdout] Some errors have detailed explanations: E0308, E0425.
[INFO] [stdout] 
[INFO] [stdout] For more information about an error, try `rustc --explain E0308`.
[INFO] [stdout] 
[INFO] [stderr] error: build failed
[INFO] running `Command { std: "docker" "inspect" "359370228c997c149864d25b2051cc94bc9b757d98710e8f4626b51b3e6ac343", kill_on_drop: false }`
[INFO] running `Command { std: "docker" "rm" "-f" "359370228c997c149864d25b2051cc94bc9b757d98710e8f4626b51b3e6ac343", kill_on_drop: false }`
[INFO] [stdout] 359370228c997c149864d25b2051cc94bc9b757d98710e8f4626b51b3e6ac343
