[INFO] cloning repository https://github.com/jonathanrainer/rusty-nes
[INFO] running `Command { std: "git" "-c" "credential.helper=" "-c" "credential.helper=/workspace/cargo-home/bin/git-credential-null" "clone" "--bare" "https://github.com/jonathanrainer/rusty-nes" "/workspace/cache/git-repos/https%3A%2F%2Fgithub.com%2Fjonathanrainer%2Frusty-nes", kill_on_drop: false }`
[INFO] [stderr] Cloning into bare repository '/workspace/cache/git-repos/https%3A%2F%2Fgithub.com%2Fjonathanrainer%2Frusty-nes'...
[INFO] running `Command { std: "git" "rev-parse" "HEAD", kill_on_drop: false }`
[INFO] [stdout] 5b64b5762b62750998eeb05f1af4d5a991610d89
[INFO] checking jonathanrainer/rusty-nes against beta-2021-10-15 for beta-1.56-3
[INFO] running `Command { std: "git" "clone" "/workspace/cache/git-repos/https%3A%2F%2Fgithub.com%2Fjonathanrainer%2Frusty-nes" "/workspace/builds/worker-13/source", kill_on_drop: false }`
[INFO] [stderr] Cloning into '/workspace/builds/worker-13/source'...
[INFO] [stderr] done.
[INFO] validating manifest of git repo https://github.com/jonathanrainer/rusty-nes on toolchain beta-2021-10-15
[INFO] running `Command { std: "/workspace/cargo-home/bin/cargo" "+beta-2021-10-15" "metadata" "--manifest-path" "Cargo.toml" "--no-deps", kill_on_drop: false }`
[INFO] started tweaking git repo https://github.com/jonathanrainer/rusty-nes
[INFO] finished tweaking git repo https://github.com/jonathanrainer/rusty-nes
[INFO] tweaked toml for git repo https://github.com/jonathanrainer/rusty-nes written to /workspace/builds/worker-13/source/Cargo.toml
[INFO] crate git repo https://github.com/jonathanrainer/rusty-nes already has a lockfile, it will not be regenerated
[INFO] running `Command { std: "/workspace/cargo-home/bin/cargo" "+beta-2021-10-15" "fetch" "--manifest-path" "Cargo.toml", kill_on_drop: false }`
[INFO] [stderr]  Downloading crates ...
[INFO] [stderr]   Downloaded serde_yaml v0.8.18
[INFO] [stderr]   Downloaded rstest v0.11.0
[INFO] running `Command { std: "docker" "create" "-v" "/var/lib/crater-agent-workspace/builds/worker-13/target:/opt/rustwide/target:rw,Z" "-v" "/var/lib/crater-agent-workspace/builds/worker-13/source:/opt/rustwide/workdir:ro,Z" "-v" "/var/lib/crater-agent-workspace/cargo-home:/opt/rustwide/cargo-home:ro,Z" "-v" "/var/lib/crater-agent-workspace/rustup-home:/opt/rustwide/rustup-home:ro,Z" "-e" "SOURCE_DIR=/opt/rustwide/workdir" "-e" "CARGO_TARGET_DIR=/opt/rustwide/target" "-e" "CARGO_HOME=/opt/rustwide/cargo-home" "-e" "RUSTUP_HOME=/opt/rustwide/rustup-home" "-w" "/opt/rustwide/workdir" "-m" "1610612736" "--user" "0:0" "--network" "none" "ghcr.io/rust-lang/crates-build-env/linux@sha256:a89201d6b5b9fd45c15d5952ece0a0129e7e80cb26ec023fd59cf09bc26f1604" "/opt/rustwide/cargo-home/bin/cargo" "+beta-2021-10-15" "metadata" "--no-deps" "--format-version=1", kill_on_drop: false }`
[INFO] [stdout] afe51725c87ff243184a4f1a0df6b715bee4208f242ff4b51b5b2764bd90f276
[INFO] [stderr] WARNING: Your kernel does not support swap limit capabilities or the cgroup is not mounted. Memory limited without swap.
[INFO] running `Command { std: "docker" "start" "-a" "afe51725c87ff243184a4f1a0df6b715bee4208f242ff4b51b5b2764bd90f276", kill_on_drop: false }`
[INFO] running `Command { std: "docker" "inspect" "afe51725c87ff243184a4f1a0df6b715bee4208f242ff4b51b5b2764bd90f276", kill_on_drop: false }`
[INFO] running `Command { std: "docker" "rm" "-f" "afe51725c87ff243184a4f1a0df6b715bee4208f242ff4b51b5b2764bd90f276", kill_on_drop: false }`
[INFO] [stdout] afe51725c87ff243184a4f1a0df6b715bee4208f242ff4b51b5b2764bd90f276
[INFO] running `Command { std: "docker" "create" "-v" "/var/lib/crater-agent-workspace/builds/worker-13/target:/opt/rustwide/target:rw,Z" "-v" "/var/lib/crater-agent-workspace/builds/worker-13/source:/opt/rustwide/workdir:ro,Z" "-v" "/var/lib/crater-agent-workspace/cargo-home:/opt/rustwide/cargo-home:ro,Z" "-v" "/var/lib/crater-agent-workspace/rustup-home:/opt/rustwide/rustup-home:ro,Z" "-e" "SOURCE_DIR=/opt/rustwide/workdir" "-e" "CARGO_TARGET_DIR=/opt/rustwide/target" "-e" "CARGO_INCREMENTAL=0" "-e" "RUST_BACKTRACE=full" "-e" "RUSTFLAGS=--cap-lints=warn" "-e" "CARGO_HOME=/opt/rustwide/cargo-home" "-e" "RUSTUP_HOME=/opt/rustwide/rustup-home" "-w" "/opt/rustwide/workdir" "-m" "1610612736" "--user" "0:0" "--network" "none" "ghcr.io/rust-lang/crates-build-env/linux@sha256:a89201d6b5b9fd45c15d5952ece0a0129e7e80cb26ec023fd59cf09bc26f1604" "/opt/rustwide/cargo-home/bin/cargo" "+beta-2021-10-15" "check" "--frozen" "--all" "--all-targets" "--message-format=json", kill_on_drop: false }`
[INFO] [stdout] a46fc5c0390d300d39e3494f65716342630d299b1b75984d480b381f215a45e4
[INFO] [stderr] WARNING: Your kernel does not support swap limit capabilities or the cgroup is not mounted. Memory limited without swap.
[INFO] running `Command { std: "docker" "start" "-a" "a46fc5c0390d300d39e3494f65716342630d299b1b75984d480b381f215a45e4", kill_on_drop: false }`
[INFO] [stderr]    Compiling syn v1.0.75
[INFO] [stderr]    Compiling libc v0.2.100
[INFO] [stderr]    Compiling memchr v2.4.1
[INFO] [stderr]    Compiling log v0.4.14
[INFO] [stderr]     Checking dtoa v0.4.8
[INFO] [stderr]     Checking arc-swap v0.4.8
[INFO] [stderr]     Checking yaml-rust v0.4.5
[INFO] [stderr]     Checking ordered-float v2.7.0
[INFO] [stderr]    Compiling rstest v0.11.0
[INFO] [stderr]     Checking aho-corasick v0.7.18
[INFO] [stderr]     Checking parking_lot_core v0.8.3
[INFO] [stderr]     Checking time v0.1.44
[INFO] [stderr]     Checking atty v0.2.14
[INFO] [stderr]     Checking thread-id v3.3.0
[INFO] [stderr]     Checking regex v1.5.4
[INFO] [stderr]     Checking clap v2.33.3
[INFO] [stderr]     Checking parking_lot v0.11.1
[INFO] [stderr]     Checking chrono v0.4.19
[INFO] [stderr]    Compiling serde_derive v1.0.127
[INFO] [stderr]    Compiling thiserror-impl v1.0.26
[INFO] [stderr]    Compiling derivative v2.2.0
[INFO] [stderr]     Checking thiserror v1.0.26
[INFO] [stderr]     Checking serde v1.0.127
[INFO] [stderr]     Checking serde-value v0.7.0
[INFO] [stderr]     Checking serde_yaml v0.8.18
[INFO] [stderr]     Checking serde_json v1.0.66
[INFO] [stderr]     Checking log4rs v1.0.0
[INFO] [stderr]     Checking rusty-nes v0.1.0 (/opt/rustwide/workdir)
[INFO] [stdout] error[E0432]: unresolved import `crate::memory::MemoryInitialiser`
[INFO] [stdout]   --> src/cpu.rs:23:9
[INFO] [stdout]    |
[INFO] [stdout] 23 |     use crate::memory::MemoryInitialiser;
[INFO] [stdout]    |         ^^^^^^^^^^^^^^^^^^^^^^^^^^^^^^^^ no `MemoryInitialiser` in `memory`
[INFO] [stdout] 
[INFO] [stdout] 
[INFO] [stdout] error[E0308]: mismatched types
[INFO] [stdout]   --> src/main.rs:24:30
[INFO] [stdout]    |
[INFO] [stdout] 24 |       let cpu = Processor::new(initialise_memory(
[INFO] [stdout]    |  ______________________________^
[INFO] [stdout] 25 | |         matches.value_of("SOURCE_MODE").unwrap(),
[INFO] [stdout] 26 | |         matches.value_of("SOURCE").unwrap())
[INFO] [stdout]    | |____________________________________________^ expected struct `memory::Memory`, found struct `rusty_nes::memory::Memory`
[INFO] [stdout] 
[INFO] [stdout] 
[INFO] [stdout] error[E0308]: mismatched types
[INFO] [stdout]   --> src/main.rs:24:30
[INFO] [stdout]    |
[INFO] [stdout] 24 |       let cpu = Processor::new(initialise_memory(
[INFO] [stdout]    |  ______________________________^
[INFO] [stdout] 25 | |         matches.value_of("SOURCE_MODE").unwrap(),
[INFO] [stdout] 26 | |         matches.value_of("SOURCE").unwrap())
[INFO] [stdout]    | |____________________________________________^ expected struct `memory::Memory`, found struct `rusty_nes::memory::Memory`
[INFO] [stdout] 
[INFO] [stdout] 
[INFO] [stdout] error: aborting due to previous error
[INFO] [stdout] 
[INFO] [stdout] 
[INFO] [stdout] For more information about this error, try `rustc --explain E0308`.
[INFO] [stdout] 
[INFO] [stdout] error: aborting due to 2 previous errors
[INFO] [stdout] 
[INFO] [stdout] 
[INFO] [stdout] Some errors have detailed explanations: E0308, E0432.
[INFO] [stdout] 
[INFO] [stdout] For more information about an error, try `rustc --explain E0308`.
[INFO] [stdout] 
[INFO] [stderr] error: could not compile `rusty-nes` due to 3 previous errors
[INFO] [stderr] warning: build failed, waiting for other jobs to finish...
[INFO] [stderr] error: build failed
[INFO] running `Command { std: "docker" "inspect" "a46fc5c0390d300d39e3494f65716342630d299b1b75984d480b381f215a45e4", kill_on_drop: false }`
[INFO] running `Command { std: "docker" "rm" "-f" "a46fc5c0390d300d39e3494f65716342630d299b1b75984d480b381f215a45e4", kill_on_drop: false }`
[INFO] [stdout] a46fc5c0390d300d39e3494f65716342630d299b1b75984d480b381f215a45e4
