[INFO] cloning repository https://github.com/johnsnewby/mjpeg
[INFO] running `Command { std: "git" "-c" "credential.helper=" "-c" "credential.helper=/workspace/cargo-home/bin/git-credential-null" "clone" "--bare" "https://github.com/johnsnewby/mjpeg" "/workspace/cache/git-repos/https%3A%2F%2Fgithub.com%2Fjohnsnewby%2Fmjpeg", kill_on_drop: false }`
[INFO] [stderr] Cloning into bare repository '/workspace/cache/git-repos/https%3A%2F%2Fgithub.com%2Fjohnsnewby%2Fmjpeg'...
[INFO] running `Command { std: "git" "rev-parse" "HEAD", kill_on_drop: false }`
[INFO] [stdout] 0ff5d31f8d70d01083ff8b1240b91a5daf2e03da
[INFO] checking johnsnewby/mjpeg against beta-2021-10-15 for beta-1.56-3
[INFO] running `Command { std: "git" "clone" "/workspace/cache/git-repos/https%3A%2F%2Fgithub.com%2Fjohnsnewby%2Fmjpeg" "/workspace/builds/worker-5/source", kill_on_drop: false }`
[INFO] [stderr] Cloning into '/workspace/builds/worker-5/source'...
[INFO] [stderr] done.
[INFO] validating manifest of git repo https://github.com/johnsnewby/mjpeg on toolchain beta-2021-10-15
[INFO] running `Command { std: "/workspace/cargo-home/bin/cargo" "+beta-2021-10-15" "metadata" "--manifest-path" "Cargo.toml" "--no-deps", kill_on_drop: false }`
[INFO] started tweaking git repo https://github.com/johnsnewby/mjpeg
[INFO] finished tweaking git repo https://github.com/johnsnewby/mjpeg
[INFO] tweaked toml for git repo https://github.com/johnsnewby/mjpeg written to /workspace/builds/worker-5/source/Cargo.toml
[INFO] crate git repo https://github.com/johnsnewby/mjpeg already has a lockfile, it will not be regenerated
[INFO] running `Command { std: "/workspace/cargo-home/bin/cargo" "+beta-2021-10-15" "fetch" "--manifest-path" "Cargo.toml", kill_on_drop: false }`
[INFO] [stderr]  Downloading crates ...
[INFO] [stderr]   Downloaded proc-macro-hack v0.5.12
[INFO] [stderr]   Downloaded simple-error v0.2.1
[INFO] [stderr]   Downloaded finally-block v0.2.0
[INFO] [stderr]   Downloaded iter-read v0.2.1
[INFO] running `Command { std: "docker" "create" "-v" "/var/lib/crater-agent-workspace/builds/worker-5/target:/opt/rustwide/target:rw,Z" "-v" "/var/lib/crater-agent-workspace/builds/worker-5/source:/opt/rustwide/workdir:ro,Z" "-v" "/var/lib/crater-agent-workspace/cargo-home:/opt/rustwide/cargo-home:ro,Z" "-v" "/var/lib/crater-agent-workspace/rustup-home:/opt/rustwide/rustup-home:ro,Z" "-e" "SOURCE_DIR=/opt/rustwide/workdir" "-e" "CARGO_TARGET_DIR=/opt/rustwide/target" "-e" "CARGO_HOME=/opt/rustwide/cargo-home" "-e" "RUSTUP_HOME=/opt/rustwide/rustup-home" "-w" "/opt/rustwide/workdir" "-m" "1610612736" "--user" "0:0" "--network" "none" "ghcr.io/rust-lang/crates-build-env/linux@sha256:a89201d6b5b9fd45c15d5952ece0a0129e7e80cb26ec023fd59cf09bc26f1604" "/opt/rustwide/cargo-home/bin/cargo" "+beta-2021-10-15" "metadata" "--no-deps" "--format-version=1", kill_on_drop: false }`
[INFO] [stdout] a3ab4bb5f735d098779de41f2f6bba9abf8d2db20c6e191e2040d94d800a852e
[INFO] [stderr] WARNING: Your kernel does not support swap limit capabilities or the cgroup is not mounted. Memory limited without swap.
[INFO] running `Command { std: "docker" "start" "-a" "a3ab4bb5f735d098779de41f2f6bba9abf8d2db20c6e191e2040d94d800a852e", kill_on_drop: false }`
[INFO] running `Command { std: "docker" "inspect" "a3ab4bb5f735d098779de41f2f6bba9abf8d2db20c6e191e2040d94d800a852e", kill_on_drop: false }`
[INFO] running `Command { std: "docker" "rm" "-f" "a3ab4bb5f735d098779de41f2f6bba9abf8d2db20c6e191e2040d94d800a852e", kill_on_drop: false }`
[INFO] [stdout] a3ab4bb5f735d098779de41f2f6bba9abf8d2db20c6e191e2040d94d800a852e
[INFO] running `Command { std: "docker" "create" "-v" "/var/lib/crater-agent-workspace/builds/worker-5/target:/opt/rustwide/target:rw,Z" "-v" "/var/lib/crater-agent-workspace/builds/worker-5/source:/opt/rustwide/workdir:ro,Z" "-v" "/var/lib/crater-agent-workspace/cargo-home:/opt/rustwide/cargo-home:ro,Z" "-v" "/var/lib/crater-agent-workspace/rustup-home:/opt/rustwide/rustup-home:ro,Z" "-e" "SOURCE_DIR=/opt/rustwide/workdir" "-e" "CARGO_TARGET_DIR=/opt/rustwide/target" "-e" "CARGO_INCREMENTAL=0" "-e" "RUST_BACKTRACE=full" "-e" "RUSTFLAGS=--cap-lints=warn" "-e" "CARGO_HOME=/opt/rustwide/cargo-home" "-e" "RUSTUP_HOME=/opt/rustwide/rustup-home" "-w" "/opt/rustwide/workdir" "-m" "1610612736" "--user" "0:0" "--network" "none" "ghcr.io/rust-lang/crates-build-env/linux@sha256:a89201d6b5b9fd45c15d5952ece0a0129e7e80cb26ec023fd59cf09bc26f1604" "/opt/rustwide/cargo-home/bin/cargo" "+beta-2021-10-15" "check" "--frozen" "--all" "--all-targets" "--message-format=json", kill_on_drop: false }`
[INFO] [stderr] WARNING: Your kernel does not support swap limit capabilities or the cgroup is not mounted. Memory limited without swap.
[INFO] [stdout] 72ef26cd32cfc67275d8411adddd223ac3a511c08a1fc7c951905b7fe0d553ec
[INFO] running `Command { std: "docker" "start" "-a" "72ef26cd32cfc67275d8411adddd223ac3a511c08a1fc7c951905b7fe0d553ec", kill_on_drop: false }`
[INFO] [stderr]    Compiling syn v1.0.17
[INFO] [stderr]     Checking futures-io v0.3.4
[INFO] [stderr]     Checking futures-task v0.3.4
[INFO] [stderr]     Checking chunked_transfer v0.3.1
[INFO] [stderr]     Checking ascii v0.8.7
[INFO] [stderr]     Checking finally-block v0.2.0
[INFO] [stderr]     Checking simple-error v0.2.1
[INFO] [stderr]     Checking iter-read v0.2.1
[INFO] [stderr]     Checking futures-channel v0.3.4
[INFO] [stderr]     Checking idna v0.1.5
[INFO] [stderr]     Checking atty v0.2.14
[INFO] [stderr]     Checking want v0.3.0
[INFO] [stderr]     Checking mio v0.6.21
[INFO] [stderr]     Checking zmq-sys v0.11.0
[INFO] [stderr]     Checking regex v1.3.5
[INFO] [stderr]     Checking chrono v0.4.11
[INFO] [stderr]     Checking clap v2.33.0
[INFO] [stderr]     Checking zmq v0.9.2
[INFO] [stderr]     Checking url v1.7.2
[INFO] [stderr]     Checking mio-uds v0.6.7
[INFO] [stderr]     Checking env_logger v0.7.1
[INFO] [stderr]     Checking tiny_http v0.6.2
[INFO] [stderr]    Compiling proc-macro-hack v0.5.12
[INFO] [stderr]    Compiling tokio-macros v0.2.5
[INFO] [stderr]    Compiling pin-project-internal v0.4.8
[INFO] [stderr]     Checking tokio v0.2.13
[INFO] [stderr]    Compiling futures-macro v0.3.4
[INFO] [stderr]     Checking futures-util v0.3.4
[INFO] [stderr]     Checking pin-project v0.4.8
[INFO] [stderr]     Checking tokio-util v0.2.0
[INFO] [stderr]     Checking futures-executor v0.3.4
[INFO] [stderr]     Checking h2 v0.2.2
[INFO] [stderr]     Checking futures v0.3.4
[INFO] [stderr]     Checking hyper v0.13.4
[INFO] [stderr]     Checking mjpeg-proxy v0.2.0 (/opt/rustwide/workdir)
[INFO] [stdout] error[E0554]: `#![feature]` may not be used on the beta release channel
[INFO] [stdout]  --> src/main.rs:1:1
[INFO] [stdout]   |
[INFO] [stdout] 1 | #![feature(decl_macro)]
[INFO] [stdout]   | ^^^^^^^^^^^^^^^^^^^^^^^
[INFO] [stdout] 
[INFO] [stdout] 
[INFO] [stdout] error[E0554]: `#![feature]` may not be used on the beta release channel
[INFO] [stdout]  --> src/main.rs:2:1
[INFO] [stdout]   |
[INFO] [stdout] 2 | #![feature(backtrace)]
[INFO] [stdout]   | ^^^^^^^^^^^^^^^^^^^^^^
[INFO] [stdout] 
[INFO] [stdout] 
[INFO] [stdout] error[E0554]: `#![feature]` may not be used on the beta release channel
[INFO] [stdout]  --> src/main.rs:1:1
[INFO] [stdout]   |
[INFO] [stdout] 1 | #![feature(decl_macro)]
[INFO] [stdout]   | ^^^^^^^^^^^^^^^^^^^^^^^
[INFO] [stdout] 
[INFO] [stdout] 
[INFO] [stdout] error[E0554]: `#![feature]` may not be used on the beta release channel
[INFO] [stdout]  --> src/main.rs:2:1
[INFO] [stdout]   |
[INFO] [stdout] 2 | #![feature(backtrace)]
[INFO] [stdout]   | ^^^^^^^^^^^^^^^^^^^^^^
[INFO] [stdout] 
[INFO] [stdout] 
[INFO] [stdout] error: aborting due to 2 previous errors
[INFO] [stdout] 
[INFO] [stdout] 
[INFO] [stdout] For more information about this error, try `rustc --explain E0554`.
[INFO] [stdout] 
[INFO] [stdout] error: aborting due to 2 previous errors
[INFO] [stdout] 
[INFO] [stdout] 
[INFO] [stdout] For more information about this error, try `rustc --explain E0554`.
[INFO] [stdout] 
[INFO] [stderr] error: could not compile `mjpeg-proxy` due to 3 previous errors
[INFO] [stderr] warning: build failed, waiting for other jobs to finish...
[INFO] [stderr] error: build failed
[INFO] running `Command { std: "docker" "inspect" "72ef26cd32cfc67275d8411adddd223ac3a511c08a1fc7c951905b7fe0d553ec", kill_on_drop: false }`
[INFO] running `Command { std: "docker" "rm" "-f" "72ef26cd32cfc67275d8411adddd223ac3a511c08a1fc7c951905b7fe0d553ec", kill_on_drop: false }`
[INFO] [stdout] 72ef26cd32cfc67275d8411adddd223ac3a511c08a1fc7c951905b7fe0d553ec
