[INFO] cloning repository https://github.com/jkelleyrtp/compactfusion
[INFO] running `Command { std: "git" "-c" "credential.helper=" "-c" "credential.helper=/workspace/cargo-home/bin/git-credential-null" "clone" "--bare" "https://github.com/jkelleyrtp/compactfusion" "/workspace/cache/git-repos/https%3A%2F%2Fgithub.com%2Fjkelleyrtp%2Fcompactfusion", kill_on_drop: false }`
[INFO] [stderr] Cloning into bare repository '/workspace/cache/git-repos/https%3A%2F%2Fgithub.com%2Fjkelleyrtp%2Fcompactfusion'...
[INFO] running `Command { std: "git" "rev-parse" "HEAD", kill_on_drop: false }`
[INFO] [stdout] 0f432cde14e5b118d5e775aa62960f4a7c852d71
[INFO] checking jkelleyrtp/compactfusion against 1.55.0 for beta-1.56-3
[INFO] running `Command { std: "git" "clone" "/workspace/cache/git-repos/https%3A%2F%2Fgithub.com%2Fjkelleyrtp%2Fcompactfusion" "/workspace/builds/worker-11/source", kill_on_drop: false }`
[INFO] [stderr] Cloning into '/workspace/builds/worker-11/source'...
[INFO] [stderr] done.
[INFO] validating manifest of git repo https://github.com/jkelleyrtp/compactfusion on toolchain 1.55.0
[INFO] running `Command { std: "/workspace/cargo-home/bin/cargo" "+1.55.0" "metadata" "--manifest-path" "Cargo.toml" "--no-deps", kill_on_drop: false }`
[INFO] started tweaking git repo https://github.com/jkelleyrtp/compactfusion
[INFO] finished tweaking git repo https://github.com/jkelleyrtp/compactfusion
[INFO] tweaked toml for git repo https://github.com/jkelleyrtp/compactfusion written to /workspace/builds/worker-11/source/Cargo.toml
[INFO] crate git repo https://github.com/jkelleyrtp/compactfusion already has a lockfile, it will not be regenerated
[INFO] running `Command { std: "/workspace/cargo-home/bin/cargo" "+1.55.0" "fetch" "--manifest-path" "Cargo.toml", kill_on_drop: false }`
[INFO] [stderr]     Blocking waiting for file lock on package cache
[INFO] [stderr]     Blocking waiting for file lock on package cache
[INFO] [stderr]  Downloading crates ...
[INFO] [stderr]   Downloaded meval v0.1.0
[INFO] [stderr]   Downloaded dimensioned v0.7.0
[INFO] [stderr]   Downloaded clapme v0.1.15
[INFO] [stderr]   Downloaded vector3d v0.1.8
[INFO] [stderr]   Downloaded clapme_derive v0.1.10
[INFO] running `Command { std: "docker" "create" "-v" "/var/lib/crater-agent-workspace/builds/worker-11/target:/opt/rustwide/target:rw,Z" "-v" "/var/lib/crater-agent-workspace/builds/worker-11/source:/opt/rustwide/workdir:ro,Z" "-v" "/var/lib/crater-agent-workspace/cargo-home:/opt/rustwide/cargo-home:ro,Z" "-v" "/var/lib/crater-agent-workspace/rustup-home:/opt/rustwide/rustup-home:ro,Z" "-e" "SOURCE_DIR=/opt/rustwide/workdir" "-e" "CARGO_TARGET_DIR=/opt/rustwide/target" "-e" "CARGO_HOME=/opt/rustwide/cargo-home" "-e" "RUSTUP_HOME=/opt/rustwide/rustup-home" "-w" "/opt/rustwide/workdir" "-m" "1610612736" "--user" "0:0" "--network" "none" "ghcr.io/rust-lang/crates-build-env/linux@sha256:a89201d6b5b9fd45c15d5952ece0a0129e7e80cb26ec023fd59cf09bc26f1604" "/opt/rustwide/cargo-home/bin/cargo" "+1.55.0" "metadata" "--no-deps" "--format-version=1", kill_on_drop: false }`
[INFO] [stdout] 4ff3bbbf7c5fced3d8f802f22cc87b89bce7775c75249cf4f5c0d6db8cc2fb06
[INFO] [stderr] WARNING: Your kernel does not support swap limit capabilities or the cgroup is not mounted. Memory limited without swap.
[INFO] running `Command { std: "docker" "start" "-a" "4ff3bbbf7c5fced3d8f802f22cc87b89bce7775c75249cf4f5c0d6db8cc2fb06", kill_on_drop: false }`
[INFO] running `Command { std: "docker" "inspect" "4ff3bbbf7c5fced3d8f802f22cc87b89bce7775c75249cf4f5c0d6db8cc2fb06", kill_on_drop: false }`
[INFO] running `Command { std: "docker" "rm" "-f" "4ff3bbbf7c5fced3d8f802f22cc87b89bce7775c75249cf4f5c0d6db8cc2fb06", kill_on_drop: false }`
[INFO] [stdout] 4ff3bbbf7c5fced3d8f802f22cc87b89bce7775c75249cf4f5c0d6db8cc2fb06
[INFO] running `Command { std: "docker" "create" "-v" "/var/lib/crater-agent-workspace/builds/worker-11/target:/opt/rustwide/target:rw,Z" "-v" "/var/lib/crater-agent-workspace/builds/worker-11/source:/opt/rustwide/workdir:ro,Z" "-v" "/var/lib/crater-agent-workspace/cargo-home:/opt/rustwide/cargo-home:ro,Z" "-v" "/var/lib/crater-agent-workspace/rustup-home:/opt/rustwide/rustup-home:ro,Z" "-e" "SOURCE_DIR=/opt/rustwide/workdir" "-e" "CARGO_TARGET_DIR=/opt/rustwide/target" "-e" "CARGO_INCREMENTAL=0" "-e" "RUST_BACKTRACE=full" "-e" "RUSTFLAGS=--cap-lints=warn" "-e" "CARGO_HOME=/opt/rustwide/cargo-home" "-e" "RUSTUP_HOME=/opt/rustwide/rustup-home" "-w" "/opt/rustwide/workdir" "-m" "1610612736" "--user" "0:0" "--network" "none" "ghcr.io/rust-lang/crates-build-env/linux@sha256:a89201d6b5b9fd45c15d5952ece0a0129e7e80cb26ec023fd59cf09bc26f1604" "/opt/rustwide/cargo-home/bin/cargo" "+1.55.0" "check" "--frozen" "--all" "--all-targets" "--message-format=json", kill_on_drop: false }`
[INFO] [stderr] WARNING: Your kernel does not support swap limit capabilities or the cgroup is not mounted. Memory limited without swap.
[INFO] [stdout] 293a6299743787aadc51d608548fe383274888e1aeb4e1d6ff5742b59c548b1f
[INFO] running `Command { std: "docker" "start" "-a" "293a6299743787aadc51d608548fe383274888e1aeb4e1d6ff5742b59c548b1f", kill_on_drop: false }`
[INFO] [stderr]    Compiling syn v1.0.14
[INFO] [stderr]    Compiling cl-sys v0.4.2
[INFO] [stderr]     Checking nom v1.2.4
[INFO] [stderr]     Checking nodrop v0.1.14
[INFO] [stderr]    Compiling dimensioned v0.7.0
[INFO] [stderr]    Compiling ocl-core v0.11.2
[INFO] [stderr]     Checking atty v0.2.14
[INFO] [stderr]     Checking serde v1.0.104
[INFO] [stderr]     Checking num-traits v0.1.43
[INFO] [stderr]     Checking crossbeam-channel v0.4.0
[INFO] [stderr]    Compiling syn v0.14.9
[INFO] [stderr]     Checking num-bigint v0.1.44
[INFO] [stderr]     Checking generic-array v0.11.1
[INFO] [stderr]     Checking clap v2.33.0
[INFO] [stderr]     Checking enum_primitive v0.1.1
[INFO] [stderr]     Checking meval v0.1.0
[INFO] [stderr]     Checking crossbeam v0.7.3
[INFO] [stderr]     Checking qutex v0.2.3
[INFO] [stderr]     Checking num-rational v0.1.42
[INFO] [stderr]     Checking num v0.1.42
[INFO] [stderr]     Checking ocl-core-vector v0.1.0
[INFO] [stderr]    Compiling clapme_derive v0.1.10
[INFO] [stderr]     Checking clapme v0.1.15
[INFO] [stderr]    Compiling synstructure v0.12.3
[INFO] [stderr]    Compiling failure_derive v0.1.6
[INFO] [stderr]    Compiling serde_derive v1.0.104
[INFO] [stderr]    Compiling emu_macro v0.1.0 (https://github.com/calebwin/emu.git?branch=dev#095942ba)
[INFO] [stderr]     Checking failure v0.1.6
[INFO] [stderr]     Checking ocl v0.19.3
[INFO] [stderr]     Checking em v0.3.0 (https://github.com/calebwin/emu.git?branch=dev#095942ba)
[INFO] [stderr]     Checking vector3d v0.1.8
[INFO] [stderr]     Checking compactfusio v0.1.0 (/opt/rustwide/workdir/packages/simulation)
[INFO] [stdout] error[E0432]: unresolved import `crate::particle::Vec3`
[INFO] [stdout]  --> packages/simulation/src/objects/mod.rs:6:5
[INFO] [stdout]   |
[INFO] [stdout] 6 | use crate::particle::Vec3;
[INFO] [stdout]   |     ^^^^^^^^^^^^^^^^^^^^^ no `Vec3` in `particle`
[INFO] [stdout] 
[INFO] [stdout] 
[INFO] [stdout] error[E0432]: unresolved import `particle::Vec3`
[INFO] [stdout]  --> packages/simulation/src/lib.rs:4:9
[INFO] [stdout]   |
[INFO] [stdout] 4 | pub use particle::Vec3;
[INFO] [stdout]   |         ^^^^^^^^^^^^^^ no `Vec3` in `particle`
[INFO] [stdout] 
[INFO] [stdout] 
[INFO] [stdout] error[E0432]: unresolved import `crate::particle::Vec3`
[INFO] [stdout]  --> packages/simulation/src/objects/mod.rs:6:5
[INFO] [stdout]   |
[INFO] [stdout] 6 | use crate::particle::Vec3;
[INFO] [stdout]   |     ^^^^^^^^^^^^^^^^^^^^^ no `Vec3` in `particle`
[INFO] [stdout] 
[INFO] [stdout] 
[INFO] [stdout] error[E0432]: unresolved import `particle::Vec3`
[INFO] [stdout]  --> packages/simulation/src/lib.rs:4:9
[INFO] [stdout]   |
[INFO] [stdout] 4 | pub use particle::Vec3;
[INFO] [stdout]   |         ^^^^^^^^^^^^^^ no `Vec3` in `particle`
[INFO] [stdout] 
[INFO] [stdout] 
[INFO] [stdout] error[E0412]: cannot find type `Vec3` in this scope
[INFO] [stdout]    --> packages/simulation/src/particle/mod.rs:3:15
[INFO] [stdout]     |
[INFO] [stdout] 3   |       position: Vec3,
[INFO] [stdout]     |                 ^^^^ help: a struct with a similar name exists: `Vec`
[INFO] [stdout] 
[INFO] [stdout] 
[INFO] [stdout] error[E0412]: cannot find type `Vec3` in this scope
[INFO] [stdout]    --> packages/simulation/src/particle/mod.rs:4:15
[INFO] [stdout]     |
[INFO] [stdout] 4   |       velocity: Vec3
[INFO] [stdout]     |                 ^^^^ help: a struct with a similar name exists: `Vec`
[INFO] [stdout] 
[INFO] [stdout] 
[INFO] [stdout] warning: type `electron` should have an upper camel case name
[INFO] [stdout]  --> packages/simulation/src/particle/mod.rs:2:12
[INFO] [stdout]   |
[INFO] [stdout] 2 | pub struct electron {
[INFO] [stdout]   |            ^^^^^^^^ help: convert the identifier to upper camel case: `Electron`
[INFO] [stdout]   |
[INFO] [stdout]   = note: `#[warn(non_camel_case_types)]` on by default
[INFO] [stdout] 
[INFO] [stdout] 
[INFO] [stdout] error[E0412]: cannot find type `Vec3` in this scope
[INFO] [stdout]    --> packages/simulation/src/particle/mod.rs:3:15
[INFO] [stdout]     |
[INFO] [stdout] 3   |       position: Vec3,
[INFO] [stdout]     |                 ^^^^ help: a struct with a similar name exists: `Vec`
[INFO] [stdout] 
[INFO] [stdout] 
[INFO] [stdout] error[E0412]: cannot find type `Vec3` in this scope
[INFO] [stdout]    --> packages/simulation/src/particle/mod.rs:4:15
[INFO] [stdout]     |
[INFO] [stdout] 4   |       velocity: Vec3
[INFO] [stdout]     |                 ^^^^ help: a struct with a similar name exists: `Vec`
[INFO] [stdout] 
[INFO] [stdout] 
[INFO] [stdout] error: aborting due to 4 previous errors; 1 warning emitted
[INFO] [stdout] 
[INFO] [stdout] 
[INFO] [stdout] Some errors have detailed explanations: E0412, E0432.
[INFO] [stdout] 
[INFO] [stdout] For more information about an error, try `rustc --explain E0412`.
[INFO] [stdout] 
[INFO] [stderr] error: could not compile `compactfusio` due to 5 previous errors; 1 warning emitted
[INFO] [stdout] warning: type `electron` should have an upper camel case name
[INFO] [stdout]  --> packages/simulation/src/particle/mod.rs:2:12
[INFO] [stdout]   |
[INFO] [stdout] 2 | pub struct electron {
[INFO] [stdout]   |            ^^^^^^^^ help: convert the identifier to upper camel case: `Electron`
[INFO] [stdout]   |
[INFO] [stdout]   = note: `#[warn(non_camel_case_types)]` on by default
[INFO] [stdout] 
[INFO] [stdout] 
[INFO] [stderr] warning: build failed, waiting for other jobs to finish...
[INFO] [stdout] error: aborting due to 4 previous errors; 1 warning emitted
[INFO] [stdout] 
[INFO] [stdout] 
[INFO] [stdout] Some errors have detailed explanations: E0412, E0432.
[INFO] [stdout] 
[INFO] [stdout] For more information about an error, try `rustc --explain E0412`.
[INFO] [stdout] 
[INFO] [stderr] error: build failed
[INFO] running `Command { std: "docker" "inspect" "293a6299743787aadc51d608548fe383274888e1aeb4e1d6ff5742b59c548b1f", kill_on_drop: false }`
[INFO] running `Command { std: "docker" "rm" "-f" "293a6299743787aadc51d608548fe383274888e1aeb4e1d6ff5742b59c548b1f", kill_on_drop: false }`
[INFO] [stdout] 293a6299743787aadc51d608548fe383274888e1aeb4e1d6ff5742b59c548b1f
