[INFO] cloning repository https://github.com/jihchi/dify
[INFO] running `Command { std: "git" "-c" "credential.helper=" "-c" "credential.helper=/workspace/cargo-home/bin/git-credential-null" "clone" "--bare" "https://github.com/jihchi/dify" "/workspace/cache/git-repos/https%3A%2F%2Fgithub.com%2Fjihchi%2Fdify", kill_on_drop: false }`
[INFO] [stderr] Cloning into bare repository '/workspace/cache/git-repos/https%3A%2F%2Fgithub.com%2Fjihchi%2Fdify'...
[INFO] running `Command { std: "git" "rev-parse" "HEAD", kill_on_drop: false }`
[INFO] [stdout] bb92a1f28dec2128d6e6ae8c1a9e0617c1249d11
[INFO] checking jihchi/dify against beta-2021-10-15 for beta-1.56-3
[INFO] running `Command { std: "git" "clone" "/workspace/cache/git-repos/https%3A%2F%2Fgithub.com%2Fjihchi%2Fdify" "/workspace/builds/worker-37/source", kill_on_drop: false }`
[INFO] [stderr] Cloning into '/workspace/builds/worker-37/source'...
[INFO] [stderr] done.
[INFO] validating manifest of git repo https://github.com/jihchi/dify on toolchain beta-2021-10-15
[INFO] running `Command { std: "/workspace/cargo-home/bin/cargo" "+beta-2021-10-15" "metadata" "--manifest-path" "Cargo.toml" "--no-deps", kill_on_drop: false }`
[INFO] started tweaking git repo https://github.com/jihchi/dify
[INFO] finished tweaking git repo https://github.com/jihchi/dify
[INFO] tweaked toml for git repo https://github.com/jihchi/dify written to /workspace/builds/worker-37/source/Cargo.toml
[INFO] crate git repo https://github.com/jihchi/dify already has a lockfile, it will not be regenerated
[INFO] running `Command { std: "/workspace/cargo-home/bin/cargo" "+beta-2021-10-15" "fetch" "--manifest-path" "Cargo.toml", kill_on_drop: false }`
[INFO] [stderr]     Blocking waiting for file lock on package cache
[INFO] [stderr]     Blocking waiting for file lock on package cache
[INFO] running `Command { std: "docker" "create" "-v" "/var/lib/crater-agent-workspace/builds/worker-37/target:/opt/rustwide/target:rw,Z" "-v" "/var/lib/crater-agent-workspace/builds/worker-37/source:/opt/rustwide/workdir:ro,Z" "-v" "/var/lib/crater-agent-workspace/cargo-home:/opt/rustwide/cargo-home:ro,Z" "-v" "/var/lib/crater-agent-workspace/rustup-home:/opt/rustwide/rustup-home:ro,Z" "-e" "SOURCE_DIR=/opt/rustwide/workdir" "-e" "CARGO_TARGET_DIR=/opt/rustwide/target" "-e" "CARGO_HOME=/opt/rustwide/cargo-home" "-e" "RUSTUP_HOME=/opt/rustwide/rustup-home" "-w" "/opt/rustwide/workdir" "-m" "1610612736" "--user" "0:0" "--network" "none" "ghcr.io/rust-lang/crates-build-env/linux@sha256:a89201d6b5b9fd45c15d5952ece0a0129e7e80cb26ec023fd59cf09bc26f1604" "/opt/rustwide/cargo-home/bin/cargo" "+beta-2021-10-15" "metadata" "--no-deps" "--format-version=1", kill_on_drop: false }`
[INFO] [stdout] b7c2e4a36a3fe1c2d7fdbe144ba265f37ab79f51ac704c8b800ea6b732fa62fc
[INFO] running `Command { std: "docker" "start" "-a" "b7c2e4a36a3fe1c2d7fdbe144ba265f37ab79f51ac704c8b800ea6b732fa62fc", kill_on_drop: false }`
[INFO] running `Command { std: "docker" "inspect" "b7c2e4a36a3fe1c2d7fdbe144ba265f37ab79f51ac704c8b800ea6b732fa62fc", kill_on_drop: false }`
[INFO] running `Command { std: "docker" "rm" "-f" "b7c2e4a36a3fe1c2d7fdbe144ba265f37ab79f51ac704c8b800ea6b732fa62fc", kill_on_drop: false }`
[INFO] [stdout] b7c2e4a36a3fe1c2d7fdbe144ba265f37ab79f51ac704c8b800ea6b732fa62fc
[INFO] running `Command { std: "docker" "create" "-v" "/var/lib/crater-agent-workspace/builds/worker-37/target:/opt/rustwide/target:rw,Z" "-v" "/var/lib/crater-agent-workspace/builds/worker-37/source:/opt/rustwide/workdir:ro,Z" "-v" "/var/lib/crater-agent-workspace/cargo-home:/opt/rustwide/cargo-home:ro,Z" "-v" "/var/lib/crater-agent-workspace/rustup-home:/opt/rustwide/rustup-home:ro,Z" "-e" "SOURCE_DIR=/opt/rustwide/workdir" "-e" "CARGO_TARGET_DIR=/opt/rustwide/target" "-e" "CARGO_INCREMENTAL=0" "-e" "RUST_BACKTRACE=full" "-e" "RUSTFLAGS=--cap-lints=warn" "-e" "CARGO_HOME=/opt/rustwide/cargo-home" "-e" "RUSTUP_HOME=/opt/rustwide/rustup-home" "-w" "/opt/rustwide/workdir" "-m" "1610612736" "--user" "0:0" "--network" "none" "ghcr.io/rust-lang/crates-build-env/linux@sha256:a89201d6b5b9fd45c15d5952ece0a0129e7e80cb26ec023fd59cf09bc26f1604" "/opt/rustwide/cargo-home/bin/cargo" "+beta-2021-10-15" "check" "--frozen" "--all" "--all-targets" "--message-format=json", kill_on_drop: false }`
[INFO] [stdout] 07e9e7956f3aa1ae6827704a3617d9fbbfd00989199dfb0dd7bbe912b2f3c920
[INFO] running `Command { std: "docker" "start" "-a" "07e9e7956f3aa1ae6827704a3617d9fbbfd00989199dfb0dd7bbe912b2f3c920", kill_on_drop: false }`
[INFO] [stderr]     Blocking waiting for file lock on package cache
[INFO] [stderr]    Compiling libc v0.2.98
[INFO] [stderr]    Compiling serde v1.0.127
[INFO] [stderr]    Compiling semver v1.0.4
[INFO] [stderr]     Checking regex-syntax v0.6.25
[INFO] [stderr]    Compiling crc32fast v1.2.1
[INFO] [stderr]    Compiling proc-macro2 v1.0.28
[INFO] [stderr]     Checking adler32 v1.2.0
[INFO] [stderr]     Checking byteorder v1.4.3
[INFO] [stderr]     Checking weezl v0.1.5
[INFO] [stderr]    Compiling serde_json v1.0.66
[INFO] [stderr]     Checking once_cell v1.8.0
[INFO] [stderr]     Checking color_quant v1.1.0
[INFO] [stderr]    Compiling anyhow v1.0.42
[INFO] [stderr]    Compiling syn v1.0.74
[INFO] [stderr]     Checking predicates-core v1.0.2
[INFO] [stderr]    Compiling serde_derive v1.0.127
[INFO] [stderr]     Checking treeline v0.1.0
[INFO] [stderr]     Checking normalize-line-endings v0.3.0
[INFO] [stderr]     Checking bytemuck v1.7.2
[INFO] [stderr]     Checking scoped_threadpool v0.1.9
[INFO] [stderr]     Checking difflib v0.4.0
[INFO] [stderr]     Checking remove_dir_all v0.5.3
[INFO] [stderr]    Compiling num-traits v0.2.14
[INFO] [stderr]    Compiling miniz_oxide v0.4.4
[INFO] [stderr]    Compiling num-iter v0.1.42
[INFO] [stderr]    Compiling num-rational v0.3.2
[INFO] [stderr]     Checking getopts v0.2.21
[INFO] [stderr]     Checking aho-corasick v0.7.18
[INFO] [stderr]     Checking csv-core v0.1.10
[INFO] [stderr]     Checking crossbeam-deque v0.8.1
[INFO] [stderr]     Checking miniz_oxide v0.3.7
[INFO] [stderr]     Checking deflate v0.8.6
[INFO] [stderr]     Checking predicates-tree v1.0.3
[INFO] [stderr]     Checking gif v0.11.2
[INFO] [stderr]     Checking thread_local v1.1.3
[INFO] [stderr]    Compiling rustc_version v0.4.0
[INFO] [stderr]     Checking num_cpus v1.13.0
[INFO] [stderr]     Checking getrandom v0.2.3
[INFO] [stderr]     Checking atty v0.2.14
[INFO] [stderr]     Checking wait-timeout v0.2.0
[INFO] [stderr]     Checking png v0.16.8
[INFO] [stderr]    Compiling quote v1.0.9
[INFO] [stderr]     Checking colored v2.0.0
[INFO] [stderr]     Checking rayon-core v1.9.1
[INFO] [stderr]     Checking rand_core v0.6.3
[INFO] [stderr]     Checking num-integer v0.1.44
[INFO] [stderr]     Checking float-cmp v0.9.0
[INFO] [stderr]     Checking plotters v0.3.1
[INFO] [stderr]    Compiling cast v0.2.7
[INFO] [stderr]     Checking regex v1.5.4
[INFO] [stderr]     Checking rand_chacha v0.3.1
[INFO] [stderr]     Checking rayon v1.5.1
[INFO] [stderr]     Checking rand v0.8.4
[INFO] [stderr]     Checking criterion-plot v0.4.4
[INFO] [stderr]     Checking bstr v0.2.16
[INFO] [stderr]     Checking serde_cbor v0.11.1
[INFO] [stderr]     Checking predicates v2.0.1
[INFO] [stderr]     Checking tempfile v3.2.0
[INFO] [stderr]     Checking jpeg-decoder v0.1.22
[INFO] [stderr]     Checking globset v0.4.8
[INFO] [stderr]     Checking csv v1.1.6
[INFO] [stderr]     Checking tinytemplate v1.2.1
[INFO] [stderr]     Checking assert_cmd v2.0.0
[INFO] [stderr]     Checking ignore v0.4.18
[INFO] [stderr]     Checking tiff v0.6.1
[INFO] [stderr]     Checking globwalk v0.8.1
[INFO] [stderr]     Checking assert_fs v1.0.3
[INFO] [stderr]     Checking image v0.23.14
[INFO] [stderr]     Checking dify v0.4.1-alpha.0 (/opt/rustwide/workdir)
[INFO] [stderr]     Checking criterion v0.3.5
[INFO] [stdout] error[E0061]: this function takes 7 arguments but 6 arguments were supplied
[INFO] [stdout]   --> benches/benchmark.rs:31:13
[INFO] [stdout]    |
[INFO] [stdout] 31 |             diff::get_results(
[INFO] [stdout]    |             ^^^^^^^^^^^^^^^^^ expected 7 arguments
[INFO] [stdout] 32 |                 &left_image,
[INFO] [stdout]    |                 -----------
[INFO] [stdout] 33 |                 &right_image,
[INFO] [stdout]    |                 ------------
[INFO] [stdout] 34 |                 default_run_params.threshold,
[INFO] [stdout]    |                 ----------------------------
[INFO] [stdout] 35 |                 default_run_params.do_not_check_dimensions,
[INFO] [stdout]    |                 ------------------------------------------
[INFO] [stdout] 36 |                 default_run_params.blend_factor_of_unchanged_pixels,
[INFO] [stdout]    |                 ---------------------------------------------------
[INFO] [stdout] 37 |                 &default_run_params.output_image_base,
[INFO] [stdout]    |                 ------------------------------------- supplied 6 arguments
[INFO] [stdout]    |
[INFO] [stdout] note: function defined here
[INFO] [stdout]   --> /opt/rustwide/workdir/src/diff.rs:44:8
[INFO] [stdout]    |
[INFO] [stdout] 44 | pub fn get_results(
[INFO] [stdout]    |        ^^^^^^^^^^^
[INFO] [stdout] 
[INFO] [stdout] 
[INFO] [stdout] error[E0061]: this function takes 7 arguments but 6 arguments were supplied
[INFO] [stdout]   --> benches/benchmark.rs:47:13
[INFO] [stdout]    |
[INFO] [stdout] 47 |             diff::get_results(
[INFO] [stdout]    |             ^^^^^^^^^^^^^^^^^ expected 7 arguments
[INFO] [stdout] 48 |                 &left_image,
[INFO] [stdout]    |                 -----------
[INFO] [stdout] 49 |                 &right_image,
[INFO] [stdout]    |                 ------------
[INFO] [stdout] 50 |                 default_run_params.threshold,
[INFO] [stdout]    |                 ----------------------------
[INFO] [stdout] 51 |                 default_run_params.do_not_check_dimensions,
[INFO] [stdout]    |                 ------------------------------------------
[INFO] [stdout] 52 |                 default_run_params.blend_factor_of_unchanged_pixels,
[INFO] [stdout]    |                 ---------------------------------------------------
[INFO] [stdout] 53 |                 &default_run_params.output_image_base,
[INFO] [stdout]    |                 ------------------------------------- supplied 6 arguments
[INFO] [stdout]    |
[INFO] [stdout] note: function defined here
[INFO] [stdout]   --> /opt/rustwide/workdir/src/diff.rs:44:8
[INFO] [stdout]    |
[INFO] [stdout] 44 | pub fn get_results(
[INFO] [stdout]    |        ^^^^^^^^^^^
[INFO] [stdout] 
[INFO] [stdout] 
[INFO] [stdout] error[E0061]: this function takes 7 arguments but 6 arguments were supplied
[INFO] [stdout]   --> benches/benchmark.rs:63:13
[INFO] [stdout]    |
[INFO] [stdout] 63 |             diff::get_results(
[INFO] [stdout]    |             ^^^^^^^^^^^^^^^^^ expected 7 arguments
[INFO] [stdout] 64 |                 &left_image,
[INFO] [stdout]    |                 -----------
[INFO] [stdout] 65 |                 &right_image,
[INFO] [stdout]    |                 ------------
[INFO] [stdout] 66 |                 default_run_params.threshold,
[INFO] [stdout]    |                 ----------------------------
[INFO] [stdout] 67 |                 default_run_params.do_not_check_dimensions,
[INFO] [stdout]    |                 ------------------------------------------
[INFO] [stdout] 68 |                 default_run_params.blend_factor_of_unchanged_pixels,
[INFO] [stdout]    |                 ---------------------------------------------------
[INFO] [stdout] 69 |                 &default_run_params.output_image_base,
[INFO] [stdout]    |                 ------------------------------------- supplied 6 arguments
[INFO] [stdout]    |
[INFO] [stdout] note: function defined here
[INFO] [stdout]   --> /opt/rustwide/workdir/src/diff.rs:44:8
[INFO] [stdout]    |
[INFO] [stdout] 44 | pub fn get_results(
[INFO] [stdout]    |        ^^^^^^^^^^^
[INFO] [stdout] 
[INFO] [stdout] 
[INFO] [stdout] error: aborting due to 3 previous errors
[INFO] [stdout] 
[INFO] [stdout] 
[INFO] [stdout] For more information about this error, try `rustc --explain E0061`.
[INFO] [stdout] 
[INFO] [stderr] error: could not compile `dify` due to 4 previous errors
[INFO] [stderr] warning: build failed, waiting for other jobs to finish...
[INFO] [stderr] error: build failed
[INFO] running `Command { std: "docker" "inspect" "07e9e7956f3aa1ae6827704a3617d9fbbfd00989199dfb0dd7bbe912b2f3c920", kill_on_drop: false }`
[INFO] running `Command { std: "docker" "rm" "-f" "07e9e7956f3aa1ae6827704a3617d9fbbfd00989199dfb0dd7bbe912b2f3c920", kill_on_drop: false }`
[INFO] [stdout] 07e9e7956f3aa1ae6827704a3617d9fbbfd00989199dfb0dd7bbe912b2f3c920
