[INFO] cloning repository https://github.com/jhillyerd/bluepill-exp
[INFO] running `Command { std: "git" "-c" "credential.helper=" "-c" "credential.helper=/workspace/cargo-home/bin/git-credential-null" "clone" "--bare" "https://github.com/jhillyerd/bluepill-exp" "/workspace/cache/git-repos/https%3A%2F%2Fgithub.com%2Fjhillyerd%2Fbluepill-exp", kill_on_drop: false }`
[INFO] [stderr] Cloning into bare repository '/workspace/cache/git-repos/https%3A%2F%2Fgithub.com%2Fjhillyerd%2Fbluepill-exp'...
[INFO] running `Command { std: "git" "rev-parse" "HEAD", kill_on_drop: false }`
[INFO] [stdout] f1cd9e03023a71537038dfa4148ad7c471b1bd67
[INFO] checking jhillyerd/bluepill-exp against 1.55.0 for beta-1.56-3
[INFO] running `Command { std: "git" "clone" "/workspace/cache/git-repos/https%3A%2F%2Fgithub.com%2Fjhillyerd%2Fbluepill-exp" "/workspace/builds/worker-81/source", kill_on_drop: false }`
[INFO] [stderr] Cloning into '/workspace/builds/worker-81/source'...
[INFO] [stderr] done.
[INFO] validating manifest of git repo https://github.com/jhillyerd/bluepill-exp on toolchain 1.55.0
[INFO] running `Command { std: "/workspace/cargo-home/bin/cargo" "+1.55.0" "metadata" "--manifest-path" "Cargo.toml" "--no-deps", kill_on_drop: false }`
[INFO] removed /workspace/builds/worker-81/source/.cargo/config
[INFO] started tweaking git repo https://github.com/jhillyerd/bluepill-exp
[INFO] finished tweaking git repo https://github.com/jhillyerd/bluepill-exp
[INFO] tweaked toml for git repo https://github.com/jhillyerd/bluepill-exp written to /workspace/builds/worker-81/source/Cargo.toml
[INFO] crate git repo https://github.com/jhillyerd/bluepill-exp already has a lockfile, it will not be regenerated
[INFO] running `Command { std: "/workspace/cargo-home/bin/cargo" "+1.55.0" "fetch" "--manifest-path" "Cargo.toml", kill_on_drop: false }`
[INFO] [stderr]     Blocking waiting for file lock on package cache
[INFO] [stderr]     Blocking waiting for file lock on package cache
[INFO] [stderr]  Downloading crates ...
[INFO] [stderr]   Downloaded bitfield v0.13.2
[INFO] [stderr]   Downloaded nb v1.0.0
[INFO] [stderr]   Downloaded nb v0.1.3
[INFO] [stderr]   Downloaded r0 v0.2.2
[INFO] [stderr]   Downloaded embedded-hal v0.2.4
[INFO] [stderr]   Downloaded bare-metal v1.0.0
[INFO] [stderr]   Downloaded cortex-m-rt-macros v0.1.8
[INFO] [stderr]   Downloaded hash32 v0.1.1
[INFO] [stderr]   Downloaded heapless v0.5.6
[INFO] [stderr]   Downloaded bare-metal v0.2.5
[INFO] [stderr]   Downloaded debouncr v0.2.2
[INFO] [stderr]   Downloaded mutex-trait v0.2.0
[INFO] [stderr]   Downloaded as-slice v0.1.4
[INFO] [stderr]   Downloaded rtic-core v0.3.1
[INFO] [stderr]   Downloaded infrared v0.8.0
[INFO] [stderr]   Downloaded stm32f1xx-hal v0.7.0
[INFO] [stderr]   Downloaded rtt-target v0.3.0
[INFO] [stderr]   Downloaded embedded-dma v0.1.2
[INFO] [stderr]   Downloaded stm32f1 v0.11.0
[INFO] [stderr]   Downloaded cortex-m-rtic-macros v0.6.0-alpha.0
[INFO] [stderr]   Downloaded rtic-syntax v0.5.0-alpha.0
[INFO] [stderr]   Downloaded cortex-m-rtic v0.6.0-alpha.0
[INFO] [stderr]   Downloaded aligned v0.3.4
[INFO] [stderr]   Downloaded ufmt-write v0.1.0
[INFO] [stderr]   Downloaded cortex-m v0.6.4
[INFO] [stderr]   Downloaded volatile-register v0.2.0
[INFO] [stderr]   Downloaded cortex-m-rt v0.6.13
[INFO] [stderr]   Downloaded vcell v0.1.3
[INFO] [stderr]   Downloaded generic-array v0.13.2
[INFO] running `Command { std: "docker" "create" "-v" "/var/lib/crater-agent-workspace/builds/worker-81/target:/opt/rustwide/target:rw,Z" "-v" "/var/lib/crater-agent-workspace/builds/worker-81/source:/opt/rustwide/workdir:ro,Z" "-v" "/var/lib/crater-agent-workspace/cargo-home:/opt/rustwide/cargo-home:ro,Z" "-v" "/var/lib/crater-agent-workspace/rustup-home:/opt/rustwide/rustup-home:ro,Z" "-e" "SOURCE_DIR=/opt/rustwide/workdir" "-e" "CARGO_TARGET_DIR=/opt/rustwide/target" "-e" "CARGO_HOME=/opt/rustwide/cargo-home" "-e" "RUSTUP_HOME=/opt/rustwide/rustup-home" "-w" "/opt/rustwide/workdir" "-m" "1610612736" "--user" "0:0" "--network" "none" "ghcr.io/rust-lang/crates-build-env/linux@sha256:a89201d6b5b9fd45c15d5952ece0a0129e7e80cb26ec023fd59cf09bc26f1604" "/opt/rustwide/cargo-home/bin/cargo" "+1.55.0" "metadata" "--no-deps" "--format-version=1", kill_on_drop: false }`
[INFO] [stdout] a16e6318b984cb3790b8db355022d16b2f1851da8cb422ffa57c8319acb96e8f
[INFO] running `Command { std: "docker" "start" "-a" "a16e6318b984cb3790b8db355022d16b2f1851da8cb422ffa57c8319acb96e8f", kill_on_drop: false }`
[INFO] running `Command { std: "docker" "inspect" "a16e6318b984cb3790b8db355022d16b2f1851da8cb422ffa57c8319acb96e8f", kill_on_drop: false }`
[INFO] running `Command { std: "docker" "rm" "-f" "a16e6318b984cb3790b8db355022d16b2f1851da8cb422ffa57c8319acb96e8f", kill_on_drop: false }`
[INFO] [stdout] a16e6318b984cb3790b8db355022d16b2f1851da8cb422ffa57c8319acb96e8f
[INFO] running `Command { std: "docker" "create" "-v" "/var/lib/crater-agent-workspace/builds/worker-81/target:/opt/rustwide/target:rw,Z" "-v" "/var/lib/crater-agent-workspace/builds/worker-81/source:/opt/rustwide/workdir:ro,Z" "-v" "/var/lib/crater-agent-workspace/cargo-home:/opt/rustwide/cargo-home:ro,Z" "-v" "/var/lib/crater-agent-workspace/rustup-home:/opt/rustwide/rustup-home:ro,Z" "-e" "SOURCE_DIR=/opt/rustwide/workdir" "-e" "CARGO_TARGET_DIR=/opt/rustwide/target" "-e" "CARGO_INCREMENTAL=0" "-e" "RUST_BACKTRACE=full" "-e" "RUSTFLAGS=--cap-lints=warn" "-e" "CARGO_HOME=/opt/rustwide/cargo-home" "-e" "RUSTUP_HOME=/opt/rustwide/rustup-home" "-w" "/opt/rustwide/workdir" "-m" "1610612736" "--user" "0:0" "--network" "none" "ghcr.io/rust-lang/crates-build-env/linux@sha256:a89201d6b5b9fd45c15d5952ece0a0129e7e80cb26ec023fd59cf09bc26f1604" "/opt/rustwide/cargo-home/bin/cargo" "+1.55.0" "check" "--frozen" "--all" "--all-targets" "--message-format=json", kill_on_drop: false }`
[INFO] [stdout] 30911be13e7e6aca0e0249c5bcaca976da50464f1d2ee2c3324b77f1bb31a813
[INFO] running `Command { std: "docker" "start" "-a" "30911be13e7e6aca0e0249c5bcaca976da50464f1d2ee2c3324b77f1bb31a813", kill_on_drop: false }`
[INFO] [stderr]     Blocking waiting for file lock on package cache
[INFO] [stderr]    Compiling version_check v0.9.2
[INFO] [stderr]    Compiling proc-macro2 v1.0.24
[INFO] [stderr]    Compiling typenum v1.12.0
[INFO] [stderr]    Compiling semver-parser v0.7.0
[INFO] [stderr]    Compiling unicode-xid v0.2.1
[INFO] [stderr]    Compiling syn v1.0.58
[INFO] [stderr]     Checking stable_deref_trait v1.2.0
[INFO] [stderr]    Compiling cortex-m v0.6.4
[INFO] [stderr]    Compiling autocfg v1.0.1
[INFO] [stderr]     Checking vcell v0.1.3
[INFO] [stderr]    Compiling cortex-m-rt v0.6.13
[INFO] [stderr]     Checking bitfield v0.13.2
[INFO] [stderr]     Checking nb v1.0.0
[INFO] [stderr]    Compiling hashbrown v0.9.1
[INFO] [stderr]     Checking r0 v0.2.2
[INFO] [stderr]    Compiling stm32f1 v0.11.0
[INFO] [stderr]     Checking byteorder v1.4.2
[INFO] [stderr]    Compiling heapless v0.5.6
[INFO] [stderr]    Compiling doc-comment v0.3.3
[INFO] [stderr]     Checking void v1.0.2
[INFO] [stderr]     Checking bare-metal v1.0.0
[INFO] [stderr]     Checking rtic-core v0.3.1
[INFO] [stderr]     Checking ufmt-write v0.1.0
[INFO] [stderr]     Checking mutex-trait v0.2.0
[INFO] [stderr]     Checking volatile-register v0.2.0
[INFO] [stderr]    Compiling semver v0.9.0
[INFO] [stderr]     Checking embedded-dma v0.1.2
[INFO] [stderr]     Checking nb v0.1.3
[INFO] [stderr]     Checking hash32 v0.1.1
[INFO] [stderr]    Compiling generic-array v0.14.4
[INFO] [stderr]    Compiling proc-macro-error-attr v1.0.4
[INFO] [stderr]    Compiling proc-macro-error v1.0.4
[INFO] [stderr]    Compiling cortex-m-rtic v0.6.0-alpha.0
[INFO] [stderr]    Compiling rustc_version v0.2.3
[INFO] [stderr]    Compiling indexmap v1.6.1
[INFO] [stderr]     Checking embedded-hal v0.2.4
[INFO] [stderr]     Checking debouncr v0.2.2
[INFO] [stderr]    Compiling quote v1.0.8
[INFO] [stderr]     Checking infrared v0.8.0
[INFO] [stderr]    Compiling bare-metal v0.2.5
[INFO] [stderr]    Compiling cast v0.2.3
[INFO] [stderr]     Checking generic-array v0.13.2
[INFO] [stderr]     Checking generic-array v0.12.3
[INFO] [stderr]     Checking as-slice v0.1.4
[INFO] [stderr]     Checking aligned v0.3.4
[INFO] [stderr]     Checking rtt-target v0.3.0
[INFO] [stderr]    Compiling rtic-syntax v0.5.0-alpha.0
[INFO] [stderr]    Compiling cortex-m-rt-macros v0.1.8
[INFO] [stderr]    Compiling cortex-m-rtic-macros v0.6.0-alpha.0
[INFO] [stderr]     Checking stm32f1xx-hal v0.7.0
[INFO] [stderr]     Checking bluepill-exp v0.1.0 (/opt/rustwide/workdir)
[INFO] [stdout] error[E0432]: unresolved import `rtic::cyccnt`
[INFO] [stdout]   --> src/main.rs:19:15
[INFO] [stdout]    |
[INFO] [stdout] 19 |     use rtic::cyccnt::U32Ext;
[INFO] [stdout]    |               ^^^^^^ could not find `cyccnt` in `rtic`
[INFO] [stdout] 
[INFO] [stdout] 
[INFO] [stdout] error[E0433]: failed to resolve: could not find `cyccnt` in `rtic`
[INFO] [stdout]   --> src/main.rs:11:23
[INFO] [stdout]    |
[INFO] [stdout] 11 |     monotonic = rtic::cyccnt::CYCCNT,
[INFO] [stdout]    |                       ^^^^^^ could not find `cyccnt` in `rtic`
[INFO] [stdout] 
[INFO] [stdout] 
[INFO] [stdout] error[E0432]: unresolved import `rtic::cyccnt`
[INFO] [stdout]   --> src/main.rs:19:15
[INFO] [stdout]    |
[INFO] [stdout] 19 |     use rtic::cyccnt::U32Ext;
[INFO] [stdout]    |               ^^^^^^ could not find `cyccnt` in `rtic`
[INFO] [stdout] 
[INFO] [stdout] 
[INFO] [stdout] error[E0433]: failed to resolve: could not find `cyccnt` in `rtic`
[INFO] [stdout]   --> src/main.rs:11:23
[INFO] [stdout]    |
[INFO] [stdout] 11 |     monotonic = rtic::cyccnt::CYCCNT,
[INFO] [stdout]    |                       ^^^^^^ could not find `cyccnt` in `rtic`
[INFO] [stdout] 
[INFO] [stdout] 
[INFO] [stdout] error: language item required, but not found: `eh_personality`
[INFO] [stdout] 
[INFO] [stdout] 
[INFO] [stdout] error[E0152]: found duplicate lang item `panic_impl`
[INFO] [stdout]    --> src/main.rs:307:1
[INFO] [stdout]     |
[INFO] [stdout] 307 | fn panic(info: &core::panic::PanicInfo) -> ! {
[INFO] [stdout]     | ^^^^^^^^^^^^^^^^^^^^^^^^^^^^^^^^^^^^^^^^^^^^
[INFO] [stdout]     |
[INFO] [stdout]     = note: the lang item is first defined in crate `std` (which `test` depends on)
[INFO] [stdout]     = note: first definition in `std` loaded from /opt/rustwide/rustup-home/toolchains/1.55.0-x86_64-unknown-linux-gnu/lib/rustlib/x86_64-unknown-linux-gnu/lib/libstd-008055cc7d873802.rlib
[INFO] [stdout]     = note: second definition in the local crate (`bluepill_exp`)
[INFO] [stdout] 
[INFO] [stdout] 
[INFO] [stdout] error[E0599]: no method named `cycles` found for type `u32` in the current scope
[INFO] [stdout]    --> src/main.rs:163:55
[INFO] [stdout]     |
[INFO] [stdout] 163 |         blink_led::schedule(ctx.scheduled + SYSCLK_HZ.cycles()).unwrap();
[INFO] [stdout]     |                                                       ^^^^^^ method not found in `u32`
[INFO] [stdout] 
[INFO] [stdout] 
[INFO] [stdout] error[E0599]: no method named `cycles` found for type `u32` in the current scope
[INFO] [stdout]    --> src/main.rs:193:66
[INFO] [stdout]     |
[INFO] [stdout] 193 |         poll_button::schedule(ctx.scheduled + BUTTON_POLL_PERIOD.cycles()).unwrap();
[INFO] [stdout]     |                                                                  ^^^^^^ method not found in `u32`
[INFO] [stdout] 
[INFO] [stdout] 
[INFO] [stdout] error[E0599]: no method named `cycles` found for type `u32` in the current scope
[INFO] [stdout]    --> src/main.rs:253:62
[INFO] [stdout]     |
[INFO] [stdout] 253 |         read_input::schedule(ctx.scheduled + RTT_POLL_PERIOD.cycles()).unwrap();
[INFO] [stdout]     |                                                              ^^^^^^ method not found in `u32`
[INFO] [stdout] 
[INFO] [stdout] 
[INFO] [stdout] error[E0599]: no method named `cycles` found for type `u32` in the current scope
[INFO] [stdout]    --> src/main.rs:163:55
[INFO] [stdout]     |
[INFO] [stdout] 163 |         blink_led::schedule(ctx.scheduled + SYSCLK_HZ.cycles()).unwrap();
[INFO] [stdout]     |                                                       ^^^^^^ method not found in `u32`
[INFO] [stdout] 
[INFO] [stdout] 
[INFO] [stdout] error[E0599]: no method named `cycles` found for type `u32` in the current scope
[INFO] [stdout]    --> src/main.rs:193:66
[INFO] [stdout]     |
[INFO] [stdout] 193 |         poll_button::schedule(ctx.scheduled + BUTTON_POLL_PERIOD.cycles()).unwrap();
[INFO] [stdout]     |                                                                  ^^^^^^ method not found in `u32`
[INFO] [stdout] 
[INFO] [stdout] 
[INFO] [stdout] error: aborting due to 6 previous errors
[INFO] [stdout] 
[INFO] [stdout] 
[INFO] [stdout] Some errors have detailed explanations: E0432, E0433, E0599.
[INFO] [stdout] 
[INFO] [stdout] For more information about an error, try `rustc --explain E0432`.
[INFO] [stdout] 
[INFO] [stderr] error: could not compile `bluepill-exp` due to 7 previous errors
[INFO] [stdout] error[E0599]: no method named `cycles` found for type `u32` in the current scope
[INFO] [stdout]    --> src/main.rs:253:62
[INFO] [stdout]     |
[INFO] [stdout] 253 |         read_input::schedule(ctx.scheduled + RTT_POLL_PERIOD.cycles()).unwrap();
[INFO] [stdout]     |                                                              ^^^^^^ method not found in `u32`
[INFO] [stdout] 
[INFO] [stdout] 
[INFO] [stderr] warning: build failed, waiting for other jobs to finish...
[INFO] [stdout] error: aborting due to 6 previous errors
[INFO] [stdout] 
[INFO] [stdout] 
[INFO] [stdout] Some errors have detailed explanations: E0152, E0432, E0433, E0599.
[INFO] [stdout] 
[INFO] [stdout] For more information about an error, try `rustc --explain E0152`.
[INFO] [stdout] 
[INFO] [stderr] error: build failed
[INFO] running `Command { std: "docker" "inspect" "30911be13e7e6aca0e0249c5bcaca976da50464f1d2ee2c3324b77f1bb31a813", kill_on_drop: false }`
[INFO] running `Command { std: "docker" "rm" "-f" "30911be13e7e6aca0e0249c5bcaca976da50464f1d2ee2c3324b77f1bb31a813", kill_on_drop: false }`
[INFO] [stdout] 30911be13e7e6aca0e0249c5bcaca976da50464f1d2ee2c3324b77f1bb31a813
