[INFO] cloning repository https://github.com/jhamill34/notion-formula-parser
[INFO] running `Command { std: "git" "-c" "credential.helper=" "-c" "credential.helper=/workspace/cargo-home/bin/git-credential-null" "clone" "--bare" "https://github.com/jhamill34/notion-formula-parser" "/workspace/cache/git-repos/https%3A%2F%2Fgithub.com%2Fjhamill34%2Fnotion-formula-parser", kill_on_drop: false }`
[INFO] [stderr] Cloning into bare repository '/workspace/cache/git-repos/https%3A%2F%2Fgithub.com%2Fjhamill34%2Fnotion-formula-parser'...
[INFO] running `Command { std: "git" "rev-parse" "HEAD", kill_on_drop: false }`
[INFO] [stdout] 34cd741aa5f07546946803d044977aaf64a1fb83
[INFO] checking jhamill34/notion-formula-parser against beta-2021-10-15 for beta-1.56-3
[INFO] running `Command { std: "git" "clone" "/workspace/cache/git-repos/https%3A%2F%2Fgithub.com%2Fjhamill34%2Fnotion-formula-parser" "/workspace/builds/worker-53/source", kill_on_drop: false }`
[INFO] [stderr] Cloning into '/workspace/builds/worker-53/source'...
[INFO] [stderr] done.
[INFO] validating manifest of git repo https://github.com/jhamill34/notion-formula-parser on toolchain beta-2021-10-15
[INFO] running `Command { std: "/workspace/cargo-home/bin/cargo" "+beta-2021-10-15" "metadata" "--manifest-path" "Cargo.toml" "--no-deps", kill_on_drop: false }`
[INFO] started tweaking git repo https://github.com/jhamill34/notion-formula-parser
[INFO] finished tweaking git repo https://github.com/jhamill34/notion-formula-parser
[INFO] tweaked toml for git repo https://github.com/jhamill34/notion-formula-parser written to /workspace/builds/worker-53/source/Cargo.toml
[INFO] crate git repo https://github.com/jhamill34/notion-formula-parser already has a lockfile, it will not be regenerated
[INFO] running `Command { std: "/workspace/cargo-home/bin/cargo" "+beta-2021-10-15" "fetch" "--manifest-path" "Cargo.toml", kill_on_drop: false }`
[INFO] [stderr]     Blocking waiting for file lock on package cache
[INFO] [stderr]     Blocking waiting for file lock on package cache
[INFO] running `Command { std: "docker" "create" "-v" "/var/lib/crater-agent-workspace/builds/worker-53/target:/opt/rustwide/target:rw,Z" "-v" "/var/lib/crater-agent-workspace/builds/worker-53/source:/opt/rustwide/workdir:ro,Z" "-v" "/var/lib/crater-agent-workspace/cargo-home:/opt/rustwide/cargo-home:ro,Z" "-v" "/var/lib/crater-agent-workspace/rustup-home:/opt/rustwide/rustup-home:ro,Z" "-e" "SOURCE_DIR=/opt/rustwide/workdir" "-e" "CARGO_TARGET_DIR=/opt/rustwide/target" "-e" "CARGO_HOME=/opt/rustwide/cargo-home" "-e" "RUSTUP_HOME=/opt/rustwide/rustup-home" "-w" "/opt/rustwide/workdir" "-m" "1610612736" "--user" "0:0" "--network" "none" "ghcr.io/rust-lang/crates-build-env/linux@sha256:a89201d6b5b9fd45c15d5952ece0a0129e7e80cb26ec023fd59cf09bc26f1604" "/opt/rustwide/cargo-home/bin/cargo" "+beta-2021-10-15" "metadata" "--no-deps" "--format-version=1", kill_on_drop: false }`
[INFO] [stdout] c6a108255131ff5d122cf2c25f38f01e6ed53f98e539275d667a8fabed4584f4
[INFO] running `Command { std: "docker" "start" "-a" "c6a108255131ff5d122cf2c25f38f01e6ed53f98e539275d667a8fabed4584f4", kill_on_drop: false }`
[INFO] running `Command { std: "docker" "inspect" "c6a108255131ff5d122cf2c25f38f01e6ed53f98e539275d667a8fabed4584f4", kill_on_drop: false }`
[INFO] running `Command { std: "docker" "rm" "-f" "c6a108255131ff5d122cf2c25f38f01e6ed53f98e539275d667a8fabed4584f4", kill_on_drop: false }`
[INFO] [stdout] c6a108255131ff5d122cf2c25f38f01e6ed53f98e539275d667a8fabed4584f4
[INFO] running `Command { std: "docker" "create" "-v" "/var/lib/crater-agent-workspace/builds/worker-53/target:/opt/rustwide/target:rw,Z" "-v" "/var/lib/crater-agent-workspace/builds/worker-53/source:/opt/rustwide/workdir:ro,Z" "-v" "/var/lib/crater-agent-workspace/cargo-home:/opt/rustwide/cargo-home:ro,Z" "-v" "/var/lib/crater-agent-workspace/rustup-home:/opt/rustwide/rustup-home:ro,Z" "-e" "SOURCE_DIR=/opt/rustwide/workdir" "-e" "CARGO_TARGET_DIR=/opt/rustwide/target" "-e" "CARGO_INCREMENTAL=0" "-e" "RUST_BACKTRACE=full" "-e" "RUSTFLAGS=--cap-lints=warn" "-e" "CARGO_HOME=/opt/rustwide/cargo-home" "-e" "RUSTUP_HOME=/opt/rustwide/rustup-home" "-w" "/opt/rustwide/workdir" "-m" "1610612736" "--user" "0:0" "--network" "none" "ghcr.io/rust-lang/crates-build-env/linux@sha256:a89201d6b5b9fd45c15d5952ece0a0129e7e80cb26ec023fd59cf09bc26f1604" "/opt/rustwide/cargo-home/bin/cargo" "+beta-2021-10-15" "check" "--frozen" "--all" "--all-targets" "--message-format=json", kill_on_drop: false }`
[INFO] [stdout] 0a389fde5927cc253df19581b6675c8cccef8f9cf4b3a3f5f036f665e8553f9a
[INFO] running `Command { std: "docker" "start" "-a" "0a389fde5927cc253df19581b6675c8cccef8f9cf4b3a3f5f036f665e8553f9a", kill_on_drop: false }`
[INFO] [stderr]     Blocking waiting for file lock on package cache
[INFO] [stderr]     Checking pipeline v0.1.0 (/opt/rustwide/workdir/pipeline)
[INFO] [stderr]     Checking lookahead_buffer v0.1.0 (/opt/rustwide/workdir/lookahead_buffer)
[INFO] [stderr]     Checking notion_formula_core v0.1.0 (/opt/rustwide/workdir/notion_formula_core)
[INFO] [stdout] warning: panic message is not a string literal
[INFO] [stdout]   --> pipeline/tests/integration_tests.rs:24:26
[INFO] [stdout]    |
[INFO] [stdout] 24 |         Err(e) => panic!(e),
[INFO] [stdout]    |                          ^
[INFO] [stdout]    |
[INFO] [stdout]    = note: `#[warn(non_fmt_panics)]` on by default
[INFO] [stdout]    = note: this usage of panic!() is deprecated; it will be a hard error in Rust 2021
[INFO] [stdout]    = note: for more information, see <https://doc.rust-lang.org/nightly/edition-guide/rust-2021/panic-macro-consistency.html>
[INFO] [stdout] help: add a "{}" format string to Display the message
[INFO] [stdout]    |
[INFO] [stdout] 24 |         Err(e) => panic!("{}", e),
[INFO] [stdout]    |                          +++++
[INFO] [stdout] help: or use std::panic::panic_any instead
[INFO] [stdout]    |
[INFO] [stdout] 24 |         Err(e) => std::panic::panic_any(e),
[INFO] [stdout]    |                   ~~~~~~~~~~~~~~~~~~~~~
[INFO] [stdout] 
[INFO] [stdout] 
[INFO] [stdout] warning: 1 warning emitted
[INFO] [stdout] 
[INFO] [stdout] 
[INFO] [stdout] error[E0277]: `Pair<Type>` doesn't implement `Debug`
[INFO] [stdout]   --> notion_formula_core/src/parser/mod.rs:14:22
[INFO] [stdout]    |
[INFO] [stdout] 12 | #[derive(Debug, PartialEq)]
[INFO] [stdout]    |          ----- in this derive macro expansion
[INFO] [stdout] 13 | pub enum Statement {
[INFO] [stdout] 14 |     TableDef(String, Vec<Pair<Type>>),
[INFO] [stdout]    |                      ^^^^^^^^^^^^^^^ `Pair<Type>` cannot be formatted using `{:?}`
[INFO] [stdout]    |
[INFO] [stdout]    = help: the trait `Debug` is not implemented for `Pair<Type>`
[INFO] [stdout]    = note: add `#[derive(Debug)]` to `Pair<Type>` or manually `impl Debug for Pair<Type>`
[INFO] [stdout]    = note: this error originates in the derive macro `Debug` (in Nightly builds, run with -Z macro-backtrace for more info)
[INFO] [stdout] 
[INFO] [stdout] 
[INFO] [stdout] error[E0369]: binary operation `==` cannot be applied to type `Vec<Pair<Type>>`
[INFO] [stdout]   --> notion_formula_core/src/parser/mod.rs:14:22
[INFO] [stdout]    |
[INFO] [stdout] 12 | #[derive(Debug, PartialEq)]
[INFO] [stdout]    |                 --------- in this derive macro expansion
[INFO] [stdout] 13 | pub enum Statement {
[INFO] [stdout] 14 |     TableDef(String, Vec<Pair<Type>>),
[INFO] [stdout]    |                      ^^^^^^^^^^^^^^^
[INFO] [stdout]    |
[INFO] [stdout]    = note: this error originates in the derive macro `PartialEq` (in Nightly builds, run with -Z macro-backtrace for more info)
[INFO] [stdout] 
[INFO] [stdout] 
[INFO] [stdout] error[E0369]: binary operation `!=` cannot be applied to type `Vec<Pair<Type>>`
[INFO] [stdout]   --> notion_formula_core/src/parser/mod.rs:14:22
[INFO] [stdout]    |
[INFO] [stdout] 12 | #[derive(Debug, PartialEq)]
[INFO] [stdout]    |                 --------- in this derive macro expansion
[INFO] [stdout] 13 | pub enum Statement {
[INFO] [stdout] 14 |     TableDef(String, Vec<Pair<Type>>),
[INFO] [stdout]    |                      ^^^^^^^^^^^^^^^
[INFO] [stdout]    |
[INFO] [stdout]    = note: this error originates in the derive macro `PartialEq` (in Nightly builds, run with -Z macro-backtrace for more info)
[INFO] [stdout] 
[INFO] [stdout] 
[INFO] [stdout] error[E0277]: `Pair<parser::Expression>` doesn't implement `Debug`
[INFO] [stdout]   --> notion_formula_core/src/parser/mod.rs:38:27
[INFO] [stdout]    |
[INFO] [stdout] 28 | #[derive(Debug, PartialEq)]
[INFO] [stdout]    |          ----- in this derive macro expansion
[INFO] [stdout] ...
[INFO] [stdout] 38 |     TableInstance(String, Vec<Pair<Expression>>),
[INFO] [stdout]    |                           ^^^^^^^^^^^^^^^^^^^^^ `Pair<parser::Expression>` cannot be formatted using `{:?}`
[INFO] [stdout]    |
[INFO] [stdout]    = help: the trait `Debug` is not implemented for `Pair<parser::Expression>`
[INFO] [stdout]    = note: add `#[derive(Debug)]` to `Pair<parser::Expression>` or manually `impl Debug for Pair<parser::Expression>`
[INFO] [stdout]    = note: this error originates in the derive macro `Debug` (in Nightly builds, run with -Z macro-backtrace for more info)
[INFO] [stdout] 
[INFO] [stdout] 
[INFO] [stdout] error[E0369]: binary operation `==` cannot be applied to type `Vec<Pair<parser::Expression>>`
[INFO] [stdout]   --> notion_formula_core/src/parser/mod.rs:38:27
[INFO] [stdout]    |
[INFO] [stdout] 28 | #[derive(Debug, PartialEq)]
[INFO] [stdout]    |                 --------- in this derive macro expansion
[INFO] [stdout] ...
[INFO] [stdout] 38 |     TableInstance(String, Vec<Pair<Expression>>),
[INFO] [stdout]    |                           ^^^^^^^^^^^^^^^^^^^^^
[INFO] [stdout]    |
[INFO] [stdout]    = note: this error originates in the derive macro `PartialEq` (in Nightly builds, run with -Z macro-backtrace for more info)
[INFO] [stdout] 
[INFO] [stdout] 
[INFO] [stdout] error[E0369]: binary operation `!=` cannot be applied to type `Vec<Pair<parser::Expression>>`
[INFO] [stdout]   --> notion_formula_core/src/parser/mod.rs:38:27
[INFO] [stdout]    |
[INFO] [stdout] 28 | #[derive(Debug, PartialEq)]
[INFO] [stdout]    |                 --------- in this derive macro expansion
[INFO] [stdout] ...
[INFO] [stdout] 38 |     TableInstance(String, Vec<Pair<Expression>>),
[INFO] [stdout]    |                           ^^^^^^^^^^^^^^^^^^^^^
[INFO] [stdout]    |
[INFO] [stdout]    = note: this error originates in the derive macro `PartialEq` (in Nightly builds, run with -Z macro-backtrace for more info)
[INFO] [stdout] 
[INFO] [stdout] 
[INFO] [stdout] error: aborting due to 6 previous errors
[INFO] [stdout] 
[INFO] [stdout] 
[INFO] [stdout] Some errors have detailed explanations: E0277, E0369.
[INFO] [stdout] 
[INFO] [stdout] For more information about an error, try `rustc --explain E0277`.
[INFO] [stdout] 
[INFO] [stdout] error[E0277]: `Pair<Type>` doesn't implement `Debug`
[INFO] [stdout]   --> notion_formula_core/src/parser/mod.rs:14:22
[INFO] [stdout]    |
[INFO] [stdout] 12 | #[derive(Debug, PartialEq)]
[INFO] [stdout]    |          ----- in this derive macro expansion
[INFO] [stdout] 13 | pub enum Statement {
[INFO] [stdout] 14 |     TableDef(String, Vec<Pair<Type>>),
[INFO] [stdout]    |                      ^^^^^^^^^^^^^^^ `Pair<Type>` cannot be formatted using `{:?}`
[INFO] [stdout]    |
[INFO] [stdout]    = help: the trait `Debug` is not implemented for `Pair<Type>`
[INFO] [stdout]    = note: add `#[derive(Debug)]` to `Pair<Type>` or manually `impl Debug for Pair<Type>`
[INFO] [stdout]    = note: this error originates in the derive macro `Debug` (in Nightly builds, run with -Z macro-backtrace for more info)
[INFO] [stdout] 
[INFO] [stdout] 
[INFO] [stdout] error[E0369]: binary operation `==` cannot be applied to type `Vec<Pair<Type>>`
[INFO] [stdout]   --> notion_formula_core/src/parser/mod.rs:14:22
[INFO] [stdout]    |
[INFO] [stdout] 12 | #[derive(Debug, PartialEq)]
[INFO] [stdout]    |                 --------- in this derive macro expansion
[INFO] [stdout] 13 | pub enum Statement {
[INFO] [stdout] 14 |     TableDef(String, Vec<Pair<Type>>),
[INFO] [stdout]    |                      ^^^^^^^^^^^^^^^
[INFO] [stdout]    |
[INFO] [stdout]    = note: this error originates in the derive macro `PartialEq` (in Nightly builds, run with -Z macro-backtrace for more info)
[INFO] [stdout] 
[INFO] [stdout] 
[INFO] [stdout] error[E0369]: binary operation `!=` cannot be applied to type `Vec<Pair<Type>>`
[INFO] [stdout]   --> notion_formula_core/src/parser/mod.rs:14:22
[INFO] [stdout]    |
[INFO] [stdout] 12 | #[derive(Debug, PartialEq)]
[INFO] [stdout]    |                 --------- in this derive macro expansion
[INFO] [stdout] 13 | pub enum Statement {
[INFO] [stdout] 14 |     TableDef(String, Vec<Pair<Type>>),
[INFO] [stdout]    |                      ^^^^^^^^^^^^^^^
[INFO] [stdout]    |
[INFO] [stdout]    = note: this error originates in the derive macro `PartialEq` (in Nightly builds, run with -Z macro-backtrace for more info)
[INFO] [stdout] 
[INFO] [stdout] 
[INFO] [stdout] error[E0277]: `Pair<parser::Expression>` doesn't implement `Debug`
[INFO] [stdout]   --> notion_formula_core/src/parser/mod.rs:38:27
[INFO] [stdout]    |
[INFO] [stdout] 28 | #[derive(Debug, PartialEq)]
[INFO] [stdout]    |          ----- in this derive macro expansion
[INFO] [stdout] ...
[INFO] [stdout] 38 |     TableInstance(String, Vec<Pair<Expression>>),
[INFO] [stdout]    |                           ^^^^^^^^^^^^^^^^^^^^^ `Pair<parser::Expression>` cannot be formatted using `{:?}`
[INFO] [stdout]    |
[INFO] [stdout]    = help: the trait `Debug` is not implemented for `Pair<parser::Expression>`
[INFO] [stdout]    = note: add `#[derive(Debug)]` to `Pair<parser::Expression>` or manually `impl Debug for Pair<parser::Expression>`
[INFO] [stdout]    = note: this error originates in the derive macro `Debug` (in Nightly builds, run with -Z macro-backtrace for more info)
[INFO] [stdout] 
[INFO] [stdout] 
[INFO] [stdout] error[E0369]: binary operation `==` cannot be applied to type `Vec<Pair<parser::Expression>>`
[INFO] [stdout]   --> notion_formula_core/src/parser/mod.rs:38:27
[INFO] [stdout]    |
[INFO] [stdout] 28 | #[derive(Debug, PartialEq)]
[INFO] [stdout]    |                 --------- in this derive macro expansion
[INFO] [stdout] ...
[INFO] [stdout] 38 |     TableInstance(String, Vec<Pair<Expression>>),
[INFO] [stdout]    |                           ^^^^^^^^^^^^^^^^^^^^^
[INFO] [stdout]    |
[INFO] [stdout]    = note: this error originates in the derive macro `PartialEq` (in Nightly builds, run with -Z macro-backtrace for more info)
[INFO] [stdout] 
[INFO] [stdout] 
[INFO] [stderr] error: could not compile `notion_formula_core` due to 7 previous errors
[INFO] [stdout] error[E0369]: binary operation `!=` cannot be applied to type `Vec<Pair<parser::Expression>>`
[INFO] [stdout]   --> notion_formula_core/src/parser/mod.rs:38:27
[INFO] [stdout]    |
[INFO] [stdout] 28 | #[derive(Debug, PartialEq)]
[INFO] [stdout]    |                 --------- in this derive macro expansion
[INFO] [stdout] ...
[INFO] [stdout] 38 |     TableInstance(String, Vec<Pair<Expression>>),
[INFO] [stdout]    |                           ^^^^^^^^^^^^^^^^^^^^^
[INFO] [stdout]    |
[INFO] [stdout]    = note: this error originates in the derive macro `PartialEq` (in Nightly builds, run with -Z macro-backtrace for more info)
[INFO] [stdout] 
[INFO] [stdout] 
[INFO] [stderr] warning: build failed, waiting for other jobs to finish...
[INFO] [stdout] error: aborting due to 6 previous errors
[INFO] [stdout] 
[INFO] [stdout] 
[INFO] [stdout] Some errors have detailed explanations: E0277, E0369.
[INFO] [stdout] 
[INFO] [stdout] For more information about an error, try `rustc --explain E0277`.
[INFO] [stdout] 
[INFO] [stderr] error: build failed
[INFO] running `Command { std: "docker" "inspect" "0a389fde5927cc253df19581b6675c8cccef8f9cf4b3a3f5f036f665e8553f9a", kill_on_drop: false }`
[INFO] running `Command { std: "docker" "rm" "-f" "0a389fde5927cc253df19581b6675c8cccef8f9cf4b3a3f5f036f665e8553f9a", kill_on_drop: false }`
[INFO] [stdout] 0a389fde5927cc253df19581b6675c8cccef8f9cf4b3a3f5f036f665e8553f9a
