[INFO] cloning repository https://github.com/jfconde/rust-gb
[INFO] running `Command { std: "git" "-c" "credential.helper=" "-c" "credential.helper=/workspace/cargo-home/bin/git-credential-null" "clone" "--bare" "https://github.com/jfconde/rust-gb" "/workspace/cache/git-repos/https%3A%2F%2Fgithub.com%2Fjfconde%2Frust-gb", kill_on_drop: false }`
[INFO] [stderr] Cloning into bare repository '/workspace/cache/git-repos/https%3A%2F%2Fgithub.com%2Fjfconde%2Frust-gb'...
[INFO] running `Command { std: "git" "rev-parse" "HEAD", kill_on_drop: false }`
[INFO] [stdout] 2c4c61222e266b3e6121d3c96450cece524d310d
[INFO] checking jfconde/rust-gb against 1.55.0 for beta-1.56-3
[INFO] running `Command { std: "git" "clone" "/workspace/cache/git-repos/https%3A%2F%2Fgithub.com%2Fjfconde%2Frust-gb" "/workspace/builds/worker-77/source", kill_on_drop: false }`
[INFO] [stderr] Cloning into '/workspace/builds/worker-77/source'...
[INFO] [stderr] done.
[INFO] validating manifest of git repo https://github.com/jfconde/rust-gb on toolchain 1.55.0
[INFO] running `Command { std: "/workspace/cargo-home/bin/cargo" "+1.55.0" "metadata" "--manifest-path" "Cargo.toml" "--no-deps", kill_on_drop: false }`
[INFO] started tweaking git repo https://github.com/jfconde/rust-gb
[INFO] finished tweaking git repo https://github.com/jfconde/rust-gb
[INFO] tweaked toml for git repo https://github.com/jfconde/rust-gb written to /workspace/builds/worker-77/source/Cargo.toml
[INFO] crate git repo https://github.com/jfconde/rust-gb already has a lockfile, it will not be regenerated
[INFO] running `Command { std: "/workspace/cargo-home/bin/cargo" "+1.55.0" "fetch" "--manifest-path" "Cargo.toml", kill_on_drop: false }`
[INFO] [stderr]     Blocking waiting for file lock on package cache
[INFO] [stderr]     Blocking waiting for file lock on package cache
[INFO] running `Command { std: "docker" "create" "-v" "/var/lib/crater-agent-workspace/builds/worker-77/target:/opt/rustwide/target:rw,Z" "-v" "/var/lib/crater-agent-workspace/builds/worker-77/source:/opt/rustwide/workdir:ro,Z" "-v" "/var/lib/crater-agent-workspace/cargo-home:/opt/rustwide/cargo-home:ro,Z" "-v" "/var/lib/crater-agent-workspace/rustup-home:/opt/rustwide/rustup-home:ro,Z" "-e" "SOURCE_DIR=/opt/rustwide/workdir" "-e" "CARGO_TARGET_DIR=/opt/rustwide/target" "-e" "CARGO_HOME=/opt/rustwide/cargo-home" "-e" "RUSTUP_HOME=/opt/rustwide/rustup-home" "-w" "/opt/rustwide/workdir" "-m" "1610612736" "--user" "0:0" "--network" "none" "ghcr.io/rust-lang/crates-build-env/linux@sha256:a89201d6b5b9fd45c15d5952ece0a0129e7e80cb26ec023fd59cf09bc26f1604" "/opt/rustwide/cargo-home/bin/cargo" "+1.55.0" "metadata" "--no-deps" "--format-version=1", kill_on_drop: false }`
[INFO] [stdout] a11bad17702d07546ed67a81e31020a4905db455cb8b935b1d10f1cfeb23c575
[INFO] running `Command { std: "docker" "start" "-a" "a11bad17702d07546ed67a81e31020a4905db455cb8b935b1d10f1cfeb23c575", kill_on_drop: false }`
[INFO] running `Command { std: "docker" "inspect" "a11bad17702d07546ed67a81e31020a4905db455cb8b935b1d10f1cfeb23c575", kill_on_drop: false }`
[INFO] running `Command { std: "docker" "rm" "-f" "a11bad17702d07546ed67a81e31020a4905db455cb8b935b1d10f1cfeb23c575", kill_on_drop: false }`
[INFO] [stdout] a11bad17702d07546ed67a81e31020a4905db455cb8b935b1d10f1cfeb23c575
[INFO] running `Command { std: "docker" "create" "-v" "/var/lib/crater-agent-workspace/builds/worker-77/target:/opt/rustwide/target:rw,Z" "-v" "/var/lib/crater-agent-workspace/builds/worker-77/source:/opt/rustwide/workdir:ro,Z" "-v" "/var/lib/crater-agent-workspace/cargo-home:/opt/rustwide/cargo-home:ro,Z" "-v" "/var/lib/crater-agent-workspace/rustup-home:/opt/rustwide/rustup-home:ro,Z" "-e" "SOURCE_DIR=/opt/rustwide/workdir" "-e" "CARGO_TARGET_DIR=/opt/rustwide/target" "-e" "CARGO_INCREMENTAL=0" "-e" "RUST_BACKTRACE=full" "-e" "RUSTFLAGS=--cap-lints=warn" "-e" "CARGO_HOME=/opt/rustwide/cargo-home" "-e" "RUSTUP_HOME=/opt/rustwide/rustup-home" "-w" "/opt/rustwide/workdir" "-m" "1610612736" "--user" "0:0" "--network" "none" "ghcr.io/rust-lang/crates-build-env/linux@sha256:a89201d6b5b9fd45c15d5952ece0a0129e7e80cb26ec023fd59cf09bc26f1604" "/opt/rustwide/cargo-home/bin/cargo" "+1.55.0" "check" "--frozen" "--all" "--all-targets" "--message-format=json", kill_on_drop: false }`
[INFO] [stdout] cc18b748fc77e21e19bb2665c1225dec82b000ffbaaa9fc55be187b21de60b33
[INFO] running `Command { std: "docker" "start" "-a" "cc18b748fc77e21e19bb2665c1225dec82b000ffbaaa9fc55be187b21de60b33", kill_on_drop: false }`
[INFO] [stderr]    Compiling libc v0.2.69
[INFO] [stderr]    Compiling log v0.4.8
[INFO] [stderr]     Checking regex-syntax v0.6.17
[INFO] [stderr]     Checking humantime v1.3.0
[INFO] [stderr]     Checking atty v0.2.14
[INFO] [stderr]     Checking regex v1.3.7
[INFO] [stderr]     Checking env_logger v0.7.1
[INFO] [stderr]     Checking gb v0.1.0 (/opt/rustwide/workdir)
[INFO] [stdout] error[E0425]: cannot find value `value` in this scope
[INFO] [stdout]    --> src/lib/cpu.rs:106:47
[INFO] [stdout]     |
[INFO] [stdout] 106 |         self.registers.flg.set_flg_half_carry(value: bool)
[INFO] [stdout]     |                                               ^^^^^ expecting a type here because of type ascription
[INFO] [stdout] 
[INFO] [stdout] 
[INFO] [stdout] warning: unused import: `super::mbc`
[INFO] [stdout]  --> src/lib/cpu.rs:2:5
[INFO] [stdout]   |
[INFO] [stdout] 2 | use super::mbc;
[INFO] [stdout]   |     ^^^^^^^^^^
[INFO] [stdout]   |
[INFO] [stdout]   = note: `#[warn(unused_imports)]` on by default
[INFO] [stdout] 
[INFO] [stdout] 
[INFO] [stdout] warning: unused import: `std::collections::HashMap`
[INFO] [stdout]  --> src/lib/cpu.rs:5:5
[INFO] [stdout]   |
[INFO] [stdout] 5 | use std::collections::HashMap;
[INFO] [stdout]   |     ^^^^^^^^^^^^^^^^^^^^^^^^^
[INFO] [stdout] 
[INFO] [stdout] 
[INFO] [stdout] warning: unused import: `std::fmt`
[INFO] [stdout]  --> src/lib/cpu.rs:6:5
[INFO] [stdout]   |
[INFO] [stdout] 6 | use std::fmt;
[INFO] [stdout]   |     ^^^^^^^^
[INFO] [stdout] 
[INFO] [stdout] 
[INFO] [stdout] warning: unnecessary parentheses around `if` condition
[INFO] [stdout]    --> src/lib/cpu_registers.rs:124:12
[INFO] [stdout]     |
[INFO] [stdout] 124 |         if (value) {
[INFO] [stdout]     |            ^^^^^^^ help: remove these parentheses
[INFO] [stdout]     |
[INFO] [stdout]     = note: `#[warn(unused_parens)]` on by default
[INFO] [stdout] 
[INFO] [stdout] 
[INFO] [stdout] warning: unnecessary parentheses around `if` condition
[INFO] [stdout]    --> src/lib/cpu_registers.rs:137:12
[INFO] [stdout]     |
[INFO] [stdout] 137 |         if (value) {
[INFO] [stdout]     |            ^^^^^^^ help: remove these parentheses
[INFO] [stdout] 
[INFO] [stdout] 
[INFO] [stdout] warning: unnecessary parentheses around `if` condition
[INFO] [stdout]    --> src/lib/cpu_registers.rs:150:12
[INFO] [stdout]     |
[INFO] [stdout] 150 |         if (value) {
[INFO] [stdout]     |            ^^^^^^^ help: remove these parentheses
[INFO] [stdout] 
[INFO] [stdout] 
[INFO] [stdout] warning: unnecessary parentheses around `if` condition
[INFO] [stdout]    --> src/lib/cpu_registers.rs:163:12
[INFO] [stdout]     |
[INFO] [stdout] 163 |         if (value) {
[INFO] [stdout]     |            ^^^^^^^ help: remove these parentheses
[INFO] [stdout] 
[INFO] [stdout] 
[INFO] [stdout] warning: trait `mbc` should have an upper camel case name
[INFO] [stdout]   --> src/lib/mbc/mod.rs:12:11
[INFO] [stdout]    |
[INFO] [stdout] 12 | pub trait mbc {
[INFO] [stdout]    |           ^^^ help: convert the identifier to upper camel case: `Mbc`
[INFO] [stdout]    |
[INFO] [stdout]    = note: `#[warn(non_camel_case_types)]` on by default
[INFO] [stdout] 
[INFO] [stdout] 
[INFO] [stdout] warning: type `mbcType` should have an upper camel case name
[INFO] [stdout]   --> src/lib/mbc/mod.rs:18:10
[INFO] [stdout]    |
[INFO] [stdout] 18 | pub enum mbcType {
[INFO] [stdout]    |          ^^^^^^^ help: convert the identifier to upper camel case: `MbcType`
[INFO] [stdout] 
[INFO] [stdout] 
[INFO] [stdout] error[E0425]: cannot find value `value` in this scope
[INFO] [stdout]    --> src/lib/cpu.rs:106:47
[INFO] [stdout]     |
[INFO] [stdout] 106 |         self.registers.flg.set_flg_half_carry(value: bool)
[INFO] [stdout]     |                                               ^^^^^ expecting a type here because of type ascription
[INFO] [stdout] 
[INFO] [stdout] 
[INFO] [stdout] warning: unused import: `super::mbc`
[INFO] [stdout]  --> src/lib/cpu.rs:2:5
[INFO] [stdout]   |
[INFO] [stdout] 2 | use super::mbc;
[INFO] [stdout]   |     ^^^^^^^^^^
[INFO] [stdout]   |
[INFO] [stdout]   = note: `#[warn(unused_imports)]` on by default
[INFO] [stdout] 
[INFO] [stdout] 
[INFO] [stdout] warning: unused import: `std::collections::HashMap`
[INFO] [stdout]  --> src/lib/cpu.rs:5:5
[INFO] [stdout]   |
[INFO] [stdout] 5 | use std::collections::HashMap;
[INFO] [stdout]   |     ^^^^^^^^^^^^^^^^^^^^^^^^^
[INFO] [stdout] 
[INFO] [stdout] 
[INFO] [stdout] warning: unused import: `std::fmt`
[INFO] [stdout]  --> src/lib/cpu.rs:6:5
[INFO] [stdout]   |
[INFO] [stdout] 6 | use std::fmt;
[INFO] [stdout]   |     ^^^^^^^^
[INFO] [stdout] 
[INFO] [stdout] 
[INFO] [stdout] warning: unnecessary parentheses around `if` condition
[INFO] [stdout]    --> src/lib/cpu_registers.rs:124:12
[INFO] [stdout]     |
[INFO] [stdout] 124 |         if (value) {
[INFO] [stdout]     |            ^^^^^^^ help: remove these parentheses
[INFO] [stdout]     |
[INFO] [stdout]     = note: `#[warn(unused_parens)]` on by default
[INFO] [stdout] 
[INFO] [stdout] 
[INFO] [stdout] warning: unnecessary parentheses around `if` condition
[INFO] [stdout]    --> src/lib/cpu_registers.rs:137:12
[INFO] [stdout]     |
[INFO] [stdout] 137 |         if (value) {
[INFO] [stdout]     |            ^^^^^^^ help: remove these parentheses
[INFO] [stdout] 
[INFO] [stdout] 
[INFO] [stdout] warning: unnecessary parentheses around `if` condition
[INFO] [stdout]    --> src/lib/cpu_registers.rs:150:12
[INFO] [stdout]     |
[INFO] [stdout] 150 |         if (value) {
[INFO] [stdout]     |            ^^^^^^^ help: remove these parentheses
[INFO] [stdout] 
[INFO] [stdout] 
[INFO] [stdout] warning: unnecessary parentheses around `if` condition
[INFO] [stdout]    --> src/lib/cpu_registers.rs:163:12
[INFO] [stdout]     |
[INFO] [stdout] 163 |         if (value) {
[INFO] [stdout]     |            ^^^^^^^ help: remove these parentheses
[INFO] [stdout] 
[INFO] [stdout] 
[INFO] [stdout] warning: trait `mbc` should have an upper camel case name
[INFO] [stdout]   --> src/lib/mbc/mod.rs:12:11
[INFO] [stdout]    |
[INFO] [stdout] 12 | pub trait mbc {
[INFO] [stdout]    |           ^^^ help: convert the identifier to upper camel case: `Mbc`
[INFO] [stdout]    |
[INFO] [stdout]    = note: `#[warn(non_camel_case_types)]` on by default
[INFO] [stdout] 
[INFO] [stdout] 
[INFO] [stdout] warning: type `mbcType` should have an upper camel case name
[INFO] [stdout]   --> src/lib/mbc/mod.rs:18:10
[INFO] [stdout]    |
[INFO] [stdout] 18 | pub enum mbcType {
[INFO] [stdout]    |          ^^^^^^^ help: convert the identifier to upper camel case: `MbcType`
[INFO] [stdout] 
[INFO] [stdout] 
[INFO] [stdout] error[E0616]: field `flg` of struct `CPURegisters` is private
[INFO] [stdout]    --> src/lib/cpu.rs:104:24
[INFO] [stdout]     |
[INFO] [stdout] 104 |         self.registers.flg.set_flg_zero(false);
[INFO] [stdout]     |                        ^^^ private field
[INFO] [stdout] 
[INFO] [stdout] 
[INFO] [stdout] error[E0616]: field `flg` of struct `CPURegisters` is private
[INFO] [stdout]    --> src/lib/cpu.rs:105:24
[INFO] [stdout]     |
[INFO] [stdout] 105 |         self.registers.flg.set_flg_sub(false);
[INFO] [stdout]     |                        ^^^ private field
[INFO] [stdout] 
[INFO] [stdout] 
[INFO] [stdout] error[E0616]: field `flg` of struct `CPURegisters` is private
[INFO] [stdout]    --> src/lib/cpu.rs:106:24
[INFO] [stdout]     |
[INFO] [stdout] 106 |         self.registers.flg.set_flg_half_carry(value: bool)
[INFO] [stdout]     |                        ^^^ private field
[INFO] [stdout] 
[INFO] [stdout] 
[INFO] [stdout] error[E0308]: mismatched types
[INFO] [stdout]    --> src/lib/cpu.rs:106:9
[INFO] [stdout]     |
[INFO] [stdout] 102 |     fn alu16_add(&mut self, a: u16, n: u16) {
[INFO] [stdout]     |                                             - expected `()` because of default return type
[INFO] [stdout] ...
[INFO] [stdout] 106 |         self.registers.flg.set_flg_half_carry(value: bool)
[INFO] [stdout]     |         ^^^^^^^^^^^^^^^^^^^^^^^^^^^^^^^^^^^^^^^^^^^^^^^^^^- help: consider using a semicolon here: `;`
[INFO] [stdout]     |         |
[INFO] [stdout]     |         expected `()`, found `u8`
[INFO] [stdout] 
[INFO] [stdout] 
[INFO] [stdout] error[E0616]: field `flg` of struct `CPURegisters` is private
[INFO] [stdout]    --> src/lib/cpu.rs:112:24
[INFO] [stdout]     |
[INFO] [stdout] 112 |         self.registers.flg.set_flg_zero(false);
[INFO] [stdout]     |                        ^^^ private field
[INFO] [stdout] 
[INFO] [stdout] 
[INFO] [stdout] error[E0616]: field `flg` of struct `CPURegisters` is private
[INFO] [stdout]    --> src/lib/cpu.rs:113:24
[INFO] [stdout]     |
[INFO] [stdout] 113 |         self.registers.flg.set_flg_sub(false);
[INFO] [stdout]     |                        ^^^ private field
[INFO] [stdout] 
[INFO] [stdout] 
[INFO] [stdout] error[E0616]: field `flg` of struct `CPURegisters` is private
[INFO] [stdout]    --> src/lib/cpu.rs:104:24
[INFO] [stdout]     |
[INFO] [stdout] 104 |         self.registers.flg.set_flg_zero(false);
[INFO] [stdout]     |                        ^^^ private field
[INFO] [stdout] 
[INFO] [stdout] 
[INFO] [stdout] error[E0616]: field `flg` of struct `CPURegisters` is private
[INFO] [stdout]    --> src/lib/cpu.rs:105:24
[INFO] [stdout]     |
[INFO] [stdout] 105 |         self.registers.flg.set_flg_sub(false);
[INFO] [stdout]     |                        ^^^ private field
[INFO] [stdout] 
[INFO] [stdout] 
[INFO] [stdout] error[E0616]: field `flg` of struct `CPURegisters` is private
[INFO] [stdout]    --> src/lib/cpu.rs:106:24
[INFO] [stdout]     |
[INFO] [stdout] 106 |         self.registers.flg.set_flg_half_carry(value: bool)
[INFO] [stdout]     |                        ^^^ private field
[INFO] [stdout] 
[INFO] [stdout] 
[INFO] [stdout] error[E0308]: mismatched types
[INFO] [stdout]    --> src/lib/cpu.rs:106:9
[INFO] [stdout]     |
[INFO] [stdout] 102 |     fn alu16_add(&mut self, a: u16, n: u16) {
[INFO] [stdout]     |                                             - expected `()` because of default return type
[INFO] [stdout] ...
[INFO] [stdout] 106 |         self.registers.flg.set_flg_half_carry(value: bool)
[INFO] [stdout]     |         ^^^^^^^^^^^^^^^^^^^^^^^^^^^^^^^^^^^^^^^^^^^^^^^^^^- help: consider using a semicolon here: `;`
[INFO] [stdout]     |         |
[INFO] [stdout]     |         expected `()`, found `u8`
[INFO] [stdout] 
[INFO] [stdout] 
[INFO] [stdout] error[E0616]: field `flg` of struct `CPURegisters` is private
[INFO] [stdout]    --> src/lib/cpu.rs:112:24
[INFO] [stdout]     |
[INFO] [stdout] 112 |         self.registers.flg.set_flg_zero(false);
[INFO] [stdout]     |                        ^^^ private field
[INFO] [stdout] 
[INFO] [stdout] 
[INFO] [stdout] error: aborting due to 7 previous errors; 9 warnings emitted
[INFO] [stdout] 
[INFO] [stdout] 
[INFO] [stdout] Some errors have detailed explanations: E0308, E0425, E0616.
[INFO] [stdout] 
[INFO] [stdout] For more information about an error, try `rustc --explain E0308`.
[INFO] [stdout] 
[INFO] [stdout] error[E0616]: field `flg` of struct `CPURegisters` is private
[INFO] [stdout]    --> src/lib/cpu.rs:113:24
[INFO] [stdout]     |
[INFO] [stdout] 113 |         self.registers.flg.set_flg_sub(false);
[INFO] [stdout]     |                        ^^^ private field
[INFO] [stdout] 
[INFO] [stdout] 
[INFO] [stderr] error: could not compile `gb` due to 8 previous errors; 9 warnings emitted
[INFO] [stderr] warning: build failed, waiting for other jobs to finish...
[INFO] [stdout] error: aborting due to 7 previous errors; 9 warnings emitted
[INFO] [stdout] 
[INFO] [stdout] 
[INFO] [stdout] Some errors have detailed explanations: E0308, E0425, E0616.
[INFO] [stdout] 
[INFO] [stdout] For more information about an error, try `rustc --explain E0308`.
[INFO] [stdout] 
[INFO] [stderr] error: build failed
[INFO] running `Command { std: "docker" "inspect" "cc18b748fc77e21e19bb2665c1225dec82b000ffbaaa9fc55be187b21de60b33", kill_on_drop: false }`
[INFO] running `Command { std: "docker" "rm" "-f" "cc18b748fc77e21e19bb2665c1225dec82b000ffbaaa9fc55be187b21de60b33", kill_on_drop: false }`
[INFO] [stdout] cc18b748fc77e21e19bb2665c1225dec82b000ffbaaa9fc55be187b21de60b33
