[INFO] cloning repository https://github.com/jeromebenois/couchbase-lite-c-rs
[INFO] running `Command { std: "git" "-c" "credential.helper=" "-c" "credential.helper=/workspace/cargo-home/bin/git-credential-null" "clone" "--bare" "https://github.com/jeromebenois/couchbase-lite-c-rs" "/workspace/cache/git-repos/https%3A%2F%2Fgithub.com%2Fjeromebenois%2Fcouchbase-lite-c-rs", kill_on_drop: false }`
[INFO] [stderr] Cloning into bare repository '/workspace/cache/git-repos/https%3A%2F%2Fgithub.com%2Fjeromebenois%2Fcouchbase-lite-c-rs'...
[INFO] running `Command { std: "git" "rev-parse" "HEAD", kill_on_drop: false }`
[INFO] [stdout] aea6f2e602c1bbfd1473c03a6549125ad674b903
[INFO] checking jeromebenois/couchbase-lite-c-rs against 1.55.0 for beta-1.56-3
[INFO] running `Command { std: "git" "clone" "/workspace/cache/git-repos/https%3A%2F%2Fgithub.com%2Fjeromebenois%2Fcouchbase-lite-c-rs" "/workspace/builds/worker-34/source", kill_on_drop: false }`
[INFO] [stderr] Cloning into '/workspace/builds/worker-34/source'...
[INFO] [stderr] done.
[INFO] validating manifest of git repo https://github.com/jeromebenois/couchbase-lite-c-rs on toolchain 1.55.0
[INFO] running `Command { std: "/workspace/cargo-home/bin/cargo" "+1.55.0" "metadata" "--manifest-path" "Cargo.toml" "--no-deps", kill_on_drop: false }`
[INFO] started tweaking git repo https://github.com/jeromebenois/couchbase-lite-c-rs
[INFO] finished tweaking git repo https://github.com/jeromebenois/couchbase-lite-c-rs
[INFO] tweaked toml for git repo https://github.com/jeromebenois/couchbase-lite-c-rs written to /workspace/builds/worker-34/source/Cargo.toml
[INFO] crate git repo https://github.com/jeromebenois/couchbase-lite-c-rs already has a lockfile, it will not be regenerated
[INFO] running `Command { std: "/workspace/cargo-home/bin/cargo" "+1.55.0" "fetch" "--manifest-path" "Cargo.toml", kill_on_drop: false }`
[INFO] [stderr]     Blocking waiting for file lock on package cache
[INFO] running `Command { std: "docker" "create" "-v" "/var/lib/crater-agent-workspace/builds/worker-34/target:/opt/rustwide/target:rw,Z" "-v" "/var/lib/crater-agent-workspace/builds/worker-34/source:/opt/rustwide/workdir:ro,Z" "-v" "/var/lib/crater-agent-workspace/cargo-home:/opt/rustwide/cargo-home:ro,Z" "-v" "/var/lib/crater-agent-workspace/rustup-home:/opt/rustwide/rustup-home:ro,Z" "-e" "SOURCE_DIR=/opt/rustwide/workdir" "-e" "CARGO_TARGET_DIR=/opt/rustwide/target" "-e" "CARGO_HOME=/opt/rustwide/cargo-home" "-e" "RUSTUP_HOME=/opt/rustwide/rustup-home" "-w" "/opt/rustwide/workdir" "-m" "1610612736" "--user" "0:0" "--network" "none" "ghcr.io/rust-lang/crates-build-env/linux@sha256:a89201d6b5b9fd45c15d5952ece0a0129e7e80cb26ec023fd59cf09bc26f1604" "/opt/rustwide/cargo-home/bin/cargo" "+1.55.0" "metadata" "--no-deps" "--format-version=1", kill_on_drop: false }`
[INFO] [stdout] 6903a2e1a5033d29b14ee7e4103c8988e353cf7c9be35245c3a851fd7c5ff88b
[INFO] running `Command { std: "docker" "start" "-a" "6903a2e1a5033d29b14ee7e4103c8988e353cf7c9be35245c3a851fd7c5ff88b", kill_on_drop: false }`
[INFO] running `Command { std: "docker" "inspect" "6903a2e1a5033d29b14ee7e4103c8988e353cf7c9be35245c3a851fd7c5ff88b", kill_on_drop: false }`
[INFO] running `Command { std: "docker" "rm" "-f" "6903a2e1a5033d29b14ee7e4103c8988e353cf7c9be35245c3a851fd7c5ff88b", kill_on_drop: false }`
[INFO] [stdout] 6903a2e1a5033d29b14ee7e4103c8988e353cf7c9be35245c3a851fd7c5ff88b
[INFO] running `Command { std: "docker" "create" "-v" "/var/lib/crater-agent-workspace/builds/worker-34/target:/opt/rustwide/target:rw,Z" "-v" "/var/lib/crater-agent-workspace/builds/worker-34/source:/opt/rustwide/workdir:ro,Z" "-v" "/var/lib/crater-agent-workspace/cargo-home:/opt/rustwide/cargo-home:ro,Z" "-v" "/var/lib/crater-agent-workspace/rustup-home:/opt/rustwide/rustup-home:ro,Z" "-e" "SOURCE_DIR=/opt/rustwide/workdir" "-e" "CARGO_TARGET_DIR=/opt/rustwide/target" "-e" "CARGO_INCREMENTAL=0" "-e" "RUST_BACKTRACE=full" "-e" "RUSTFLAGS=--cap-lints=warn" "-e" "CARGO_HOME=/opt/rustwide/cargo-home" "-e" "RUSTUP_HOME=/opt/rustwide/rustup-home" "-w" "/opt/rustwide/workdir" "-m" "1610612736" "--user" "0:0" "--network" "none" "ghcr.io/rust-lang/crates-build-env/linux@sha256:a89201d6b5b9fd45c15d5952ece0a0129e7e80cb26ec023fd59cf09bc26f1604" "/opt/rustwide/cargo-home/bin/cargo" "+1.55.0" "check" "--frozen" "--all" "--all-targets" "--message-format=json", kill_on_drop: false }`
[INFO] [stdout] 3dfa7a76a396f51ae721f51f25499fc9f078433a1b04ad901ab190ef5fef53ee
[INFO] running `Command { std: "docker" "start" "-a" "3dfa7a76a396f51ae721f51f25499fc9f078433a1b04ad901ab190ef5fef53ee", kill_on_drop: false }`
[INFO] [stderr]     Blocking waiting for file lock on package cache
[INFO] [stderr]    Compiling libc v0.2.62
[INFO] [stderr]    Compiling autocfg v0.1.6
[INFO] [stderr]    Compiling glob v0.3.0
[INFO] [stderr]    Compiling proc-macro2 v1.0.1
[INFO] [stderr]    Compiling version_check v0.1.5
[INFO] [stderr]    Compiling regex-syntax v0.6.11
[INFO] [stderr]    Compiling quick-error v1.2.2
[INFO] [stderr]    Compiling unicode-width v0.1.6
[INFO] [stderr]    Compiling syn v1.0.3
[INFO] [stderr]    Compiling strsim v0.8.0
[INFO] [stderr]    Compiling termcolor v1.0.5
[INFO] [stderr]    Compiling ansi_term v0.11.0
[INFO] [stderr]    Compiling vec_map v0.8.1
[INFO] [stderr]    Compiling bindgen v0.50.0
[INFO] [stderr]    Compiling peeking_take_while v0.1.2
[INFO] [stderr]    Compiling shlex v0.1.1
[INFO] [stderr]    Compiling serde v1.0.99
[INFO] [stderr]     Checking either v1.5.2
[INFO] [stderr]     Checking cast v0.1.0
[INFO] [stderr]     Checking term v0.4.6
[INFO] [stderr]     Checking thread-scoped v1.0.2
[INFO] [stderr]     Checking itertools v0.4.19
[INFO] [stderr]    Compiling libloading v0.5.2
[INFO] [stderr]    Compiling thread_local v0.3.6
[INFO] [stderr]    Compiling cmake v0.1.41
[INFO] [stderr]    Compiling memchr v2.2.1
[INFO] [stderr]    Compiling log v0.4.8
[INFO] [stderr]    Compiling bitflags v1.1.0
[INFO] [stderr]    Compiling byteorder v1.3.2
[INFO] [stderr]    Compiling textwrap v0.11.0
[INFO] [stderr]    Compiling humantime v1.2.0
[INFO] [stderr]    Compiling fxhash v0.2.1
[INFO] [stderr]    Compiling aho-corasick v0.7.6
[INFO] [stderr]     Checking itertools v0.5.10
[INFO] [stderr]     Checking log v0.3.9
[INFO] [stderr]    Compiling nom v4.2.3
[INFO] [stderr]    Compiling rand_chacha v0.1.1
[INFO] [stderr]    Compiling rand_pcg v0.1.2
[INFO] [stderr]    Compiling rand v0.6.5
[INFO] [stderr]    Compiling num-traits v0.2.8
[INFO] [stderr]    Compiling clang-sys v0.28.1
[INFO] [stderr]     Checking criterion-plot v0.1.3
[INFO] [stderr]    Compiling backtrace-sys v0.1.31
[INFO] [stderr]    Compiling atty v0.2.13
[INFO] [stderr]    Compiling quote v1.0.2
[INFO] [stderr]     Checking rand_os v0.1.3
[INFO] [stderr]     Checking rand v0.4.6
[INFO] [stderr]     Checking time v0.1.42
[INFO] [stderr]     Checking num_cpus v0.2.13
[INFO] [stderr]     Checking isatty v0.1.9
[INFO] [stderr]    Compiling backtrace v0.3.35
[INFO] [stderr]    Compiling clap v2.33.0
[INFO] [stderr]     Checking simplelog v0.4.4
[INFO] [stderr]    Compiling failure v0.1.5
[INFO] [stderr]    Compiling cexpr v0.3.5
[INFO] [stderr]    Compiling which v2.0.1
[INFO] [stderr]     Checking rand v0.3.23
[INFO] [stderr]     Checking num-traits v0.1.43
[INFO] [stderr]    Compiling regex v1.2.1
[INFO] [stderr]     Checking criterion-stats v0.1.3
[INFO] [stderr]    Compiling env_logger v0.6.2
[INFO] [stderr]    Compiling serde_derive v1.0.99
[INFO] [stderr]    Compiling couchbase-lite-c-sys v0.1.0 (/opt/rustwide/workdir/couchbase-lite-c-sys)
[INFO] [stderr]     Checking serde_json v1.0.40
[INFO] [stderr]     Checking uuid v0.7.4
[INFO] [stderr] error: failed to run custom build command for `couchbase-lite-c-sys v0.1.0 (/opt/rustwide/workdir/couchbase-lite-c-sys)`
[INFO] [stderr] 
[INFO] [stderr] Caused by:
[INFO] [stderr]   process didn't exit successfully: `/opt/rustwide/target/debug/build/couchbase-lite-c-sys-180db30fb99f43a9/build-script-build` (exit status: 101)
[INFO] [stderr]   --- stderr
[INFO] [stderr]   src/bindings.h:1:10: fatal error: 'CouchbaseLite.h' file not found
[INFO] [stderr]   src/bindings.h:1:10: fatal error: 'CouchbaseLite.h' file not found, err: true
[INFO] [stderr]   thread 'main' panicked at 'Unable to generate bindings: ()', couchbase-lite-c-sys/build.rs:72:48
[INFO] [stderr]   stack backtrace:
[INFO] [stderr]      0:     0x555d70447a90 - std::backtrace_rs::backtrace::libunwind::trace::ha0ad43e8a952bfe7
[INFO] [stderr]                                  at /rustc/c8dfcfe046a7680554bf4eb612bad840e7631c4b/library/std/src/../../backtrace/src/backtrace/libunwind.rs:90:5
[INFO] [stderr]      1:     0x555d70447a90 - std::backtrace_rs::backtrace::trace_unsynchronized::h6830419c0c4130dc
[INFO] [stderr]                                  at /rustc/c8dfcfe046a7680554bf4eb612bad840e7631c4b/library/std/src/../../backtrace/src/backtrace/mod.rs:66:5
[INFO] [stderr]      2:     0x555d70447a90 - std::sys_common::backtrace::_print_fmt::h8f3516631ffa1ef5
[INFO] [stderr]                                  at /rustc/c8dfcfe046a7680554bf4eb612bad840e7631c4b/library/std/src/sys_common/backtrace.rs:67:5
[INFO] [stderr]      3:     0x555d70447a90 - <std::sys_common::backtrace::_print::DisplayBacktrace as core::fmt::Display>::fmt::he1640d5f0d93f618
[INFO] [stderr]                                  at /rustc/c8dfcfe046a7680554bf4eb612bad840e7631c4b/library/std/src/sys_common/backtrace.rs:46:22
[INFO] [stderr]      4:     0x555d7046d69c - core::fmt::write::h88012e1f01caeebf
[INFO] [stderr]                                  at /rustc/c8dfcfe046a7680554bf4eb612bad840e7631c4b/library/core/src/fmt/mod.rs:1115:17
[INFO] [stderr]      5:     0x555d70444565 - std::io::Write::write_fmt::h360fa85b30182555
[INFO] [stderr]                                  at /rustc/c8dfcfe046a7680554bf4eb612bad840e7631c4b/library/std/src/io/mod.rs:1665:15
[INFO] [stderr]      6:     0x555d7044a42b - std::sys_common::backtrace::_print::ha1f00492f406a015
[INFO] [stderr]                                  at /rustc/c8dfcfe046a7680554bf4eb612bad840e7631c4b/library/std/src/sys_common/backtrace.rs:49:5
[INFO] [stderr]      7:     0x555d7044a42b - std::sys_common::backtrace::print::hd54561b13feb6af3
[INFO] [stderr]                                  at /rustc/c8dfcfe046a7680554bf4eb612bad840e7631c4b/library/std/src/sys_common/backtrace.rs:36:9
[INFO] [stderr]      8:     0x555d7044a42b - std::panicking::default_hook::{{closure}}::h84fe124cd0864662
[INFO] [stderr]                                  at /rustc/c8dfcfe046a7680554bf4eb612bad840e7631c4b/library/std/src/panicking.rs:208:50
[INFO] [stderr]      9:     0x555d70449f01 - std::panicking::default_hook::h5a8e74a76ce290a7
[INFO] [stderr]                                  at /rustc/c8dfcfe046a7680554bf4eb612bad840e7631c4b/library/std/src/panicking.rs:225:9
[INFO] [stderr]     10:     0x555d7044aaf4 - std::panicking::rust_panic_with_hook::h67c812a4fe9d4c91
[INFO] [stderr]                                  at /rustc/c8dfcfe046a7680554bf4eb612bad840e7631c4b/library/std/src/panicking.rs:622:17
[INFO] [stderr]     11:     0x555d7044a5d7 - std::panicking::begin_panic_handler::{{closure}}::h33f9c1b96af300d7
[INFO] [stderr]                                  at /rustc/c8dfcfe046a7680554bf4eb612bad840e7631c4b/library/std/src/panicking.rs:519:13
[INFO] [stderr]     12:     0x555d70447f8c - std::sys_common::backtrace::__rust_end_short_backtrace::h51bae64be5921f0e
[INFO] [stderr]                                  at /rustc/c8dfcfe046a7680554bf4eb612bad840e7631c4b/library/std/src/sys_common/backtrace.rs:141:18
[INFO] [stderr]     13:     0x555d7044a539 - rust_begin_unwind
[INFO] [stderr]                                  at /rustc/c8dfcfe046a7680554bf4eb612bad840e7631c4b/library/std/src/panicking.rs:515:5
[INFO] [stderr]     14:     0x555d6fecb951 - core::panicking::panic_fmt::h12a3a3c256485fca
[INFO] [stderr]                                  at /rustc/c8dfcfe046a7680554bf4eb612bad840e7631c4b/library/core/src/panicking.rs:92:14
[INFO] [stderr]     15:     0x555d6fecba43 - core::result::unwrap_failed::h2d8d0952e3250de9
[INFO] [stderr]                                  at /rustc/c8dfcfe046a7680554bf4eb612bad840e7631c4b/library/core/src/result.rs:1599:5
[INFO] [stderr]     16:     0x555d6fecd6a4 - core::result::Result<T,E>::expect::h4b53c957eb90220e
[INFO] [stderr]                                  at /rustc/c8dfcfe046a7680554bf4eb612bad840e7631c4b/library/core/src/result.rs:1241:23
[INFO] [stderr]     17:     0x555d6fece695 - build_script_build::main_linux::h3342cb262dd6f258
[INFO] [stderr]                                  at /opt/rustwide/workdir/couchbase-lite-c-sys/build.rs:72:20
[INFO] [stderr]     18:     0x555d6feceb1b - build_script_build::main::h1f7ecaeffa0f1138
[INFO] [stderr]                                  at /opt/rustwide/workdir/couchbase-lite-c-sys/build.rs:111:13
[INFO] [stderr]     19:     0x555d6fecf44b - core::ops::function::FnOnce::call_once::haceab406245745b5
[INFO] [stderr]                                  at /rustc/c8dfcfe046a7680554bf4eb612bad840e7631c4b/library/core/src/ops/function.rs:227:5
[INFO] [stderr]     20:     0x555d6fecf8ce - std::sys_common::backtrace::__rust_begin_short_backtrace::h2801b115dd3da9eb
[INFO] [stderr]                                  at /rustc/c8dfcfe046a7680554bf4eb612bad840e7631c4b/library/std/src/sys_common/backtrace.rs:125:18
[INFO] [stderr]     21:     0x555d6fecd571 - std::rt::lang_start::{{closure}}::h25b9d17172ca10ce
[INFO] [stderr]                                  at /rustc/c8dfcfe046a7680554bf4eb612bad840e7631c4b/library/std/src/rt.rs:63:18
[INFO] [stderr]     22:     0x555d7044b0fa - core::ops::function::impls::<impl core::ops::function::FnOnce<A> for &F>::call_once::ha9408abe89f69dc4
[INFO] [stderr]                                  at /rustc/c8dfcfe046a7680554bf4eb612bad840e7631c4b/library/core/src/ops/function.rs:259:13
[INFO] [stderr]     23:     0x555d7044b0fa - std::panicking::try::do_call::h5b0cc9e9102acb65
[INFO] [stderr]                                  at /rustc/c8dfcfe046a7680554bf4eb612bad840e7631c4b/library/std/src/panicking.rs:401:40
[INFO] [stderr]     24:     0x555d7044b0fa - std::panicking::try::hddc7f8229138b3ba
[INFO] [stderr]                                  at /rustc/c8dfcfe046a7680554bf4eb612bad840e7631c4b/library/std/src/panicking.rs:365:19
[INFO] [stderr]     25:     0x555d7044b0fa - std::panic::catch_unwind::hfa401ff8bab2986e
[INFO] [stderr]                                  at /rustc/c8dfcfe046a7680554bf4eb612bad840e7631c4b/library/std/src/panic.rs:434:14
[INFO] [stderr]     26:     0x555d7044b0fa - std::rt::lang_start_internal::{{closure}}::h8163422320d11405
[INFO] [stderr]                                  at /rustc/c8dfcfe046a7680554bf4eb612bad840e7631c4b/library/std/src/rt.rs:45:48
[INFO] [stderr]     27:     0x555d7044b0fa - std::panicking::try::do_call::hc742cc7bb4f0fb20
[INFO] [stderr]                                  at /rustc/c8dfcfe046a7680554bf4eb612bad840e7631c4b/library/std/src/panicking.rs:401:40
[INFO] [stderr]     28:     0x555d7044b0fa - std::panicking::try::ha37d8d2dd1acf7d3
[INFO] [stderr]                                  at /rustc/c8dfcfe046a7680554bf4eb612bad840e7631c4b/library/std/src/panicking.rs:365:19
[INFO] [stderr]     29:     0x555d7044b0fa - std::panic::catch_unwind::h8a5381d5ecf437bc
[INFO] [stderr]                                  at /rustc/c8dfcfe046a7680554bf4eb612bad840e7631c4b/library/std/src/panic.rs:434:14
[INFO] [stderr]     30:     0x555d7044b0fa - std::rt::lang_start_internal::h7e2cee8c90d4a4d3
[INFO] [stderr]                                  at /rustc/c8dfcfe046a7680554bf4eb612bad840e7631c4b/library/std/src/rt.rs:45:20
[INFO] [stderr]     31:     0x555d6fecd540 - std::rt::lang_start::h8bb39b6d5e2bdbcf
[INFO] [stderr]                                  at /rustc/c8dfcfe046a7680554bf4eb612bad840e7631c4b/library/std/src/rt.rs:62:5
[INFO] [stderr]     32:     0x555d6feceb5c - main
[INFO] [stderr]     33:     0x7fcaed10b0b3 - __libc_start_main
[INFO] [stderr]     34:     0x555d6fecc14e - _start
[INFO] [stderr]     35:                0x0 - <unknown>
[INFO] [stderr] warning: build failed, waiting for other jobs to finish...
[INFO] [stderr] error: build failed
[INFO] running `Command { std: "docker" "inspect" "3dfa7a76a396f51ae721f51f25499fc9f078433a1b04ad901ab190ef5fef53ee", kill_on_drop: false }`
[INFO] running `Command { std: "docker" "rm" "-f" "3dfa7a76a396f51ae721f51f25499fc9f078433a1b04ad901ab190ef5fef53ee", kill_on_drop: false }`
[INFO] [stdout] 3dfa7a76a396f51ae721f51f25499fc9f078433a1b04ad901ab190ef5fef53ee
