[INFO] cloning repository https://github.com/jeremybaumont/envoy-digest-header-filter
[INFO] running `Command { std: "git" "-c" "credential.helper=" "-c" "credential.helper=/workspace/cargo-home/bin/git-credential-null" "clone" "--bare" "https://github.com/jeremybaumont/envoy-digest-header-filter" "/workspace/cache/git-repos/https%3A%2F%2Fgithub.com%2Fjeremybaumont%2Fenvoy-digest-header-filter", kill_on_drop: false }`
[INFO] [stderr] Cloning into bare repository '/workspace/cache/git-repos/https%3A%2F%2Fgithub.com%2Fjeremybaumont%2Fenvoy-digest-header-filter'...
[INFO] running `Command { std: "git" "rev-parse" "HEAD", kill_on_drop: false }`
[INFO] [stdout] b39fb2e4d500f85a19cc296b731c900c7b5de709
[INFO] checking jeremybaumont/envoy-digest-header-filter against beta-2021-10-15 for beta-1.56-3
[INFO] running `Command { std: "git" "clone" "/workspace/cache/git-repos/https%3A%2F%2Fgithub.com%2Fjeremybaumont%2Fenvoy-digest-header-filter" "/workspace/builds/worker-28/source", kill_on_drop: false }`
[INFO] [stderr] Cloning into '/workspace/builds/worker-28/source'...
[INFO] [stderr] done.
[INFO] validating manifest of git repo https://github.com/jeremybaumont/envoy-digest-header-filter on toolchain beta-2021-10-15
[INFO] running `Command { std: "/workspace/cargo-home/bin/cargo" "+beta-2021-10-15" "metadata" "--manifest-path" "Cargo.toml" "--no-deps", kill_on_drop: false }`
[INFO] removed /workspace/builds/worker-28/source/.cargo/config
[INFO] started tweaking git repo https://github.com/jeremybaumont/envoy-digest-header-filter
[INFO] finished tweaking git repo https://github.com/jeremybaumont/envoy-digest-header-filter
[INFO] tweaked toml for git repo https://github.com/jeremybaumont/envoy-digest-header-filter written to /workspace/builds/worker-28/source/Cargo.toml
[INFO] crate git repo https://github.com/jeremybaumont/envoy-digest-header-filter already has a lockfile, it will not be regenerated
[INFO] running `Command { std: "/workspace/cargo-home/bin/cargo" "+beta-2021-10-15" "fetch" "--manifest-path" "Cargo.toml", kill_on_drop: false }`
[INFO] [stderr]     Blocking waiting for file lock on package cache
[INFO] running `Command { std: "docker" "create" "-v" "/var/lib/crater-agent-workspace/builds/worker-28/target:/opt/rustwide/target:rw,Z" "-v" "/var/lib/crater-agent-workspace/builds/worker-28/source:/opt/rustwide/workdir:ro,Z" "-v" "/var/lib/crater-agent-workspace/cargo-home:/opt/rustwide/cargo-home:ro,Z" "-v" "/var/lib/crater-agent-workspace/rustup-home:/opt/rustwide/rustup-home:ro,Z" "-e" "SOURCE_DIR=/opt/rustwide/workdir" "-e" "CARGO_TARGET_DIR=/opt/rustwide/target" "-e" "CARGO_HOME=/opt/rustwide/cargo-home" "-e" "RUSTUP_HOME=/opt/rustwide/rustup-home" "-w" "/opt/rustwide/workdir" "-m" "1610612736" "--user" "0:0" "--network" "none" "ghcr.io/rust-lang/crates-build-env/linux@sha256:a89201d6b5b9fd45c15d5952ece0a0129e7e80cb26ec023fd59cf09bc26f1604" "/opt/rustwide/cargo-home/bin/cargo" "+beta-2021-10-15" "metadata" "--no-deps" "--format-version=1", kill_on_drop: false }`
[INFO] [stdout] d3f5195c1af3c781c3ce365cd5425639a72d8a6e06f90b1def7f6e78111bfec4
[INFO] running `Command { std: "docker" "start" "-a" "d3f5195c1af3c781c3ce365cd5425639a72d8a6e06f90b1def7f6e78111bfec4", kill_on_drop: false }`
[INFO] running `Command { std: "docker" "inspect" "d3f5195c1af3c781c3ce365cd5425639a72d8a6e06f90b1def7f6e78111bfec4", kill_on_drop: false }`
[INFO] running `Command { std: "docker" "rm" "-f" "d3f5195c1af3c781c3ce365cd5425639a72d8a6e06f90b1def7f6e78111bfec4", kill_on_drop: false }`
[INFO] [stdout] d3f5195c1af3c781c3ce365cd5425639a72d8a6e06f90b1def7f6e78111bfec4
[INFO] running `Command { std: "docker" "create" "-v" "/var/lib/crater-agent-workspace/builds/worker-28/target:/opt/rustwide/target:rw,Z" "-v" "/var/lib/crater-agent-workspace/builds/worker-28/source:/opt/rustwide/workdir:ro,Z" "-v" "/var/lib/crater-agent-workspace/cargo-home:/opt/rustwide/cargo-home:ro,Z" "-v" "/var/lib/crater-agent-workspace/rustup-home:/opt/rustwide/rustup-home:ro,Z" "-e" "SOURCE_DIR=/opt/rustwide/workdir" "-e" "CARGO_TARGET_DIR=/opt/rustwide/target" "-e" "CARGO_INCREMENTAL=0" "-e" "RUST_BACKTRACE=full" "-e" "RUSTFLAGS=--cap-lints=warn" "-e" "CARGO_HOME=/opt/rustwide/cargo-home" "-e" "RUSTUP_HOME=/opt/rustwide/rustup-home" "-w" "/opt/rustwide/workdir" "-m" "1610612736" "--user" "0:0" "--network" "none" "ghcr.io/rust-lang/crates-build-env/linux@sha256:a89201d6b5b9fd45c15d5952ece0a0129e7e80cb26ec023fd59cf09bc26f1604" "/opt/rustwide/cargo-home/bin/cargo" "+beta-2021-10-15" "check" "--frozen" "--all" "--all-targets" "--message-format=json", kill_on_drop: false }`
[INFO] [stdout] bbc92fcdeb83584c6a3b38648db29c573bff292276995781435521bcbdafa43e
[INFO] running `Command { std: "docker" "start" "-a" "bbc92fcdeb83584c6a3b38648db29c573bff292276995781435521bcbdafa43e", kill_on_drop: false }`
[INFO] [stderr]    Compiling libc v0.2.79
[INFO] [stderr]    Compiling syn v1.0.45
[INFO] [stderr]    Compiling wee_alloc v0.4.5
[INFO] [stderr]    Compiling anyhow v1.0.33
[INFO] [stderr]     Checking memory_units v0.4.0
[INFO] [stderr]     Checking ahash v0.3.8
[INFO] [stderr]     Checking itoa v0.4.6
[INFO] [stderr]    Compiling hashbrown v0.7.2
[INFO] [stderr]    Compiling num-traits v0.2.12
[INFO] [stderr]    Compiling num-integer v0.1.43
[INFO] [stderr]     Checking base64 v0.9.3
[INFO] [stderr]     Checking sha2 v0.9.1
[INFO] [stderr]     Checking time v0.1.44
[INFO] [stderr]     Checking proxy-wasm-experimental v0.0.7
[INFO] [stderr]     Checking chrono v0.4.19
[INFO] [stderr]     Checking envoy-sdk v0.1.0
[INFO] [stderr]    Compiling serde_derive v1.0.117
[INFO] [stderr]     Checking serde v1.0.117
[INFO] [stderr]     Checking serde_json v1.0.59
[INFO] [stderr]     Checking envoy-sample-http-filter v0.1.0 (/opt/rustwide/workdir)
[INFO] [stdout] warning: unused import: `envoy::error::format_err`
[INFO] [stdout]  --> src/filter.rs:3:5
[INFO] [stdout]   |
[INFO] [stdout] 3 | use envoy::error::format_err;
[INFO] [stdout]   |     ^^^^^^^^^^^^^^^^^^^^^^^^
[INFO] [stdout]   |
[INFO] [stdout]   = note: `#[warn(unused_imports)]` on by default
[INFO] [stdout] 
[INFO] [stdout] 
[INFO] [stdout] warning: unused import: `envoy::error::format_err`
[INFO] [stdout]  --> src/filter.rs:3:5
[INFO] [stdout]   |
[INFO] [stdout] 3 | use envoy::error::format_err;
[INFO] [stdout]   |     ^^^^^^^^^^^^^^^^^^^^^^^^
[INFO] [stdout]   |
[INFO] [stdout]   = note: `#[warn(unused_imports)]` on by default
[INFO] [stdout] 
[INFO] [stdout] 
[INFO] [stdout] warning: trait objects without an explicit `dyn` are deprecated
[INFO] [stdout]   --> src/factory.rs:40:19
[INFO] [stdout]    |
[INFO] [stdout] 40 |         Self::new(Clock::default(), Stats::default())
[INFO] [stdout]    |                   ^^^^^ help: use `dyn`: `<dyn Clock>`
[INFO] [stdout]    |
[INFO] [stdout]    = note: `#[warn(bare_trait_objects)]` on by default
[INFO] [stdout]    = warning: this is accepted in the current edition (Rust 2018) but is a hard error in Rust 2021!
[INFO] [stdout]    = note: for more information, see <https://doc.rust-lang.org/nightly/edition-guide/rust-2021/warnings-promoted-to-error.html>
[INFO] [stdout] 
[INFO] [stdout] 
[INFO] [stdout] warning: trait objects without an explicit `dyn` are deprecated
[INFO] [stdout]   --> src/factory.rs:40:37
[INFO] [stdout]    |
[INFO] [stdout] 40 |         Self::new(Clock::default(), Stats::default())
[INFO] [stdout]    |                                     ^^^^^ help: use `dyn`: `<dyn Stats>`
[INFO] [stdout]    |
[INFO] [stdout]    = warning: this is accepted in the current edition (Rust 2018) but is a hard error in Rust 2021!
[INFO] [stdout]    = note: for more information, see <https://doc.rust-lang.org/nightly/edition-guide/rust-2021/warnings-promoted-to-error.html>
[INFO] [stdout] 
[INFO] [stdout] 
[INFO] [stdout] warning: trait objects without an explicit `dyn` are deprecated
[INFO] [stdout]   --> src/factory.rs:40:19
[INFO] [stdout]    |
[INFO] [stdout] 40 |         Self::new(Clock::default(), Stats::default())
[INFO] [stdout]    |                   ^^^^^ help: use `dyn`: `<dyn Clock>`
[INFO] [stdout]    |
[INFO] [stdout]    = note: `#[warn(bare_trait_objects)]` on by default
[INFO] [stdout]    = warning: this is accepted in the current edition (Rust 2018) but is a hard error in Rust 2021!
[INFO] [stdout]    = note: for more information, see <https://doc.rust-lang.org/nightly/edition-guide/rust-2021/warnings-promoted-to-error.html>
[INFO] [stdout] 
[INFO] [stdout] 
[INFO] [stdout] warning: trait objects without an explicit `dyn` are deprecated
[INFO] [stdout]   --> src/factory.rs:40:37
[INFO] [stdout]    |
[INFO] [stdout] 40 |         Self::new(Clock::default(), Stats::default())
[INFO] [stdout]    |                                     ^^^^^ help: use `dyn`: `<dyn Stats>`
[INFO] [stdout]    |
[INFO] [stdout]    = warning: this is accepted in the current edition (Rust 2018) but is a hard error in Rust 2021!
[INFO] [stdout]    = note: for more information, see <https://doc.rust-lang.org/nightly/edition-guide/rust-2021/warnings-promoted-to-error.html>
[INFO] [stdout] 
[INFO] [stdout] 
[INFO] [stdout] warning: use of deprecated associated function `std::error::Error::description`: use the Display impl or to_string()
[INFO] [stdout]   --> src/lib.rs:29:23
[INFO] [stdout]    |
[INFO] [stdout] 29 |             _ => self.description(),
[INFO] [stdout]    |                       ^^^^^^^^^^^
[INFO] [stdout]    |
[INFO] [stdout]    = note: `#[warn(deprecated)]` on by default
[INFO] [stdout] 
[INFO] [stdout] 
[INFO] [stdout] warning: use of deprecated associated function `std::error::Error::description`: use the Display impl or to_string()
[INFO] [stdout]   --> src/lib.rs:29:23
[INFO] [stdout]    |
[INFO] [stdout] 29 |             _ => self.description(),
[INFO] [stdout]    |                       ^^^^^^^^^^^
[INFO] [stdout]    |
[INFO] [stdout]    = note: `#[warn(deprecated)]` on by default
[INFO] [stdout] 
[INFO] [stdout] 
[INFO] [stdout] warning: 4 warnings emitted
[INFO] [stdout] 
[INFO] [stdout] 
[INFO] [stderr]     Checking envoy-sample-http-filter-module v0.1.0 (/opt/rustwide/workdir/wasm/module)
[INFO] [stdout] error[E0277]: the trait bound `ByteString: From<&[u8; 22]>` is not satisfied
[INFO] [stdout]    --> src/lib.rs:264:26
[INFO] [stdout]     |
[INFO] [stdout] 264 |         let some_body = &ByteString::from(b"The content of a thing");
[INFO] [stdout]     |                          ^^^^^^^^^^^^^^^^ the trait `From<&[u8; 22]>` is not implemented for `ByteString`
[INFO] [stdout]     |
[INFO] [stdout]     = help: the following implementations were found:
[INFO] [stdout]               <ByteString as From<&ByteString>>
[INFO] [stdout]               <ByteString as From<&[u8]>>
[INFO] [stdout]               <ByteString as From<&str>>
[INFO] [stdout]               <ByteString as From<Vec<u8>>>
[INFO] [stdout]               <ByteString as From<std::string::String>>
[INFO] [stdout] note: required by `std::convert::From::from`
[INFO] [stdout] 
[INFO] [stdout] 
[INFO] [stdout] error[E0308]: mismatched types
[INFO] [stdout]    --> src/lib.rs:269:42
[INFO] [stdout]     |
[INFO] [stdout] 269 |             Digest::from_base64_and_size(&ByteString::from(provided), sha_size),
[INFO] [stdout]     |                                          ^^^^^^^^^^^^^^^^^^^^^^^^^^^ expected struct `ByteString`, found `&ByteString`
[INFO] [stdout]     |
[INFO] [stdout] help: consider removing the borrow
[INFO] [stdout]     |
[INFO] [stdout] 269 -             Digest::from_base64_and_size(&ByteString::from(provided), sha_size),
[INFO] [stdout] 269 +             Digest::from_base64_and_size(ByteString::from(provided), sha_size),
[INFO] [stdout]     | 
[INFO] [stdout] 
[INFO] [stdout] 
[INFO] [stdout] error[E0277]: the trait bound `ByteString: From<&[u8; 22]>` is not satisfied
[INFO] [stdout]    --> src/lib.rs:275:26
[INFO] [stdout]     |
[INFO] [stdout] 275 |         let some_body = &ByteString::from(b"The content of a thing");
[INFO] [stdout]     |                          ^^^^^^^^^^^^^^^^ the trait `From<&[u8; 22]>` is not implemented for `ByteString`
[INFO] [stdout]     |
[INFO] [stdout]     = help: the following implementations were found:
[INFO] [stdout]               <ByteString as From<&ByteString>>
[INFO] [stdout]               <ByteString as From<&[u8]>>
[INFO] [stdout]               <ByteString as From<&str>>
[INFO] [stdout]               <ByteString as From<Vec<u8>>>
[INFO] [stdout]               <ByteString as From<std::string::String>>
[INFO] [stdout] note: required by `std::convert::From::from`
[INFO] [stdout] 
[INFO] [stdout] 
[INFO] [stdout] error[E0308]: mismatched types
[INFO] [stdout]    --> src/lib.rs:280:42
[INFO] [stdout]     |
[INFO] [stdout] 280 |             Digest::from_base64_and_size(&ByteString::from("not a hash".to_owned()), sha_size),
[INFO] [stdout]     |                                          ^^^^^^^^^^^^^^^^^^^^^^^^^^^^^^^^^^^^^^^^^^ expected struct `ByteString`, found `&ByteString`
[INFO] [stdout]     |
[INFO] [stdout] help: consider removing the borrow
[INFO] [stdout]     |
[INFO] [stdout] 280 -             Digest::from_base64_and_size(&ByteString::from("not a hash".to_owned()), sha_size),
[INFO] [stdout] 280 +             Digest::from_base64_and_size(ByteString::from("not a hash".to_owned()), sha_size),
[INFO] [stdout]     | 
[INFO] [stdout] 
[INFO] [stdout] 
[INFO] [stdout] error: aborting due to 4 previous errors; 4 warnings emitted
[INFO] [stdout] 
[INFO] [stdout] 
[INFO] [stdout] Some errors have detailed explanations: E0277, E0308.
[INFO] [stdout] 
[INFO] [stdout] For more information about an error, try `rustc --explain E0277`.
[INFO] [stdout] 
[INFO] [stderr] error: could not compile `envoy-sample-http-filter` due to 5 previous errors; 4 warnings emitted
[INFO] [stderr] warning: build failed, waiting for other jobs to finish...
[INFO] [stderr] error: build failed
[INFO] running `Command { std: "docker" "inspect" "bbc92fcdeb83584c6a3b38648db29c573bff292276995781435521bcbdafa43e", kill_on_drop: false }`
[INFO] running `Command { std: "docker" "rm" "-f" "bbc92fcdeb83584c6a3b38648db29c573bff292276995781435521bcbdafa43e", kill_on_drop: false }`
[INFO] [stdout] bbc92fcdeb83584c6a3b38648db29c573bff292276995781435521bcbdafa43e
