[INFO] cloning repository https://github.com/jeremyarde/idea-chooser
[INFO] running `Command { std: "git" "-c" "credential.helper=" "-c" "credential.helper=/workspace/cargo-home/bin/git-credential-null" "clone" "--bare" "https://github.com/jeremyarde/idea-chooser" "/workspace/cache/git-repos/https%3A%2F%2Fgithub.com%2Fjeremyarde%2Fidea-chooser", kill_on_drop: false }`
[INFO] [stderr] Cloning into bare repository '/workspace/cache/git-repos/https%3A%2F%2Fgithub.com%2Fjeremyarde%2Fidea-chooser'...
[INFO] running `Command { std: "git" "rev-parse" "HEAD", kill_on_drop: false }`
[INFO] [stdout] 1441f612d3633eb169114ec9a33bdf9f5dd60764
[INFO] checking jeremyarde/idea-chooser against beta-2021-10-15 for beta-1.56-3
[INFO] running `Command { std: "git" "clone" "/workspace/cache/git-repos/https%3A%2F%2Fgithub.com%2Fjeremyarde%2Fidea-chooser" "/workspace/builds/worker-95/source", kill_on_drop: false }`
[INFO] [stderr] Cloning into '/workspace/builds/worker-95/source'...
[INFO] [stderr] done.
[INFO] validating manifest of git repo https://github.com/jeremyarde/idea-chooser on toolchain beta-2021-10-15
[INFO] running `Command { std: "/workspace/cargo-home/bin/cargo" "+beta-2021-10-15" "metadata" "--manifest-path" "Cargo.toml" "--no-deps", kill_on_drop: false }`
[INFO] started tweaking git repo https://github.com/jeremyarde/idea-chooser
[INFO] finished tweaking git repo https://github.com/jeremyarde/idea-chooser
[INFO] tweaked toml for git repo https://github.com/jeremyarde/idea-chooser written to /workspace/builds/worker-95/source/Cargo.toml
[INFO] crate git repo https://github.com/jeremyarde/idea-chooser already has a lockfile, it will not be regenerated
[INFO] running `Command { std: "/workspace/cargo-home/bin/cargo" "+beta-2021-10-15" "fetch" "--manifest-path" "Cargo.toml", kill_on_drop: false }`
[INFO] [stderr]     Blocking waiting for file lock on package cache
[INFO] running `Command { std: "docker" "create" "-v" "/var/lib/crater-agent-workspace/builds/worker-95/target:/opt/rustwide/target:rw,Z" "-v" "/var/lib/crater-agent-workspace/builds/worker-95/source:/opt/rustwide/workdir:ro,Z" "-v" "/var/lib/crater-agent-workspace/cargo-home:/opt/rustwide/cargo-home:ro,Z" "-v" "/var/lib/crater-agent-workspace/rustup-home:/opt/rustwide/rustup-home:ro,Z" "-e" "SOURCE_DIR=/opt/rustwide/workdir" "-e" "CARGO_TARGET_DIR=/opt/rustwide/target" "-e" "CARGO_HOME=/opt/rustwide/cargo-home" "-e" "RUSTUP_HOME=/opt/rustwide/rustup-home" "-w" "/opt/rustwide/workdir" "-m" "1610612736" "--user" "0:0" "--network" "none" "ghcr.io/rust-lang/crates-build-env/linux@sha256:a89201d6b5b9fd45c15d5952ece0a0129e7e80cb26ec023fd59cf09bc26f1604" "/opt/rustwide/cargo-home/bin/cargo" "+beta-2021-10-15" "metadata" "--no-deps" "--format-version=1", kill_on_drop: false }`
[INFO] [stdout] a96668d908e815a7ed856fd46ffe6bef9f65248307dc7c5acbe337edd86a5d63
[INFO] running `Command { std: "docker" "start" "-a" "a96668d908e815a7ed856fd46ffe6bef9f65248307dc7c5acbe337edd86a5d63", kill_on_drop: false }`
[INFO] running `Command { std: "docker" "inspect" "a96668d908e815a7ed856fd46ffe6bef9f65248307dc7c5acbe337edd86a5d63", kill_on_drop: false }`
[INFO] running `Command { std: "docker" "rm" "-f" "a96668d908e815a7ed856fd46ffe6bef9f65248307dc7c5acbe337edd86a5d63", kill_on_drop: false }`
[INFO] [stdout] a96668d908e815a7ed856fd46ffe6bef9f65248307dc7c5acbe337edd86a5d63
[INFO] running `Command { std: "docker" "create" "-v" "/var/lib/crater-agent-workspace/builds/worker-95/target:/opt/rustwide/target:rw,Z" "-v" "/var/lib/crater-agent-workspace/builds/worker-95/source:/opt/rustwide/workdir:ro,Z" "-v" "/var/lib/crater-agent-workspace/cargo-home:/opt/rustwide/cargo-home:ro,Z" "-v" "/var/lib/crater-agent-workspace/rustup-home:/opt/rustwide/rustup-home:ro,Z" "-e" "SOURCE_DIR=/opt/rustwide/workdir" "-e" "CARGO_TARGET_DIR=/opt/rustwide/target" "-e" "CARGO_INCREMENTAL=0" "-e" "RUST_BACKTRACE=full" "-e" "RUSTFLAGS=--cap-lints=warn" "-e" "CARGO_HOME=/opt/rustwide/cargo-home" "-e" "RUSTUP_HOME=/opt/rustwide/rustup-home" "-w" "/opt/rustwide/workdir" "-m" "1610612736" "--user" "0:0" "--network" "none" "ghcr.io/rust-lang/crates-build-env/linux@sha256:a89201d6b5b9fd45c15d5952ece0a0129e7e80cb26ec023fd59cf09bc26f1604" "/opt/rustwide/cargo-home/bin/cargo" "+beta-2021-10-15" "check" "--frozen" "--all" "--all-targets" "--message-format=json", kill_on_drop: false }`
[INFO] [stdout] 95045c703eb6a34170a53ae6b03c08e7f75dff2f3a453a7d1d30874dcc508d98
[INFO] running `Command { std: "docker" "start" "-a" "95045c703eb6a34170a53ae6b03c08e7f75dff2f3a453a7d1d30874dcc508d98", kill_on_drop: false }`
[INFO] [stderr]    Compiling libc v0.2.101
[INFO] [stderr]    Compiling syn v1.0.76
[INFO] [stderr]    Compiling memchr v2.4.1
[INFO] [stderr]    Compiling crossbeam-utils v0.8.5
[INFO] [stderr]     Checking static_assertions v1.1.0
[INFO] [stderr]    Compiling crossbeam-epoch v0.9.5
[INFO] [stderr]    Compiling rayon-core v1.9.1
[INFO] [stderr]     Checking regex-automata v0.1.10
[INFO] [stderr]     Checking either v1.6.1
[INFO] [stderr]     Checking once_cell v1.8.0
[INFO] [stderr]     Checking itoa v0.4.8
[INFO] [stderr]     Checking regex-syntax v0.6.25
[INFO] [stderr]     Checking unicode-width v0.1.8
[INFO] [stderr]     Checking strength_reduce v0.2.3
[INFO] [stderr]     Checking byteorder v1.4.3
[INFO] [stderr]    Compiling anyhow v1.0.43
[INFO] [stderr]     Checking hash_hasher v2.0.3
[INFO] [stderr]     Checking streaming-iterator v0.1.5
[INFO] [stderr]     Checking encode_unicode v0.3.6
[INFO] [stderr]     Checking unsafe_unwrap v0.1.0
[INFO] [stderr]    Compiling unicode-segmentation v1.8.0
[INFO] [stderr]     Checking strsim v0.10.0
[INFO] [stderr]     Checking os_str_bytes v3.1.0
[INFO] [stderr]    Compiling memoffset v0.6.4
[INFO] [stderr]    Compiling num-bigint v0.4.2
[INFO] [stderr]    Compiling rayon v1.5.1
[INFO] [stderr]    Compiling num-iter v0.1.42
[INFO] [stderr]    Compiling num-rational v0.4.0
[INFO] [stderr]    Compiling indexmap v1.7.0
[INFO] [stderr]    Compiling ahash v0.7.4
[INFO] [stderr]    Compiling proc-macro-error-attr v1.0.4
[INFO] [stderr]    Compiling proc-macro-error v1.0.4
[INFO] [stderr]    Compiling num-traits v0.2.14
[INFO] [stderr]    Compiling num-integer v0.1.44
[INFO] [stderr]     Checking lexical-util v0.8.1
[INFO] [stderr]     Checking itertools v0.10.1
[INFO] [stderr]     Checking textwrap v0.14.2
[INFO] [stderr]    Compiling heck v0.3.3
[INFO] [stderr]     Checking lexical-parse-integer v0.8.0
[INFO] [stderr]     Checking lexical-write-integer v0.8.0
[INFO] [stderr]     Checking crossbeam-channel v0.5.1
[INFO] [stderr]     Checking bstr v0.2.16
[INFO] [stderr]     Checking csv-core v0.1.10
[INFO] [stderr]     Checking aho-corasick v0.7.18
[INFO] [stderr]     Checking lexical-parse-float v0.8.0
[INFO] [stderr]     Checking lexical-write-float v0.8.0
[INFO] [stderr]     Checking crossbeam-deque v0.8.1
[INFO] [stderr]     Checking num_cpus v1.13.0
[INFO] [stderr]     Checking getrandom v0.2.3
[INFO] [stderr]     Checking time v0.1.43
[INFO] [stderr]     Checking atty v0.2.14
[INFO] [stderr]     Checking dirs v1.0.5
[INFO] [stderr]     Checking dirs-sys v0.3.6
[INFO] [stderr]     Checking memmap2 v0.2.3
[INFO] [stderr]     Checking dirs v3.0.2
[INFO] [stderr]     Checking term v0.5.2
[INFO] [stderr]     Checking num-complex v0.4.0
[INFO] [stderr]     Checking csv v1.1.6
[INFO] [stderr]     Checking lexical-core v0.8.0
[INFO] [stderr]     Checking lexical v6.0.0
[INFO] [stderr]     Checking chrono v0.4.19
[INFO] [stderr]     Checking prettytable-rs v0.8.0
[INFO] [stderr]     Checking regex v1.5.4
[INFO] [stderr]     Checking num v0.4.0
[INFO] [stderr]     Checking hashbrown v0.11.2
[INFO] [stderr]    Compiling multiversion-macros v0.6.1
[INFO] [stderr]    Compiling thiserror-impl v1.0.29
[INFO] [stderr]    Compiling clap_derive v3.0.0-beta.4
[INFO] [stderr]     Checking thiserror v1.0.29
[INFO] [stderr]     Checking clap v3.0.0-beta.4
[INFO] [stderr]     Checking multiversion v0.6.1
[INFO] [stderr]     Checking arrow2 v0.5.3
[INFO] [stderr]     Checking polars-arrow v0.16.0
[INFO] [stderr]     Checking polars-core v0.16.0
[INFO] [stderr]     Checking polars-io v0.16.0
[INFO] [stderr]     Checking polars-lazy v0.16.0
[INFO] [stderr]     Checking polars v0.16.0
[INFO] [stderr]     Checking idea-chooser v0.1.0 (/opt/rustwide/workdir)
[INFO] [stdout] error[E0433]: failed to resolve: use of undeclared crate or module `yew`
[INFO] [stdout]   --> src/main.rs:24:5
[INFO] [stdout]    |
[INFO] [stdout] 24 | use yew::prelude::*;
[INFO] [stdout]    |     ^^^ use of undeclared crate or module `yew`
[INFO] [stdout] 
[INFO] [stdout] 
[INFO] [stdout] error[E0433]: failed to resolve: use of undeclared crate or module `yew`
[INFO] [stdout]   --> src/main.rs:24:5
[INFO] [stdout]    |
[INFO] [stdout] 24 | use yew::prelude::*;
[INFO] [stdout]    |     ^^^ use of undeclared crate or module `yew`
[INFO] [stdout] 
[INFO] [stdout] 
[INFO] [stdout] error: cannot find macro `html` in this scope
[INFO] [stdout]   --> src/main.rs:64:9
[INFO] [stdout]    |
[INFO] [stdout] 64 |         html! {
[INFO] [stdout]    |         ^^^^
[INFO] [stdout] 
[INFO] [stdout] 
[INFO] [stdout] error[E0412]: cannot find type `ComponentLink` in this scope
[INFO] [stdout]   --> src/main.rs:33:11
[INFO] [stdout]    |
[INFO] [stdout] 33 |     link: ComponentLink<Self>,
[INFO] [stdout]    |           ^^^^^^^^^^^^^ not found in this scope
[INFO] [stdout] 
[INFO] [stdout] 
[INFO] [stdout] error[E0405]: cannot find trait `Component` in this scope
[INFO] [stdout]   --> src/main.rs:37:6
[INFO] [stdout]    |
[INFO] [stdout] 37 | impl Component for Model {
[INFO] [stdout]    |      ^^^^^^^^^ not found in this scope
[INFO] [stdout] 
[INFO] [stdout] 
[INFO] [stdout] error[E0412]: cannot find type `ComponentLink` in this scope
[INFO] [stdout]   --> src/main.rs:41:47
[INFO] [stdout]    |
[INFO] [stdout] 41 |     fn create(_props: Self::Properties, link: ComponentLink<Self>) -> Self {
[INFO] [stdout]    |                                               ^^^^^^^^^^^^^ not found in this scope
[INFO] [stdout] 
[INFO] [stdout] 
[INFO] [stdout] error: cannot find macro `html` in this scope
[INFO] [stdout]   --> src/main.rs:64:9
[INFO] [stdout]    |
[INFO] [stdout] 64 |         html! {
[INFO] [stdout]    |         ^^^^
[INFO] [stdout] 
[INFO] [stdout] 
[INFO] [stdout] error[E0412]: cannot find type `ShouldRender` in this scope
[INFO] [stdout]   --> src/main.rs:45:49
[INFO] [stdout]    |
[INFO] [stdout] 45 |     fn update(&mut self, msg: Self::Message) -> ShouldRender {
[INFO] [stdout]    |                                                 ^^^^^^^^^^^^ not found in this scope
[INFO] [stdout] 
[INFO] [stdout] 
[INFO] [stdout] error[E0412]: cannot find type `ComponentLink` in this scope
[INFO] [stdout]   --> src/main.rs:33:11
[INFO] [stdout]    |
[INFO] [stdout] 33 |     link: ComponentLink<Self>,
[INFO] [stdout]    |           ^^^^^^^^^^^^^ not found in this scope
[INFO] [stdout] 
[INFO] [stdout] 
[INFO] [stdout] error[E0412]: cannot find type `ShouldRender` in this scope
[INFO] [stdout]   --> src/main.rs:56:55
[INFO] [stdout]    |
[INFO] [stdout] 56 |     fn change(&mut self, _props: Self::Properties) -> ShouldRender {
[INFO] [stdout]    |                                                       ^^^^^^^^^^^^ not found in this scope
[INFO] [stdout] 
[INFO] [stdout] 
[INFO] [stdout] error[E0405]: cannot find trait `Component` in this scope
[INFO] [stdout]   --> src/main.rs:37:6
[INFO] [stdout]    |
[INFO] [stdout] 37 | impl Component for Model {
[INFO] [stdout]    |      ^^^^^^^^^ not found in this scope
[INFO] [stdout] 
[INFO] [stdout] 
[INFO] [stdout] error[E0412]: cannot find type `Html` in this scope
[INFO] [stdout]   --> src/main.rs:63:23
[INFO] [stdout]    |
[INFO] [stdout] 63 |     fn view(&self) -> Html {
[INFO] [stdout]    |                       ^^^^ not found in this scope
[INFO] [stdout] 
[INFO] [stdout] 
[INFO] [stdout] error[E0412]: cannot find type `ComponentLink` in this scope
[INFO] [stdout]   --> src/main.rs:41:47
[INFO] [stdout]    |
[INFO] [stdout] 41 |     fn create(_props: Self::Properties, link: ComponentLink<Self>) -> Self {
[INFO] [stdout]    |                                               ^^^^^^^^^^^^^ not found in this scope
[INFO] [stdout] 
[INFO] [stdout] 
[INFO] [stdout] error[E0412]: cannot find type `ShouldRender` in this scope
[INFO] [stdout]   --> src/main.rs:45:49
[INFO] [stdout]    |
[INFO] [stdout] 45 |     fn update(&mut self, msg: Self::Message) -> ShouldRender {
[INFO] [stdout]    |                                                 ^^^^^^^^^^^^ not found in this scope
[INFO] [stdout] 
[INFO] [stdout] 
[INFO] [stdout] error[E0412]: cannot find type `ShouldRender` in this scope
[INFO] [stdout]   --> src/main.rs:56:55
[INFO] [stdout]    |
[INFO] [stdout] 56 |     fn change(&mut self, _props: Self::Properties) -> ShouldRender {
[INFO] [stdout]    |                                                       ^^^^^^^^^^^^ not found in this scope
[INFO] [stdout] 
[INFO] [stdout] 
[INFO] [stdout] error[E0412]: cannot find type `Html` in this scope
[INFO] [stdout]   --> src/main.rs:63:23
[INFO] [stdout]    |
[INFO] [stdout] 63 |     fn view(&self) -> Html {
[INFO] [stdout]    |                       ^^^^ not found in this scope
[INFO] [stdout] 
[INFO] [stdout] 
[INFO] [stdout] warning: unused import: `process::Command`
[INFO] [stdout]  --> src/main.rs:1:26
[INFO] [stdout]   |
[INFO] [stdout] 1 | use std::{path::PathBuf, process::Command};
[INFO] [stdout]   |                          ^^^^^^^^^^^^^^^^
[INFO] [stdout]   |
[INFO] [stdout]   = note: `#[warn(unused_imports)]` on by default
[INFO] [stdout] 
[INFO] [stdout] 
[INFO] [stdout] error: aborting due to 8 previous errors
[INFO] [stdout] 
[INFO] [stdout] 
[INFO] [stdout] error: aborting due to 8 previous errors; 1 warning emitted
[INFO] [stdout] 
[INFO] [stdout] 
[INFO] [stdout] Some errors have detailed explanations: E0405, E0412, E0433.
[INFO] [stdout] 
[INFO] [stdout] Some errors have detailed explanations: E0405, E0412, E0433.
[INFO] [stdout] 
[INFO] [stdout] For more information about an error, try `rustc --explain E0405`.
[INFO] [stdout] 
[INFO] [stdout] For more information about an error, try `rustc --explain E0405`.
[INFO] [stdout] 
[INFO] [stderr] error: could not compile `idea-chooser` due to 9 previous errors; 1 warning emitted
[INFO] [stderr] warning: build failed, waiting for other jobs to finish...
[INFO] [stderr] error: build failed
[INFO] running `Command { std: "docker" "inspect" "95045c703eb6a34170a53ae6b03c08e7f75dff2f3a453a7d1d30874dcc508d98", kill_on_drop: false }`
[INFO] running `Command { std: "docker" "rm" "-f" "95045c703eb6a34170a53ae6b03c08e7f75dff2f3a453a7d1d30874dcc508d98", kill_on_drop: false }`
[INFO] [stdout] 95045c703eb6a34170a53ae6b03c08e7f75dff2f3a453a7d1d30874dcc508d98
