[INFO] cloning repository https://github.com/jedevc/advent-of-code-2020
[INFO] running `Command { std: "git" "-c" "credential.helper=" "-c" "credential.helper=/workspace/cargo-home/bin/git-credential-null" "clone" "--bare" "https://github.com/jedevc/advent-of-code-2020" "/workspace/cache/git-repos/https%3A%2F%2Fgithub.com%2Fjedevc%2Fadvent-of-code-2020", kill_on_drop: false }`
[INFO] [stderr] Cloning into bare repository '/workspace/cache/git-repos/https%3A%2F%2Fgithub.com%2Fjedevc%2Fadvent-of-code-2020'...
[INFO] running `Command { std: "git" "rev-parse" "HEAD", kill_on_drop: false }`
[INFO] [stdout] 9c13d3f4415189f5505ce28e91772b48af46f191
[INFO] checking jedevc/advent-of-code-2020 against beta-2021-10-15 for beta-1.56-3
[INFO] running `Command { std: "git" "clone" "/workspace/cache/git-repos/https%3A%2F%2Fgithub.com%2Fjedevc%2Fadvent-of-code-2020" "/workspace/builds/worker-3/source", kill_on_drop: false }`
[INFO] [stderr] Cloning into '/workspace/builds/worker-3/source'...
[INFO] [stderr] done.
[INFO] validating manifest of git repo https://github.com/jedevc/advent-of-code-2020 on toolchain beta-2021-10-15
[INFO] running `Command { std: "/workspace/cargo-home/bin/cargo" "+beta-2021-10-15" "metadata" "--manifest-path" "Cargo.toml" "--no-deps", kill_on_drop: false }`
[INFO] removed /workspace/builds/worker-3/source/rust-toolchain
[INFO] started tweaking git repo https://github.com/jedevc/advent-of-code-2020
[INFO] finished tweaking git repo https://github.com/jedevc/advent-of-code-2020
[INFO] tweaked toml for git repo https://github.com/jedevc/advent-of-code-2020 written to /workspace/builds/worker-3/source/Cargo.toml
[INFO] crate git repo https://github.com/jedevc/advent-of-code-2020 already has a lockfile, it will not be regenerated
[INFO] running `Command { std: "/workspace/cargo-home/bin/cargo" "+beta-2021-10-15" "fetch" "--manifest-path" "Cargo.toml", kill_on_drop: false }`
[INFO] [stderr]     Blocking waiting for file lock on package cache
[INFO] [stderr]     Blocking waiting for file lock on package cache
[INFO] running `Command { std: "docker" "create" "-v" "/var/lib/crater-agent-workspace/builds/worker-3/target:/opt/rustwide/target:rw,Z" "-v" "/var/lib/crater-agent-workspace/builds/worker-3/source:/opt/rustwide/workdir:ro,Z" "-v" "/var/lib/crater-agent-workspace/cargo-home:/opt/rustwide/cargo-home:ro,Z" "-v" "/var/lib/crater-agent-workspace/rustup-home:/opt/rustwide/rustup-home:ro,Z" "-e" "SOURCE_DIR=/opt/rustwide/workdir" "-e" "CARGO_TARGET_DIR=/opt/rustwide/target" "-e" "CARGO_HOME=/opt/rustwide/cargo-home" "-e" "RUSTUP_HOME=/opt/rustwide/rustup-home" "-w" "/opt/rustwide/workdir" "-m" "1610612736" "--user" "0:0" "--network" "none" "ghcr.io/rust-lang/crates-build-env/linux@sha256:a89201d6b5b9fd45c15d5952ece0a0129e7e80cb26ec023fd59cf09bc26f1604" "/opt/rustwide/cargo-home/bin/cargo" "+beta-2021-10-15" "metadata" "--no-deps" "--format-version=1", kill_on_drop: false }`
[INFO] [stdout] 7906561111af72f49b7030b2b0a2e1e173803abe9728de395b453227f33cf41a
[INFO] running `Command { std: "docker" "start" "-a" "7906561111af72f49b7030b2b0a2e1e173803abe9728de395b453227f33cf41a", kill_on_drop: false }`
[INFO] running `Command { std: "docker" "inspect" "7906561111af72f49b7030b2b0a2e1e173803abe9728de395b453227f33cf41a", kill_on_drop: false }`
[INFO] running `Command { std: "docker" "rm" "-f" "7906561111af72f49b7030b2b0a2e1e173803abe9728de395b453227f33cf41a", kill_on_drop: false }`
[INFO] [stdout] 7906561111af72f49b7030b2b0a2e1e173803abe9728de395b453227f33cf41a
[INFO] running `Command { std: "docker" "create" "-v" "/var/lib/crater-agent-workspace/builds/worker-3/target:/opt/rustwide/target:rw,Z" "-v" "/var/lib/crater-agent-workspace/builds/worker-3/source:/opt/rustwide/workdir:ro,Z" "-v" "/var/lib/crater-agent-workspace/cargo-home:/opt/rustwide/cargo-home:ro,Z" "-v" "/var/lib/crater-agent-workspace/rustup-home:/opt/rustwide/rustup-home:ro,Z" "-e" "SOURCE_DIR=/opt/rustwide/workdir" "-e" "CARGO_TARGET_DIR=/opt/rustwide/target" "-e" "CARGO_INCREMENTAL=0" "-e" "RUST_BACKTRACE=full" "-e" "RUSTFLAGS=--cap-lints=warn" "-e" "CARGO_HOME=/opt/rustwide/cargo-home" "-e" "RUSTUP_HOME=/opt/rustwide/rustup-home" "-w" "/opt/rustwide/workdir" "-m" "1610612736" "--user" "0:0" "--network" "none" "ghcr.io/rust-lang/crates-build-env/linux@sha256:a89201d6b5b9fd45c15d5952ece0a0129e7e80cb26ec023fd59cf09bc26f1604" "/opt/rustwide/cargo-home/bin/cargo" "+beta-2021-10-15" "check" "--frozen" "--all" "--all-targets" "--message-format=json", kill_on_drop: false }`
[INFO] [stdout] 39cf38c8807a33999c93cd0a759528aea5bada2f4d8f5bad5d8d0e0ab521f6ad
[INFO] running `Command { std: "docker" "start" "-a" "39cf38c8807a33999c93cd0a759528aea5bada2f4d8f5bad5d8d0e0ab521f6ad", kill_on_drop: false }`
[INFO] [stderr]     Blocking waiting for file lock on package cache
[INFO] [stderr]    Compiling libc v0.2.80
[INFO] [stderr]    Compiling memchr v2.3.4
[INFO] [stderr]    Compiling bitflags v1.2.1
[INFO] [stderr]     Checking unicode-width v0.1.8
[INFO] [stderr]     Checking lazy_static v1.4.0
[INFO] [stderr]     Checking vec_map v0.8.2
[INFO] [stderr]     Checking ansi_term v0.11.0
[INFO] [stderr]     Checking strsim v0.8.0
[INFO] [stderr]     Checking regex-syntax v0.6.21
[INFO] [stderr]     Checking thread_local v1.0.1
[INFO] [stderr]     Checking textwrap v0.11.0
[INFO] [stderr]     Checking aho-corasick v0.7.15
[INFO] [stderr]     Checking atty v0.2.14
[INFO] [stderr]     Checking clap v2.33.3
[INFO] [stderr]     Checking regex v1.4.2
[INFO] [stderr]     Checking advent_of_code v0.1.0 (/opt/rustwide/workdir)
[INFO] [stdout] error[E0554]: `#![feature]` may not be used on the beta release channel
[INFO] [stdout]  --> src/main.rs:1:1
[INFO] [stdout]   |
[INFO] [stdout] 1 | #![feature(iterator_fold_self, destructuring_assignment)]
[INFO] [stdout]   | ^^^^^^^^^^^^^^^^^^^^^^^^^^^^^^^^^^^^^^^^^^^^^^^^^^^^^^^^^
[INFO] [stdout] 
[INFO] [stdout] 
[INFO] [stdout] error[E0554]: `#![feature]` may not be used on the beta release channel
[INFO] [stdout]  --> src/main.rs:1:1
[INFO] [stdout]   |
[INFO] [stdout] 1 | #![feature(iterator_fold_self, destructuring_assignment)]
[INFO] [stdout]   | ^^^^^^^^^^^^^^^^^^^^^^^^^^^^^^^^^^^^^^^^^^^^^^^^^^^^^^^^^
[INFO] [stdout] 
[INFO] [stdout] 
[INFO] [stdout] error[E0599]: no method named `fold_first` found for struct `std::vec::IntoIter` in the current scope
[INFO] [stdout]   --> src/day13.rs:36:34
[INFO] [stdout]    |
[INFO] [stdout] 36 |     let result = ids.into_iter().fold_first(satisfy).unwrap();
[INFO] [stdout]    |                                  ^^^^^^^^^^ method not found in `std::vec::IntoIter<(usize, usize)>`
[INFO] [stdout] 
[INFO] [stdout] 
[INFO] [stdout] error[E0599]: no method named `fold_first` found for struct `Map` in the current scope
[INFO] [stdout]   --> src/day6.rs:23:10
[INFO] [stdout]    |
[INFO] [stdout] 23 |         .fold_first(|acc, h| -> HashSet<char> { HashSet::from_iter(f(&acc, &h).cloned()) })
[INFO] [stdout]    |          ^^^^^^^^^^ method not found in `Map<std::slice::Iter<'_, String>, [closure@src/day6.rs:22:14: 22:57]>`
[INFO] [stdout] 
[INFO] [stdout] 
[INFO] [stdout] error[E0599]: no method named `fold_first` found for struct `std::vec::IntoIter` in the current scope
[INFO] [stdout]   --> src/day13.rs:36:34
[INFO] [stdout]    |
[INFO] [stdout] 36 |     let result = ids.into_iter().fold_first(satisfy).unwrap();
[INFO] [stdout]    |                                  ^^^^^^^^^^ method not found in `std::vec::IntoIter<(usize, usize)>`
[INFO] [stdout] 
[INFO] [stdout] 
[INFO] [stdout] error: aborting due to 3 previous errors
[INFO] [stdout] 
[INFO] [stdout] 
[INFO] [stdout] Some errors have detailed explanations: E0554, E0599.
[INFO] [stdout] 
[INFO] [stdout] For more information about an error, try `rustc --explain E0554`.
[INFO] [stdout] 
[INFO] [stdout] error[E0599]: no method named `fold_first` found for struct `Map` in the current scope
[INFO] [stdout]   --> src/day6.rs:23:10
[INFO] [stdout]    |
[INFO] [stdout] 23 |         .fold_first(|acc, h| -> HashSet<char> { HashSet::from_iter(f(&acc, &h).cloned()) })
[INFO] [stdout]    |          ^^^^^^^^^^ method not found in `Map<std::slice::Iter<'_, String>, [closure@src/day6.rs:22:14: 22:57]>`
[INFO] [stdout] 
[INFO] [stdout] 
[INFO] [stderr] error: could not compile `advent_of_code` due to 4 previous errors
[INFO] [stderr] warning: build failed, waiting for other jobs to finish...
[INFO] [stdout] error: aborting due to 3 previous errors
[INFO] [stdout] 
[INFO] [stdout] 
[INFO] [stdout] Some errors have detailed explanations: E0554, E0599.
[INFO] [stdout] 
[INFO] [stdout] For more information about an error, try `rustc --explain E0554`.
[INFO] [stdout] 
[INFO] [stderr] error: build failed
[INFO] running `Command { std: "docker" "inspect" "39cf38c8807a33999c93cd0a759528aea5bada2f4d8f5bad5d8d0e0ab521f6ad", kill_on_drop: false }`
[INFO] running `Command { std: "docker" "rm" "-f" "39cf38c8807a33999c93cd0a759528aea5bada2f4d8f5bad5d8d0e0ab521f6ad", kill_on_drop: false }`
[INFO] [stdout] 39cf38c8807a33999c93cd0a759528aea5bada2f4d8f5bad5d8d0e0ab521f6ad
