[INFO] cloning repository https://github.com/jaredlee/advent-of-code-2019
[INFO] running `Command { std: "git" "-c" "credential.helper=" "-c" "credential.helper=/workspace/cargo-home/bin/git-credential-null" "clone" "--bare" "https://github.com/jaredlee/advent-of-code-2019" "/workspace/cache/git-repos/https%3A%2F%2Fgithub.com%2Fjaredlee%2Fadvent-of-code-2019", kill_on_drop: false }`
[INFO] [stderr] Cloning into bare repository '/workspace/cache/git-repos/https%3A%2F%2Fgithub.com%2Fjaredlee%2Fadvent-of-code-2019'...
[INFO] running `Command { std: "git" "rev-parse" "HEAD", kill_on_drop: false }`
[INFO] [stdout] 21df94e32798e2302d746ae3784c8427378383b6
[INFO] checking jaredlee/advent-of-code-2019 against 1.55.0 for beta-1.56-3
[INFO] running `Command { std: "git" "clone" "/workspace/cache/git-repos/https%3A%2F%2Fgithub.com%2Fjaredlee%2Fadvent-of-code-2019" "/workspace/builds/worker-13/source", kill_on_drop: false }`
[INFO] [stderr] Cloning into '/workspace/builds/worker-13/source'...
[INFO] [stderr] done.
[INFO] validating manifest of git repo https://github.com/jaredlee/advent-of-code-2019 on toolchain 1.55.0
[INFO] running `Command { std: "/workspace/cargo-home/bin/cargo" "+1.55.0" "metadata" "--manifest-path" "Cargo.toml" "--no-deps", kill_on_drop: false }`
[INFO] started tweaking git repo https://github.com/jaredlee/advent-of-code-2019
[INFO] finished tweaking git repo https://github.com/jaredlee/advent-of-code-2019
[INFO] tweaked toml for git repo https://github.com/jaredlee/advent-of-code-2019 written to /workspace/builds/worker-13/source/Cargo.toml
[INFO] crate git repo https://github.com/jaredlee/advent-of-code-2019 already has a lockfile, it will not be regenerated
[INFO] running `Command { std: "/workspace/cargo-home/bin/cargo" "+1.55.0" "fetch" "--manifest-path" "Cargo.toml", kill_on_drop: false }`
[INFO] [stderr]     Blocking waiting for file lock on package cache
[INFO] [stderr]     Blocking waiting for file lock on package cache
[INFO] running `Command { std: "docker" "create" "-v" "/var/lib/crater-agent-workspace/builds/worker-13/target:/opt/rustwide/target:rw,Z" "-v" "/var/lib/crater-agent-workspace/builds/worker-13/source:/opt/rustwide/workdir:ro,Z" "-v" "/var/lib/crater-agent-workspace/cargo-home:/opt/rustwide/cargo-home:ro,Z" "-v" "/var/lib/crater-agent-workspace/rustup-home:/opt/rustwide/rustup-home:ro,Z" "-e" "SOURCE_DIR=/opt/rustwide/workdir" "-e" "CARGO_TARGET_DIR=/opt/rustwide/target" "-e" "CARGO_HOME=/opt/rustwide/cargo-home" "-e" "RUSTUP_HOME=/opt/rustwide/rustup-home" "-w" "/opt/rustwide/workdir" "-m" "1610612736" "--user" "0:0" "--network" "none" "ghcr.io/rust-lang/crates-build-env/linux@sha256:a89201d6b5b9fd45c15d5952ece0a0129e7e80cb26ec023fd59cf09bc26f1604" "/opt/rustwide/cargo-home/bin/cargo" "+1.55.0" "metadata" "--no-deps" "--format-version=1", kill_on_drop: false }`
[INFO] [stdout] b3d26dd131ad4bed7f78c8e934856c9e9c3d633a3bd97a9ac206dfc948541b98
[INFO] running `Command { std: "docker" "start" "-a" "b3d26dd131ad4bed7f78c8e934856c9e9c3d633a3bd97a9ac206dfc948541b98", kill_on_drop: false }`
[INFO] running `Command { std: "docker" "inspect" "b3d26dd131ad4bed7f78c8e934856c9e9c3d633a3bd97a9ac206dfc948541b98", kill_on_drop: false }`
[INFO] running `Command { std: "docker" "rm" "-f" "b3d26dd131ad4bed7f78c8e934856c9e9c3d633a3bd97a9ac206dfc948541b98", kill_on_drop: false }`
[INFO] [stdout] b3d26dd131ad4bed7f78c8e934856c9e9c3d633a3bd97a9ac206dfc948541b98
[INFO] running `Command { std: "docker" "create" "-v" "/var/lib/crater-agent-workspace/builds/worker-13/target:/opt/rustwide/target:rw,Z" "-v" "/var/lib/crater-agent-workspace/builds/worker-13/source:/opt/rustwide/workdir:ro,Z" "-v" "/var/lib/crater-agent-workspace/cargo-home:/opt/rustwide/cargo-home:ro,Z" "-v" "/var/lib/crater-agent-workspace/rustup-home:/opt/rustwide/rustup-home:ro,Z" "-e" "SOURCE_DIR=/opt/rustwide/workdir" "-e" "CARGO_TARGET_DIR=/opt/rustwide/target" "-e" "CARGO_INCREMENTAL=0" "-e" "RUST_BACKTRACE=full" "-e" "RUSTFLAGS=--cap-lints=warn" "-e" "CARGO_HOME=/opt/rustwide/cargo-home" "-e" "RUSTUP_HOME=/opt/rustwide/rustup-home" "-w" "/opt/rustwide/workdir" "-m" "1610612736" "--user" "0:0" "--network" "none" "ghcr.io/rust-lang/crates-build-env/linux@sha256:a89201d6b5b9fd45c15d5952ece0a0129e7e80cb26ec023fd59cf09bc26f1604" "/opt/rustwide/cargo-home/bin/cargo" "+1.55.0" "check" "--frozen" "--all" "--all-targets" "--message-format=json", kill_on_drop: false }`
[INFO] [stdout] a0cb3a0b756b56672b7cc4cae9f5ae0c54e7a229222a5117339fe043e29da5ae
[INFO] running `Command { std: "docker" "start" "-a" "a0cb3a0b756b56672b7cc4cae9f5ae0c54e7a229222a5117339fe043e29da5ae", kill_on_drop: false }`
[INFO] [stderr]     Checking advent-of-code-2019 v0.1.0 (/opt/rustwide/workdir)
[INFO] [stdout] error[E0061]: this function takes 1 argument but 2 arguments were supplied
[INFO] [stdout]    --> src/main.rs:9:35
[INFO] [stdout]     |
[INFO] [stdout] 9   |     println!("Day 02 Part 1: {}", day02::solve_part_one("src/day02/input.txt", &[(1, 12), (2, 2)]));
[INFO] [stdout]     |                                   ^^^^^^^^^^^^^^^^^^^^^ ---------------------  ------------------ supplied 2 arguments
[INFO] [stdout]     |                                   |
[INFO] [stdout]     |                                   expected 1 argument
[INFO] [stdout]     |
[INFO] [stdout] note: function defined here
[INFO] [stdout]    --> src/day02/mod.rs:182:8
[INFO] [stdout]     |
[INFO] [stdout] 182 | pub fn solve_part_one(file: &str) -> i64
[INFO] [stdout]     |        ^^^^^^^^^^^^^^ ----------
[INFO] [stdout] 
[INFO] [stdout] 
[INFO] [stdout] error[E0061]: this function takes 1 argument but 2 arguments were supplied
[INFO] [stdout]    --> src/main.rs:9:35
[INFO] [stdout]     |
[INFO] [stdout] 9   |     println!("Day 02 Part 1: {}", day02::solve_part_one("src/day02/input.txt", &[(1, 12), (2, 2)]));
[INFO] [stdout]     |                                   ^^^^^^^^^^^^^^^^^^^^^ ---------------------  ------------------ supplied 2 arguments
[INFO] [stdout]     |                                   |
[INFO] [stdout]     |                                   expected 1 argument
[INFO] [stdout]     |
[INFO] [stdout] note: function defined here
[INFO] [stdout]    --> src/day02/mod.rs:182:8
[INFO] [stdout]     |
[INFO] [stdout] 182 | pub fn solve_part_one(file: &str) -> i64
[INFO] [stdout]     |        ^^^^^^^^^^^^^^ ----------
[INFO] [stdout] 
[INFO] [stdout] 
[INFO] [stdout] error[E0061]: this function takes 1 argument but 2 arguments were supplied
[INFO] [stdout]    --> src/main.rs:28:20
[INFO] [stdout]     |
[INFO] [stdout] 28  |         assert_eq!(solve_part_one("src/day02/input.txt", &[(1, 12), (2, 2)]), 7594646);
[INFO] [stdout]     |                    ^^^^^^^^^^^^^^ ---------------------  ------------------ supplied 2 arguments
[INFO] [stdout]     |                    |
[INFO] [stdout]     |                    expected 1 argument
[INFO] [stdout]     |
[INFO] [stdout] note: function defined here
[INFO] [stdout]    --> src/day02/mod.rs:182:8
[INFO] [stdout]     |
[INFO] [stdout] 182 | pub fn solve_part_one(file: &str) -> i64
[INFO] [stdout]     |        ^^^^^^^^^^^^^^ ----------
[INFO] [stdout] 
[INFO] [stdout] 
[INFO] [stdout] error: aborting due to previous error
[INFO] [stdout] 
[INFO] [stdout] 
[INFO] [stdout] For more information about this error, try `rustc --explain E0061`.
[INFO] [stdout] 
[INFO] [stderr] error: could not compile `advent-of-code-2019` due to 2 previous errors
[INFO] [stdout] error: aborting due to 2 previous errors
[INFO] [stdout] 
[INFO] [stdout] 
[INFO] [stderr] warning: build failed, waiting for other jobs to finish...
[INFO] [stdout] For more information about this error, try `rustc --explain E0061`.
[INFO] [stdout] 
[INFO] [stderr] error: build failed
[INFO] running `Command { std: "docker" "inspect" "a0cb3a0b756b56672b7cc4cae9f5ae0c54e7a229222a5117339fe043e29da5ae", kill_on_drop: false }`
[INFO] running `Command { std: "docker" "rm" "-f" "a0cb3a0b756b56672b7cc4cae9f5ae0c54e7a229222a5117339fe043e29da5ae", kill_on_drop: false }`
[INFO] [stdout] a0cb3a0b756b56672b7cc4cae9f5ae0c54e7a229222a5117339fe043e29da5ae
