[INFO] cloning repository https://github.com/jangjunha/elementary-logic-parser
[INFO] running `Command { std: "git" "-c" "credential.helper=" "-c" "credential.helper=/workspace/cargo-home/bin/git-credential-null" "clone" "--bare" "https://github.com/jangjunha/elementary-logic-parser" "/workspace/cache/git-repos/https%3A%2F%2Fgithub.com%2Fjangjunha%2Felementary-logic-parser", kill_on_drop: false }`
[INFO] [stderr] Cloning into bare repository '/workspace/cache/git-repos/https%3A%2F%2Fgithub.com%2Fjangjunha%2Felementary-logic-parser'...
[INFO] running `Command { std: "git" "rev-parse" "HEAD", kill_on_drop: false }`
[INFO] [stdout] ffb5fc963e24504d2de952ee822115f041c385a7
[INFO] checking jangjunha/elementary-logic-parser against 1.55.0 for beta-1.56-3
[INFO] running `Command { std: "git" "clone" "/workspace/cache/git-repos/https%3A%2F%2Fgithub.com%2Fjangjunha%2Felementary-logic-parser" "/workspace/builds/worker-89/source", kill_on_drop: false }`
[INFO] [stderr] Cloning into '/workspace/builds/worker-89/source'...
[INFO] [stderr] done.
[INFO] validating manifest of git repo https://github.com/jangjunha/elementary-logic-parser on toolchain 1.55.0
[INFO] running `Command { std: "/workspace/cargo-home/bin/cargo" "+1.55.0" "metadata" "--manifest-path" "Cargo.toml" "--no-deps", kill_on_drop: false }`
[INFO] started tweaking git repo https://github.com/jangjunha/elementary-logic-parser
[INFO] finished tweaking git repo https://github.com/jangjunha/elementary-logic-parser
[INFO] tweaked toml for git repo https://github.com/jangjunha/elementary-logic-parser written to /workspace/builds/worker-89/source/Cargo.toml
[INFO] crate git repo https://github.com/jangjunha/elementary-logic-parser already has a lockfile, it will not be regenerated
[INFO] running `Command { std: "/workspace/cargo-home/bin/cargo" "+1.55.0" "fetch" "--manifest-path" "Cargo.toml", kill_on_drop: false }`
[INFO] [stderr]     Blocking waiting for file lock on package cache
[INFO] [stderr]     Blocking waiting for file lock on package cache
[INFO] running `Command { std: "docker" "create" "-v" "/var/lib/crater-agent-workspace/builds/worker-89/target:/opt/rustwide/target:rw,Z" "-v" "/var/lib/crater-agent-workspace/builds/worker-89/source:/opt/rustwide/workdir:ro,Z" "-v" "/var/lib/crater-agent-workspace/cargo-home:/opt/rustwide/cargo-home:ro,Z" "-v" "/var/lib/crater-agent-workspace/rustup-home:/opt/rustwide/rustup-home:ro,Z" "-e" "SOURCE_DIR=/opt/rustwide/workdir" "-e" "CARGO_TARGET_DIR=/opt/rustwide/target" "-e" "CARGO_HOME=/opt/rustwide/cargo-home" "-e" "RUSTUP_HOME=/opt/rustwide/rustup-home" "-w" "/opt/rustwide/workdir" "-m" "1610612736" "--user" "0:0" "--network" "none" "ghcr.io/rust-lang/crates-build-env/linux@sha256:a89201d6b5b9fd45c15d5952ece0a0129e7e80cb26ec023fd59cf09bc26f1604" "/opt/rustwide/cargo-home/bin/cargo" "+1.55.0" "metadata" "--no-deps" "--format-version=1", kill_on_drop: false }`
[INFO] [stdout] 923b17f161d0948823020c1e66084376483aa49cfc897a940e669a8511827df6
[INFO] running `Command { std: "docker" "start" "-a" "923b17f161d0948823020c1e66084376483aa49cfc897a940e669a8511827df6", kill_on_drop: false }`
[INFO] running `Command { std: "docker" "inspect" "923b17f161d0948823020c1e66084376483aa49cfc897a940e669a8511827df6", kill_on_drop: false }`
[INFO] running `Command { std: "docker" "rm" "-f" "923b17f161d0948823020c1e66084376483aa49cfc897a940e669a8511827df6", kill_on_drop: false }`
[INFO] [stdout] 923b17f161d0948823020c1e66084376483aa49cfc897a940e669a8511827df6
[INFO] running `Command { std: "docker" "create" "-v" "/var/lib/crater-agent-workspace/builds/worker-89/target:/opt/rustwide/target:rw,Z" "-v" "/var/lib/crater-agent-workspace/builds/worker-89/source:/opt/rustwide/workdir:ro,Z" "-v" "/var/lib/crater-agent-workspace/cargo-home:/opt/rustwide/cargo-home:ro,Z" "-v" "/var/lib/crater-agent-workspace/rustup-home:/opt/rustwide/rustup-home:ro,Z" "-e" "SOURCE_DIR=/opt/rustwide/workdir" "-e" "CARGO_TARGET_DIR=/opt/rustwide/target" "-e" "CARGO_INCREMENTAL=0" "-e" "RUST_BACKTRACE=full" "-e" "RUSTFLAGS=--cap-lints=warn" "-e" "CARGO_HOME=/opt/rustwide/cargo-home" "-e" "RUSTUP_HOME=/opt/rustwide/rustup-home" "-w" "/opt/rustwide/workdir" "-m" "1610612736" "--user" "0:0" "--network" "none" "ghcr.io/rust-lang/crates-build-env/linux@sha256:a89201d6b5b9fd45c15d5952ece0a0129e7e80cb26ec023fd59cf09bc26f1604" "/opt/rustwide/cargo-home/bin/cargo" "+1.55.0" "check" "--frozen" "--all" "--all-targets" "--message-format=json", kill_on_drop: false }`
[INFO] [stdout] 511fe48b8f03daab832238e835fe731c7952edb264772b96c489dfd2b8c23386
[INFO] running `Command { std: "docker" "start" "-a" "511fe48b8f03daab832238e835fe731c7952edb264772b96c489dfd2b8c23386", kill_on_drop: false }`
[INFO] [stderr]     Blocking waiting for file lock on package cache
[INFO] [stderr]    Compiling syn v1.0.72
[INFO] [stderr]    Compiling log v0.4.14
[INFO] [stderr]    Compiling wasm-bindgen-shared v0.2.74
[INFO] [stderr]    Compiling bumpalo v3.6.1
[INFO] [stderr]    Compiling wasm-bindgen v0.2.74
[INFO] [stderr]    Compiling radium v0.5.3
[INFO] [stderr]    Compiling anyhow v1.0.40
[INFO] [stderr]     Checking linked-hash-map v0.5.4
[INFO] [stderr]    Compiling lexical-core v0.7.6
[INFO] [stderr]    Compiling memchr v2.4.0
[INFO] [stderr]     Checking dtoa v0.4.8
[INFO] [stderr]     Checking static_assertions v1.1.0
[INFO] [stderr]     Checking wyz v0.2.0
[INFO] [stderr]     Checking arrayvec v0.5.2
[INFO] [stderr]     Checking funty v1.1.0
[INFO] [stderr]    Compiling boolinator v2.4.0
[INFO] [stderr]     Checking tap v1.0.1
[INFO] [stderr]    Compiling yew v0.18.0
[INFO] [stderr]     Checking cfg-match v0.2.1
[INFO] [stderr]     Checking anymap v0.12.1
[INFO] [stderr]    Compiling proc-macro2 v1.0.27
[INFO] [stderr]    Compiling serde_derive v1.0.126
[INFO] [stderr]    Compiling serde v1.0.126
[INFO] [stderr]    Compiling ryu v1.0.5
[INFO] [stderr]    Compiling nom v6.1.2
[INFO] [stderr]     Checking http v0.2.4
[INFO] [stderr]    Compiling indexmap v1.6.2
[INFO] [stderr]     Checking yaml-rust v0.4.5
[INFO] [stderr]    Compiling quote v1.0.9
[INFO] [stderr]     Checking bitvec v0.19.5
[INFO] [stderr]    Compiling wasm-bindgen-backend v0.2.74
[INFO] [stderr]    Compiling wasm-bindgen-macro-support v0.2.74
[INFO] [stderr]    Compiling thiserror-impl v1.0.25
[INFO] [stderr]    Compiling yew-macro v0.18.0
[INFO] [stderr]    Compiling wasm-bindgen-macro v0.2.74
[INFO] [stderr]     Checking thiserror v1.0.25
[INFO] [stderr]     Checking js-sys v0.3.51
[INFO] [stderr]     Checking console_error_panic_hook v0.1.6
[INFO] [stderr]     Checking web-sys v0.3.51
[INFO] [stderr]     Checking wasm-bindgen-futures v0.4.24
[INFO] [stderr]     Checking serde_yaml v0.8.17
[INFO] [stderr]     Checking serde_json v1.0.64
[INFO] [stderr]     Checking bincode v1.3.3
[INFO] [stderr]     Checking gloo-events v0.1.1
[INFO] [stderr]     Checking gloo-timers v0.2.1
[INFO] [stderr]     Checking gloo-console-timer v0.1.0
[INFO] [stderr]     Checking gloo-file v0.1.0
[INFO] [stderr]     Checking gloo v0.2.1
[INFO] [stderr]     Checking elementary-logic-parser v0.1.0 (/opt/rustwide/workdir)
[INFO] [stdout] error[E0583]: file not found for module `menu`
[INFO] [stdout]  --> src/component/derivation/component/mod.rs:1:1
[INFO] [stdout]   |
[INFO] [stdout] 1 | mod menu;
[INFO] [stdout]   | ^^^^^^^^^
[INFO] [stdout]   |
[INFO] [stdout]   = help: to create the module `menu`, create file "src/component/derivation/component/menu.rs" or "src/component/derivation/component/menu/mod.rs"
[INFO] [stdout] 
[INFO] [stdout] 
[INFO] [stdout] error[E0583]: file not found for module `menu`
[INFO] [stdout]  --> src/component/derivation/component/mod.rs:1:1
[INFO] [stdout]   |
[INFO] [stdout] 1 | mod menu;
[INFO] [stdout]   | ^^^^^^^^^
[INFO] [stdout]   |
[INFO] [stdout]   = help: to create the module `menu`, create file "src/component/derivation/component/menu.rs" or "src/component/derivation/component/menu/mod.rs"
[INFO] [stdout] 
[INFO] [stdout] 
[INFO] [stdout] error[E0432]: unresolved import `super::menu::Menu`
[INFO] [stdout]   --> src/component/derivation/component/table.rs:13:5
[INFO] [stdout]    |
[INFO] [stdout] 13 | use super::menu::Menu;
[INFO] [stdout]    |     ^^^^^^^^^^^^^^^^^ no `Menu` in `component::derivation::component::menu`
[INFO] [stdout] 
[INFO] [stdout] 
[INFO] [stdout] error[E0432]: unresolved import `super::menu::Menu`
[INFO] [stdout]   --> src/component/derivation/component/table.rs:13:5
[INFO] [stdout]    |
[INFO] [stdout] 13 | use super::menu::Menu;
[INFO] [stdout]    |     ^^^^^^^^^^^^^^^^^ no `Menu` in `component::derivation::component::menu`
[INFO] [stdout] 
[INFO] [stdout] 
[INFO] [stdout] error: aborting due to 2 previous errors
[INFO] [stdout] 
[INFO] [stdout] 
[INFO] [stdout] Some errors have detailed explanations: E0432, E0583.
[INFO] [stdout] 
[INFO] [stdout] For more information about an error, try `rustc --explain E0432`.
[INFO] [stdout] 
[INFO] [stderr] error: could not compile `elementary-logic-parser` due to 3 previous errors
[INFO] [stderr] warning: build failed, waiting for other jobs to finish...
[INFO] [stdout] error: aborting due to 2 previous errors
[INFO] [stdout] 
[INFO] [stdout] 
[INFO] [stdout] Some errors have detailed explanations: E0432, E0583.
[INFO] [stdout] 
[INFO] [stdout] For more information about an error, try `rustc --explain E0432`.
[INFO] [stdout] 
[INFO] [stderr] error: build failed
[INFO] running `Command { std: "docker" "inspect" "511fe48b8f03daab832238e835fe731c7952edb264772b96c489dfd2b8c23386", kill_on_drop: false }`
[INFO] running `Command { std: "docker" "rm" "-f" "511fe48b8f03daab832238e835fe731c7952edb264772b96c489dfd2b8c23386", kill_on_drop: false }`
[INFO] [stdout] 511fe48b8f03daab832238e835fe731c7952edb264772b96c489dfd2b8c23386
