[INFO] cloning repository https://github.com/jamesmunns/deser_n
[INFO] running `Command { std: "git" "-c" "credential.helper=" "-c" "credential.helper=/workspace/cargo-home/bin/git-credential-null" "clone" "--bare" "https://github.com/jamesmunns/deser_n" "/workspace/cache/git-repos/https%3A%2F%2Fgithub.com%2Fjamesmunns%2Fdeser_n", kill_on_drop: false }`
[INFO] [stderr] Cloning into bare repository '/workspace/cache/git-repos/https%3A%2F%2Fgithub.com%2Fjamesmunns%2Fdeser_n'...
[INFO] running `Command { std: "git" "rev-parse" "HEAD", kill_on_drop: false }`
[INFO] [stdout] 3a79f2b4a0c6a26dd44a802f2c5f69b78dc04c62
[INFO] checking jamesmunns/deser_n against 1.55.0 for beta-1.56-3
[INFO] running `Command { std: "git" "clone" "/workspace/cache/git-repos/https%3A%2F%2Fgithub.com%2Fjamesmunns%2Fdeser_n" "/workspace/builds/worker-12/source", kill_on_drop: false }`
[INFO] [stderr] Cloning into '/workspace/builds/worker-12/source'...
[INFO] [stderr] done.
[INFO] validating manifest of git repo https://github.com/jamesmunns/deser_n on toolchain 1.55.0
[INFO] running `Command { std: "/workspace/cargo-home/bin/cargo" "+1.55.0" "metadata" "--manifest-path" "Cargo.toml" "--no-deps", kill_on_drop: false }`
[INFO] started tweaking git repo https://github.com/jamesmunns/deser_n
[INFO] finished tweaking git repo https://github.com/jamesmunns/deser_n
[INFO] tweaked toml for git repo https://github.com/jamesmunns/deser_n written to /workspace/builds/worker-12/source/Cargo.toml
[INFO] crate git repo https://github.com/jamesmunns/deser_n already has a lockfile, it will not be regenerated
[INFO] running `Command { std: "/workspace/cargo-home/bin/cargo" "+1.55.0" "fetch" "--manifest-path" "Cargo.toml", kill_on_drop: false }`
[INFO] [stderr]     Blocking waiting for file lock on package cache
[INFO] [stderr]     Blocking waiting for file lock on package cache
[INFO] running `Command { std: "docker" "create" "-v" "/var/lib/crater-agent-workspace/builds/worker-12/target:/opt/rustwide/target:rw,Z" "-v" "/var/lib/crater-agent-workspace/builds/worker-12/source:/opt/rustwide/workdir:ro,Z" "-v" "/var/lib/crater-agent-workspace/cargo-home:/opt/rustwide/cargo-home:ro,Z" "-v" "/var/lib/crater-agent-workspace/rustup-home:/opt/rustwide/rustup-home:ro,Z" "-e" "SOURCE_DIR=/opt/rustwide/workdir" "-e" "CARGO_TARGET_DIR=/opt/rustwide/target" "-e" "CARGO_HOME=/opt/rustwide/cargo-home" "-e" "RUSTUP_HOME=/opt/rustwide/rustup-home" "-w" "/opt/rustwide/workdir" "-m" "1610612736" "--user" "0:0" "--network" "none" "ghcr.io/rust-lang/crates-build-env/linux@sha256:a89201d6b5b9fd45c15d5952ece0a0129e7e80cb26ec023fd59cf09bc26f1604" "/opt/rustwide/cargo-home/bin/cargo" "+1.55.0" "metadata" "--no-deps" "--format-version=1", kill_on_drop: false }`
[INFO] [stdout] aa93f2d5b8f96c6b3c430c36b48dab0a58103c0579df2450ed7a737bb1286af7
[INFO] running `Command { std: "docker" "start" "-a" "aa93f2d5b8f96c6b3c430c36b48dab0a58103c0579df2450ed7a737bb1286af7", kill_on_drop: false }`
[INFO] running `Command { std: "docker" "inspect" "aa93f2d5b8f96c6b3c430c36b48dab0a58103c0579df2450ed7a737bb1286af7", kill_on_drop: false }`
[INFO] running `Command { std: "docker" "rm" "-f" "aa93f2d5b8f96c6b3c430c36b48dab0a58103c0579df2450ed7a737bb1286af7", kill_on_drop: false }`
[INFO] [stdout] aa93f2d5b8f96c6b3c430c36b48dab0a58103c0579df2450ed7a737bb1286af7
[INFO] running `Command { std: "docker" "create" "-v" "/var/lib/crater-agent-workspace/builds/worker-12/target:/opt/rustwide/target:rw,Z" "-v" "/var/lib/crater-agent-workspace/builds/worker-12/source:/opt/rustwide/workdir:ro,Z" "-v" "/var/lib/crater-agent-workspace/cargo-home:/opt/rustwide/cargo-home:ro,Z" "-v" "/var/lib/crater-agent-workspace/rustup-home:/opt/rustwide/rustup-home:ro,Z" "-e" "SOURCE_DIR=/opt/rustwide/workdir" "-e" "CARGO_TARGET_DIR=/opt/rustwide/target" "-e" "CARGO_INCREMENTAL=0" "-e" "RUST_BACKTRACE=full" "-e" "RUSTFLAGS=--cap-lints=warn" "-e" "CARGO_HOME=/opt/rustwide/cargo-home" "-e" "RUSTUP_HOME=/opt/rustwide/rustup-home" "-w" "/opt/rustwide/workdir" "-m" "1610612736" "--user" "0:0" "--network" "none" "ghcr.io/rust-lang/crates-build-env/linux@sha256:a89201d6b5b9fd45c15d5952ece0a0129e7e80cb26ec023fd59cf09bc26f1604" "/opt/rustwide/cargo-home/bin/cargo" "+1.55.0" "check" "--frozen" "--all" "--all-targets" "--message-format=json", kill_on_drop: false }`
[INFO] [stdout] ce39e2fe13b98c5c9a7202a787b38e16f5016401f52859abe4acde1c97ad2b34
[INFO] running `Command { std: "docker" "start" "-a" "ce39e2fe13b98c5c9a7202a787b38e16f5016401f52859abe4acde1c97ad2b34", kill_on_drop: false }`
[INFO] [stderr]     Blocking waiting for file lock on package cache
[INFO] [stderr]     Checking deser_n v0.1.0 (/opt/rustwide/workdir)
[INFO] [stdout] error[E0599]: no method named `len` found for type parameter `T` in the current scope
[INFO] [stdout]   --> src/main.rs:62:43
[INFO] [stdout]    |
[INFO] [stdout] 62 |             if b as usize <= self.rawdata.len() {
[INFO] [stdout]    |                                           ^^^ method not found in `T`
[INFO] [stdout]    |
[INFO] [stdout]    = help: items from traits can only be used if the type parameter is bounded by the trait
[INFO] [stdout] help: the following trait defines an item `len`, perhaps you need to restrict type parameter `T` with it:
[INFO] [stdout]    |
[INFO] [stdout] 57 | impl<T: ExactSizeIterator> Field<T> {
[INFO] [stdout]    |      ^^^^^^^^^^^^^^^^^^^^
[INFO] [stdout] 
[INFO] [stdout] 
[INFO] [stdout] error[E0608]: cannot index into a value of type `T`
[INFO] [stdout]   --> src/main.rs:71:9
[INFO] [stdout]    |
[INFO] [stdout] 71 |         self.rawdata[self.cursize as usize] = b;
[INFO] [stdout]    |         ^^^^^^^^^^^^^^^^^^^^^^^^^^^^^^^^^^^
[INFO] [stdout] 
[INFO] [stdout] 
[INFO] [stdout] error: aborting due to 2 previous errors
[INFO] [stdout] 
[INFO] [stdout] 
[INFO] [stdout] Some errors have detailed explanations: E0599, E0608.
[INFO] [stdout] 
[INFO] [stdout] For more information about an error, try `rustc --explain E0599`.
[INFO] [stdout] 
[INFO] [stderr] error: could not compile `deser_n` due to 3 previous errors
[INFO] [stdout] error[E0599]: no method named `len` found for type parameter `T` in the current scope
[INFO] [stdout]   --> src/main.rs:62:43
[INFO] [stdout]    |
[INFO] [stdout] 62 |             if b as usize <= self.rawdata.len() {
[INFO] [stdout]    |                                           ^^^ method not found in `T`
[INFO] [stdout]    |
[INFO] [stdout]    = help: items from traits can only be used if the type parameter is bounded by the trait
[INFO] [stdout] help: the following trait defines an item `len`, perhaps you need to restrict type parameter `T` with it:
[INFO] [stdout]    |
[INFO] [stdout] 57 | impl<T: ExactSizeIterator> Field<T> {
[INFO] [stdout]    |      ^^^^^^^^^^^^^^^^^^^^
[INFO] [stdout] 
[INFO] [stdout] 
[INFO] [stderr] warning: build failed, waiting for other jobs to finish...
[INFO] [stdout] error[E0608]: cannot index into a value of type `T`
[INFO] [stdout]   --> src/main.rs:71:9
[INFO] [stdout]    |
[INFO] [stdout] 71 |         self.rawdata[self.cursize as usize] = b;
[INFO] [stdout]    |         ^^^^^^^^^^^^^^^^^^^^^^^^^^^^^^^^^^^
[INFO] [stdout] 
[INFO] [stdout] 
[INFO] [stdout] error: aborting due to 2 previous errors
[INFO] [stdout] 
[INFO] [stdout] 
[INFO] [stdout] Some errors have detailed explanations: E0599, E0608.
[INFO] [stdout] 
[INFO] [stdout] For more information about an error, try `rustc --explain E0599`.
[INFO] [stdout] 
[INFO] [stderr] error: build failed
[INFO] running `Command { std: "docker" "inspect" "ce39e2fe13b98c5c9a7202a787b38e16f5016401f52859abe4acde1c97ad2b34", kill_on_drop: false }`
[INFO] running `Command { std: "docker" "rm" "-f" "ce39e2fe13b98c5c9a7202a787b38e16f5016401f52859abe4acde1c97ad2b34", kill_on_drop: false }`
[INFO] [stdout] ce39e2fe13b98c5c9a7202a787b38e16f5016401f52859abe4acde1c97ad2b34
