[INFO] cloning repository https://github.com/jakobdalsgaard/simple-tower-mysql-service
[INFO] running `Command { std: "git" "-c" "credential.helper=" "-c" "credential.helper=/workspace/cargo-home/bin/git-credential-null" "clone" "--bare" "https://github.com/jakobdalsgaard/simple-tower-mysql-service" "/workspace/cache/git-repos/https%3A%2F%2Fgithub.com%2Fjakobdalsgaard%2Fsimple-tower-mysql-service", kill_on_drop: false }`
[INFO] [stderr] Cloning into bare repository '/workspace/cache/git-repos/https%3A%2F%2Fgithub.com%2Fjakobdalsgaard%2Fsimple-tower-mysql-service'...
[INFO] running `Command { std: "git" "rev-parse" "HEAD", kill_on_drop: false }`
[INFO] [stdout] 6c40b35f4bf966023a49532b50d9f22e6949baf5
[INFO] checking jakobdalsgaard/simple-tower-mysql-service against beta-2021-10-15 for beta-1.56-3
[INFO] running `Command { std: "git" "clone" "/workspace/cache/git-repos/https%3A%2F%2Fgithub.com%2Fjakobdalsgaard%2Fsimple-tower-mysql-service" "/workspace/builds/worker-49/source", kill_on_drop: false }`
[INFO] [stderr] Cloning into '/workspace/builds/worker-49/source'...
[INFO] [stderr] done.
[INFO] validating manifest of git repo https://github.com/jakobdalsgaard/simple-tower-mysql-service on toolchain beta-2021-10-15
[INFO] running `Command { std: "/workspace/cargo-home/bin/cargo" "+beta-2021-10-15" "metadata" "--manifest-path" "Cargo.toml" "--no-deps", kill_on_drop: false }`
[INFO] started tweaking git repo https://github.com/jakobdalsgaard/simple-tower-mysql-service
[INFO] finished tweaking git repo https://github.com/jakobdalsgaard/simple-tower-mysql-service
[INFO] tweaked toml for git repo https://github.com/jakobdalsgaard/simple-tower-mysql-service written to /workspace/builds/worker-49/source/Cargo.toml
[INFO] crate git repo https://github.com/jakobdalsgaard/simple-tower-mysql-service already has a lockfile, it will not be regenerated
[INFO] running `Command { std: "/workspace/cargo-home/bin/cargo" "+beta-2021-10-15" "fetch" "--manifest-path" "Cargo.toml", kill_on_drop: false }`
[INFO] [stderr]     Blocking waiting for file lock on package cache
[INFO] [stderr]     Blocking waiting for file lock on package cache
[INFO] running `Command { std: "docker" "create" "-v" "/var/lib/crater-agent-workspace/builds/worker-49/target:/opt/rustwide/target:rw,Z" "-v" "/var/lib/crater-agent-workspace/builds/worker-49/source:/opt/rustwide/workdir:ro,Z" "-v" "/var/lib/crater-agent-workspace/cargo-home:/opt/rustwide/cargo-home:ro,Z" "-v" "/var/lib/crater-agent-workspace/rustup-home:/opt/rustwide/rustup-home:ro,Z" "-e" "SOURCE_DIR=/opt/rustwide/workdir" "-e" "CARGO_TARGET_DIR=/opt/rustwide/target" "-e" "CARGO_HOME=/opt/rustwide/cargo-home" "-e" "RUSTUP_HOME=/opt/rustwide/rustup-home" "-w" "/opt/rustwide/workdir" "-m" "1610612736" "--user" "0:0" "--network" "none" "ghcr.io/rust-lang/crates-build-env/linux@sha256:a89201d6b5b9fd45c15d5952ece0a0129e7e80cb26ec023fd59cf09bc26f1604" "/opt/rustwide/cargo-home/bin/cargo" "+beta-2021-10-15" "metadata" "--no-deps" "--format-version=1", kill_on_drop: false }`
[INFO] [stdout] 3c09f4d29bb9913c6e335d5e846f079855792a12fd7031f96f1afa88fbde0f02
[INFO] running `Command { std: "docker" "start" "-a" "3c09f4d29bb9913c6e335d5e846f079855792a12fd7031f96f1afa88fbde0f02", kill_on_drop: false }`
[INFO] running `Command { std: "docker" "inspect" "3c09f4d29bb9913c6e335d5e846f079855792a12fd7031f96f1afa88fbde0f02", kill_on_drop: false }`
[INFO] running `Command { std: "docker" "rm" "-f" "3c09f4d29bb9913c6e335d5e846f079855792a12fd7031f96f1afa88fbde0f02", kill_on_drop: false }`
[INFO] [stdout] 3c09f4d29bb9913c6e335d5e846f079855792a12fd7031f96f1afa88fbde0f02
[INFO] running `Command { std: "docker" "create" "-v" "/var/lib/crater-agent-workspace/builds/worker-49/target:/opt/rustwide/target:rw,Z" "-v" "/var/lib/crater-agent-workspace/builds/worker-49/source:/opt/rustwide/workdir:ro,Z" "-v" "/var/lib/crater-agent-workspace/cargo-home:/opt/rustwide/cargo-home:ro,Z" "-v" "/var/lib/crater-agent-workspace/rustup-home:/opt/rustwide/rustup-home:ro,Z" "-e" "SOURCE_DIR=/opt/rustwide/workdir" "-e" "CARGO_TARGET_DIR=/opt/rustwide/target" "-e" "CARGO_INCREMENTAL=0" "-e" "RUST_BACKTRACE=full" "-e" "RUSTFLAGS=--cap-lints=warn" "-e" "CARGO_HOME=/opt/rustwide/cargo-home" "-e" "RUSTUP_HOME=/opt/rustwide/rustup-home" "-w" "/opt/rustwide/workdir" "-m" "1610612736" "--user" "0:0" "--network" "none" "ghcr.io/rust-lang/crates-build-env/linux@sha256:a89201d6b5b9fd45c15d5952ece0a0129e7e80cb26ec023fd59cf09bc26f1604" "/opt/rustwide/cargo-home/bin/cargo" "+beta-2021-10-15" "check" "--frozen" "--all" "--all-targets" "--message-format=json", kill_on_drop: false }`
[INFO] [stdout] b202e41f822803afa76e3535b5caa0879af2ef7ec838a86eb0fb6a4230d13329
[INFO] running `Command { std: "docker" "start" "-a" "b202e41f822803afa76e3535b5caa0879af2ef7ec838a86eb0fb6a4230d13329", kill_on_drop: false }`
[INFO] [stderr]     Checking libc v0.2.42
[INFO] [stderr]     Checking cfg-if v0.1.3
[INFO] [stderr]     Checking byteorder v1.2.3
[INFO] [stderr]     Checking futures v0.1.21
[INFO] [stderr]    Compiling cc v1.0.17
[INFO] [stderr]     Checking slab v0.4.0
[INFO] [stderr]     Checking lazy_static v1.0.1
[INFO] [stderr]    Compiling rustc-demangle v0.1.8
[INFO] [stderr]     Checking nodrop v0.1.12
[INFO] [stderr]    Compiling either v1.5.0
[INFO] [stderr]     Checking fnv v1.0.6
[INFO] [stderr]     Checking lazycell v0.6.0
[INFO] [stderr]     Checking memoffset v0.2.1
[INFO] [stderr]     Checking scopeguard v0.3.3
[INFO] [stderr]    Compiling num-traits v0.2.4
[INFO] [stderr]    Compiling quick-error v1.2.2
[INFO] [stderr]    Compiling fixedbitset v0.1.9
[INFO] [stderr]    Compiling serde v1.0.66
[INFO] [stderr]    Compiling num-integer v0.1.38
[INFO] [stderr]    Compiling termcolor v0.3.6
[INFO] [stderr]    Compiling prost-build v0.3.2
[INFO] [stderr]    Compiling remove_dir_all v0.5.1
[INFO] [stderr]    Compiling unicode-segmentation v1.2.1
[INFO] [stderr]    Compiling indexmap v1.0.1
[INFO] [stderr]    Compiling multimap v0.4.0
[INFO] [stderr]     Checking matches v0.1.6
[INFO] [stderr]     Checking string v0.1.0
[INFO] [stderr]     Checking dtoa v0.4.2
[INFO] [stderr]     Checking unicode-normalization v0.1.7
[INFO] [stderr]     Checking itoa v0.4.1
[INFO] [stderr]     Checking sha1 v0.2.0
[INFO] [stderr]     Checking percent-encoding v1.0.1
[INFO] [stderr]     Checking smallvec v0.4.4
[INFO] [stderr]     Checking uuid v0.5.1
[INFO] [stderr]     Checking bitflags v1.0.3
[INFO] [stderr]     Checking scoped-tls v0.1.2
[INFO] [stderr]    Compiling proc-macro2 v0.2.3
[INFO] [stderr]     Checking humantime v1.1.1
[INFO] [stderr]    Compiling synstructure v0.6.1
[INFO] [stderr]     Checking log v0.4.2
[INFO] [stderr]     Checking crossbeam-utils v0.3.2
[INFO] [stderr]    Compiling itertools v0.7.8
[INFO] [stderr]     Checking unicode-bidi v0.3.4
[INFO] [stderr]     Checking tokio-executor v0.1.2
[INFO] [stderr]     Checking tower-service v0.1.0 (https://github.com/tower-rs/tower#20fb04e3)
[INFO] [stderr]    Compiling petgraph v0.4.12
[INFO] [stderr]     Checking arrayvec v0.4.7
[INFO] [stderr]     Checking iovec v0.1.2
[INFO] [stderr]     Checking rand v0.4.2
[INFO] [stderr]     Checking net2 v0.2.32
[INFO] [stderr]     Checking num_cpus v1.8.0
[INFO] [stderr]     Checking memchr v2.0.1
[INFO] [stderr]     Checking time v0.1.40
[INFO] [stderr]     Checking atty v0.2.10
[INFO] [stderr]    Compiling heck v0.3.0
[INFO] [stderr]    Compiling quote v0.4.2
[INFO] [stderr]     Checking crossbeam-epoch v0.4.1
[INFO] [stderr]     Checking thread_local v0.3.5
[INFO] [stderr]    Compiling codegen v0.1.0 (https://github.com/carllerche/codegen#9b2f8185)
[INFO] [stderr]    Compiling syn v0.12.15
[INFO] [stderr]     Checking tokio-timer v0.2.4
[INFO] [stderr]     Checking idna v0.1.4
[INFO] [stderr]     Checking atoi v0.2.3
[INFO] [stderr]     Checking bytes v0.4.8
[INFO] [stderr]     Checking aho-corasick v0.6.4
[INFO] [stderr]     Checking mio v0.6.14
[INFO] [stderr]     Checking env_logger v0.5.10
[INFO] [stderr]    Compiling backtrace-sys v0.1.23
[INFO] [stderr]    Compiling failure_derive v0.1.1
[INFO] [stderr]     Checking crossbeam-deque v0.3.1
[INFO] [stderr]    Compiling tempdir v0.3.7
[INFO] [stderr]     Checking chrono v0.4.3
[INFO] [stderr]     Checking tokio-io v0.1.6
[INFO] [stderr]     Checking http v0.1.5
[INFO] [stderr]     Checking prost v0.3.2
[INFO] [stderr]     Checking tokio-threadpool v0.1.4
[INFO] [stderr]     Checking rand v0.3.22
[INFO] [stderr]     Checking url v1.7.0
[INFO] [stderr]     Checking serde_json v1.0.20
[INFO] [stderr]     Checking twox-hash v1.1.0
[INFO] [stderr]     Checking regex v0.2.11
[INFO] [stdout] error[E0214]: parenthesized type parameters may only be used with a `Fn` trait
[INFO] [stdout]   --> /opt/rustwide/cargo-home/registry/src/github.com-1ecc6299db9ec823/twox-hash-1.1.0/src/number_streams.rs:67:23
[INFO] [stdout]    |
[INFO] [stdout] 67 |     fn count(self) -> usize() {
[INFO] [stdout]    |                       ^^^^^^^ only `Fn` traits may use parentheses
[INFO] [stdout] ...
[INFO] [stdout] 74 | number_stream!(U32FromBytes, u32, U32_BYTES);
[INFO] [stdout]    | --------------------------------------------- in this macro invocation
[INFO] [stdout]    |
[INFO] [stdout]    = note: this error originates in the macro `number_stream` (in Nightly builds, run with -Z macro-backtrace for more info)
[INFO] [stdout] 
[INFO] [stdout] 
[INFO] [stdout] error[E0214]: parenthesized type parameters may only be used with a `Fn` trait
[INFO] [stdout]   --> /opt/rustwide/cargo-home/registry/src/github.com-1ecc6299db9ec823/twox-hash-1.1.0/src/number_streams.rs:67:23
[INFO] [stdout]    |
[INFO] [stdout] 67 |     fn count(self) -> usize() {
[INFO] [stdout]    |                       ^^^^^^^ only `Fn` traits may use parentheses
[INFO] [stdout] ...
[INFO] [stdout] 75 | number_stream!(U64FromBytes, u64, U64_BYTES);
[INFO] [stdout]    | --------------------------------------------- in this macro invocation
[INFO] [stdout]    |
[INFO] [stdout]    = note: this error originates in the macro `number_stream` (in Nightly builds, run with -Z macro-backtrace for more info)
[INFO] [stdout] 
[INFO] [stdout] 
[INFO] [stderr]     Checking tokio-reactor v0.1.1
[INFO] [stderr]     Checking tokio-connect v0.1.0 (https://github.com/carllerche/tokio-connect#f7ad1ca4)
[INFO] [stdout] error: aborting due to 2 previous errors
[INFO] [stdout] 
[INFO] [stdout] 
[INFO] [stdout] For more information about this error, try `rustc --explain E0214`.
[INFO] [stdout] 
[INFO] [stderr] error: could not compile `twox-hash` due to 3 previous errors
[INFO] [stderr] warning: build failed, waiting for other jobs to finish...
[INFO] [stdout] error[E0713]: borrow may still be in use when destructor runs
[INFO] [stdout]    --> /opt/rustwide/cargo-home/registry/src/github.com-1ecc6299db9ec823/url-1.7.0/src/form_urlencoded.rs:261:40
[INFO] [stdout]     |
[INFO] [stdout] 259 | impl<'a> Target for ::UrlQuery<'a> {
[INFO] [stdout]     |      -- lifetime `'a` defined here
[INFO] [stdout] 260 |     fn as_mut_string(&mut self) -> &mut String { &mut self.url.serialization }
[INFO] [stdout] 261 |     fn finish(self) -> &'a mut ::Url { self.url }
[INFO] [stdout]     |                                        ^^^^^^^^ - here, drop of `self` needs exclusive access to `*self.url`, because the type `UrlQuery<'_>` implements the `Drop` trait
[INFO] [stdout]     |                                        |
[INFO] [stdout]     |                                        returning this value requires that `*self.url` is borrowed for `'a`
[INFO] [stdout] 
[INFO] [stdout] 
[INFO] [stdout] error: aborting due to previous error
[INFO] [stdout] 
[INFO] [stdout] 
[INFO] [stdout] For more information about this error, try `rustc --explain E0713`.
[INFO] [stdout] 
[INFO] [stderr] error: build failed
[INFO] running `Command { std: "docker" "inspect" "b202e41f822803afa76e3535b5caa0879af2ef7ec838a86eb0fb6a4230d13329", kill_on_drop: false }`
[INFO] running `Command { std: "docker" "rm" "-f" "b202e41f822803afa76e3535b5caa0879af2ef7ec838a86eb0fb6a4230d13329", kill_on_drop: false }`
[INFO] [stdout] b202e41f822803afa76e3535b5caa0879af2ef7ec838a86eb0fb6a4230d13329
