[INFO] cloning repository https://github.com/jack3311/XMLCSVParser
[INFO] running `Command { std: "git" "-c" "credential.helper=" "-c" "credential.helper=/workspace/cargo-home/bin/git-credential-null" "clone" "--bare" "https://github.com/jack3311/XMLCSVParser" "/workspace/cache/git-repos/https%3A%2F%2Fgithub.com%2Fjack3311%2FXMLCSVParser", kill_on_drop: false }`
[INFO] [stderr] Cloning into bare repository '/workspace/cache/git-repos/https%3A%2F%2Fgithub.com%2Fjack3311%2FXMLCSVParser'...
[INFO] running `Command { std: "git" "rev-parse" "HEAD", kill_on_drop: false }`
[INFO] [stdout] b1c09525c41ae89e5b064acd8f5d74b59bbea0f9
[INFO] checking jack3311/XMLCSVParser against 1.55.0 for beta-1.56-3
[INFO] running `Command { std: "git" "clone" "/workspace/cache/git-repos/https%3A%2F%2Fgithub.com%2Fjack3311%2FXMLCSVParser" "/workspace/builds/worker-101/source", kill_on_drop: false }`
[INFO] [stderr] Cloning into '/workspace/builds/worker-101/source'...
[INFO] [stderr] done.
[INFO] validating manifest of git repo https://github.com/jack3311/XMLCSVParser on toolchain 1.55.0
[INFO] running `Command { std: "/workspace/cargo-home/bin/cargo" "+1.55.0" "metadata" "--manifest-path" "Cargo.toml" "--no-deps", kill_on_drop: false }`
[INFO] started tweaking git repo https://github.com/jack3311/XMLCSVParser
[INFO] finished tweaking git repo https://github.com/jack3311/XMLCSVParser
[INFO] tweaked toml for git repo https://github.com/jack3311/XMLCSVParser written to /workspace/builds/worker-101/source/Cargo.toml
[INFO] crate git repo https://github.com/jack3311/XMLCSVParser already has a lockfile, it will not be regenerated
[INFO] running `Command { std: "/workspace/cargo-home/bin/cargo" "+1.55.0" "fetch" "--manifest-path" "Cargo.toml", kill_on_drop: false }`
[INFO] [stderr]     Blocking waiting for file lock on package cache
[INFO] [stderr]     Blocking waiting for file lock on package cache
[INFO] [stderr]  Downloading crates ...
[INFO] [stderr]   Downloaded comctl32-sys v0.2.0
[INFO] [stderr]   Downloaded native-windows-gui v0.2.0
[INFO] running `Command { std: "docker" "create" "-v" "/var/lib/crater-agent-workspace/builds/worker-101/target:/opt/rustwide/target:rw,Z" "-v" "/var/lib/crater-agent-workspace/builds/worker-101/source:/opt/rustwide/workdir:ro,Z" "-v" "/var/lib/crater-agent-workspace/cargo-home:/opt/rustwide/cargo-home:ro,Z" "-v" "/var/lib/crater-agent-workspace/rustup-home:/opt/rustwide/rustup-home:ro,Z" "-e" "SOURCE_DIR=/opt/rustwide/workdir" "-e" "CARGO_TARGET_DIR=/opt/rustwide/target" "-e" "CARGO_HOME=/opt/rustwide/cargo-home" "-e" "RUSTUP_HOME=/opt/rustwide/rustup-home" "-w" "/opt/rustwide/workdir" "-m" "1610612736" "--user" "0:0" "--network" "none" "ghcr.io/rust-lang/crates-build-env/linux@sha256:a89201d6b5b9fd45c15d5952ece0a0129e7e80cb26ec023fd59cf09bc26f1604" "/opt/rustwide/cargo-home/bin/cargo" "+1.55.0" "metadata" "--no-deps" "--format-version=1", kill_on_drop: false }`
[INFO] [stdout] 71ca9737500ee681f699148a2419960a61eb366220244d3d52ee38da3dc1ef02
[INFO] running `Command { std: "docker" "start" "-a" "71ca9737500ee681f699148a2419960a61eb366220244d3d52ee38da3dc1ef02", kill_on_drop: false }`
[INFO] running `Command { std: "docker" "inspect" "71ca9737500ee681f699148a2419960a61eb366220244d3d52ee38da3dc1ef02", kill_on_drop: false }`
[INFO] running `Command { std: "docker" "rm" "-f" "71ca9737500ee681f699148a2419960a61eb366220244d3d52ee38da3dc1ef02", kill_on_drop: false }`
[INFO] [stdout] 71ca9737500ee681f699148a2419960a61eb366220244d3d52ee38da3dc1ef02
[INFO] running `Command { std: "docker" "create" "-v" "/var/lib/crater-agent-workspace/builds/worker-101/target:/opt/rustwide/target:rw,Z" "-v" "/var/lib/crater-agent-workspace/builds/worker-101/source:/opt/rustwide/workdir:ro,Z" "-v" "/var/lib/crater-agent-workspace/cargo-home:/opt/rustwide/cargo-home:ro,Z" "-v" "/var/lib/crater-agent-workspace/rustup-home:/opt/rustwide/rustup-home:ro,Z" "-e" "SOURCE_DIR=/opt/rustwide/workdir" "-e" "CARGO_TARGET_DIR=/opt/rustwide/target" "-e" "CARGO_INCREMENTAL=0" "-e" "RUST_BACKTRACE=full" "-e" "RUSTFLAGS=--cap-lints=warn" "-e" "CARGO_HOME=/opt/rustwide/cargo-home" "-e" "RUSTUP_HOME=/opt/rustwide/rustup-home" "-w" "/opt/rustwide/workdir" "-m" "1610612736" "--user" "0:0" "--network" "none" "ghcr.io/rust-lang/crates-build-env/linux@sha256:a89201d6b5b9fd45c15d5952ece0a0129e7e80cb26ec023fd59cf09bc26f1604" "/opt/rustwide/cargo-home/bin/cargo" "+1.55.0" "check" "--frozen" "--all" "--all-targets" "--message-format=json", kill_on_drop: false }`
[INFO] [stdout] 39cf39273a26bc21201662cb165cc41d1e9e2ac613f1667158dd9e56ccafd94a
[INFO] running `Command { std: "docker" "start" "-a" "39cf39273a26bc21201662cb165cc41d1e9e2ac613f1667158dd9e56ccafd94a", kill_on_drop: false }`
[INFO] [stderr]     Blocking waiting for file lock on package cache
[INFO] [stderr]    Compiling winapi-build v0.1.1
[INFO] [stderr]     Checking winapi v0.2.8
[INFO] [stderr]    Compiling ole32-sys v0.2.0
[INFO] [stderr]    Compiling comctl32-sys v0.2.0
[INFO] [stderr]    Compiling user32-sys v0.2.0
[INFO] [stderr]    Compiling gdi32-sys v0.2.0
[INFO] [stderr]    Compiling kernel32-sys v0.2.2
[INFO] [stderr]    Compiling native-windows-gui v0.2.0
[INFO] [stderr]     Checking xmlparser v0.1.0 (/opt/rustwide/workdir)
[INFO] [stdout] error[E0432]: unresolved imports `nwg::Event`, `nwg::Ui`, `nwg::simple_message`, `nwg::fatal_message`, `nwg::dispatch_events`
[INFO] [stdout]    --> src/main.rs:531:11
[INFO] [stdout]     |
[INFO] [stdout] 531 | use nwg::{Event, Ui, simple_message, fatal_message, dispatch_events};
[INFO] [stdout]     |           ^^^^^  ^^  ^^^^^^^^^^^^^^  ^^^^^^^^^^^^^  ^^^^^^^^^^^^^^^ no `dispatch_events` in the root
[INFO] [stdout]     |           |      |   |               |
[INFO] [stdout]     |           |      |   |               no `fatal_message` in the root
[INFO] [stdout]     |           |      |   no `simple_message` in the root
[INFO] [stdout]     |           |      no `Ui` in the root
[INFO] [stdout]     |           no `Event` in the root
[INFO] [stdout] 
[INFO] [stdout] 
[INFO] [stdout] error[E0432]: unresolved import `nwg::constants`
[INFO] [stdout]    --> src/main.rs:532:10
[INFO] [stdout]     |
[INFO] [stdout] 532 | use nwg::constants::{FileDialogAction};
[INFO] [stdout]     |          ^^^^^^^^^ could not find `constants` in `nwg`
[INFO] [stdout] 
[INFO] [stdout] 
[INFO] [stdout] error: cannot find macro `nwg_template` in this scope
[INFO] [stdout]    --> src/main.rs:566:1
[INFO] [stdout]     |
[INFO] [stdout] 566 | nwg_template!(
[INFO] [stdout]     | ^^^^^^^^^^^^
[INFO] [stdout] 
[INFO] [stdout] 
[INFO] [stdout] error[E0425]: cannot find function `setup_ui` in this scope
[INFO] [stdout]    --> src/main.rs:664:21
[INFO] [stdout]     |
[INFO] [stdout] 664 |     if let Err(e) = setup_ui(&app) {
[INFO] [stdout]     |                     ^^^^^^^^ not found in this scope
[INFO] [stdout] 
[INFO] [stdout] 
[INFO] [stdout] warning: unused `#[macro_use]` import
[INFO] [stdout]    --> src/main.rs:529:1
[INFO] [stdout]     |
[INFO] [stdout] 529 | #[macro_use] extern crate native_windows_gui as nwg;
[INFO] [stdout]     | ^^^^^^^^^^^^
[INFO] [stdout]     |
[INFO] [stdout]     = note: `#[warn(unused_imports)]` on by default
[INFO] [stdout] 
[INFO] [stdout] 
[INFO] [stdout] warning: unused import: `AppId::*`
[INFO] [stdout]    --> src/main.rs:559:5
[INFO] [stdout]     |
[INFO] [stdout] 559 | use AppId::*;
[INFO] [stdout]     |     ^^^^^^^^
[INFO] [stdout] 
[INFO] [stdout] 
[INFO] [stdout] error: aborting due to 4 previous errors; 2 warnings emitted
[INFO] [stdout] 
[INFO] [stdout] 
[INFO] [stdout] Some errors have detailed explanations: E0425, E0432.
[INFO] [stdout] 
[INFO] [stdout] For more information about an error, try `rustc --explain E0425`.
[INFO] [stdout] 
[INFO] [stdout] error[E0432]: unresolved imports `nwg::Event`, `nwg::Ui`, `nwg::simple_message`, `nwg::fatal_message`, `nwg::dispatch_events`
[INFO] [stdout]    --> src/main.rs:531:11
[INFO] [stdout]     |
[INFO] [stdout] 531 | use nwg::{Event, Ui, simple_message, fatal_message, dispatch_events};
[INFO] [stdout]     |           ^^^^^  ^^  ^^^^^^^^^^^^^^  ^^^^^^^^^^^^^  ^^^^^^^^^^^^^^^ no `dispatch_events` in the root
[INFO] [stdout]     |           |      |   |               |
[INFO] [stdout]     |           |      |   |               no `fatal_message` in the root
[INFO] [stdout]     |           |      |   no `simple_message` in the root
[INFO] [stdout]     |           |      no `Ui` in the root
[INFO] [stdout]     |           no `Event` in the root
[INFO] [stdout] 
[INFO] [stdout] 
[INFO] [stdout] error[E0432]: unresolved import `nwg::constants`
[INFO] [stdout]    --> src/main.rs:532:10
[INFO] [stdout]     |
[INFO] [stdout] 532 | use nwg::constants::{FileDialogAction};
[INFO] [stdout]     |          ^^^^^^^^^ could not find `constants` in `nwg`
[INFO] [stdout] 
[INFO] [stdout] 
[INFO] [stdout] error: cannot find macro `nwg_template` in this scope
[INFO] [stdout]    --> src/main.rs:566:1
[INFO] [stdout]     |
[INFO] [stdout] 566 | nwg_template!(
[INFO] [stdout]     | ^^^^^^^^^^^^
[INFO] [stdout] 
[INFO] [stdout] 
[INFO] [stdout] error[E0425]: cannot find function `setup_ui` in this scope
[INFO] [stdout]    --> src/main.rs:664:21
[INFO] [stdout]     |
[INFO] [stdout] 664 |     if let Err(e) = setup_ui(&app) {
[INFO] [stdout]     |                     ^^^^^^^^ not found in this scope
[INFO] [stdout] 
[INFO] [stdout] 
[INFO] [stdout] warning: unused `#[macro_use]` import
[INFO] [stdout]    --> src/main.rs:529:1
[INFO] [stdout]     |
[INFO] [stdout] 529 | #[macro_use] extern crate native_windows_gui as nwg;
[INFO] [stdout]     | ^^^^^^^^^^^^
[INFO] [stdout]     |
[INFO] [stdout]     = note: `#[warn(unused_imports)]` on by default
[INFO] [stdout] 
[INFO] [stdout] 
[INFO] [stdout] warning: unused import: `AppId::*`
[INFO] [stdout]    --> src/main.rs:559:5
[INFO] [stdout]     |
[INFO] [stdout] 559 | use AppId::*;
[INFO] [stdout]     |     ^^^^^^^^
[INFO] [stdout] 
[INFO] [stdout] 
[INFO] [stderr] error: could not compile `xmlparser` due to 5 previous errors; 2 warnings emitted
[INFO] [stderr] warning: build failed, waiting for other jobs to finish...
[INFO] [stdout] error: aborting due to 4 previous errors; 2 warnings emitted
[INFO] [stdout] 
[INFO] [stdout] 
[INFO] [stdout] Some errors have detailed explanations: E0425, E0432.
[INFO] [stdout] 
[INFO] [stdout] For more information about an error, try `rustc --explain E0425`.
[INFO] [stdout] 
[INFO] [stderr] error: build failed
[INFO] running `Command { std: "docker" "inspect" "39cf39273a26bc21201662cb165cc41d1e9e2ac613f1667158dd9e56ccafd94a", kill_on_drop: false }`
[INFO] running `Command { std: "docker" "rm" "-f" "39cf39273a26bc21201662cb165cc41d1e9e2ac613f1667158dd9e56ccafd94a", kill_on_drop: false }`
[INFO] [stdout] 39cf39273a26bc21201662cb165cc41d1e9e2ac613f1667158dd9e56ccafd94a
