[INFO] cloning repository https://github.com/jaburns/aoc2020
[INFO] running `Command { std: "git" "-c" "credential.helper=" "-c" "credential.helper=/workspace/cargo-home/bin/git-credential-null" "clone" "--bare" "https://github.com/jaburns/aoc2020" "/workspace/cache/git-repos/https%3A%2F%2Fgithub.com%2Fjaburns%2Faoc2020", kill_on_drop: false }`
[INFO] [stderr] Cloning into bare repository '/workspace/cache/git-repos/https%3A%2F%2Fgithub.com%2Fjaburns%2Faoc2020'...
[INFO] running `Command { std: "git" "rev-parse" "HEAD", kill_on_drop: false }`
[INFO] [stdout] dca012ab23b511fe2818162d4f1d0f693582442b
[INFO] checking jaburns/aoc2020 against beta-2021-10-15 for beta-1.56-3
[INFO] running `Command { std: "git" "clone" "/workspace/cache/git-repos/https%3A%2F%2Fgithub.com%2Fjaburns%2Faoc2020" "/workspace/builds/worker-112/source", kill_on_drop: false }`
[INFO] [stderr] Cloning into '/workspace/builds/worker-112/source'...
[INFO] [stderr] done.
[INFO] validating manifest of git repo https://github.com/jaburns/aoc2020 on toolchain beta-2021-10-15
[INFO] running `Command { std: "/workspace/cargo-home/bin/cargo" "+beta-2021-10-15" "metadata" "--manifest-path" "Cargo.toml" "--no-deps", kill_on_drop: false }`
[INFO] started tweaking git repo https://github.com/jaburns/aoc2020
[INFO] finished tweaking git repo https://github.com/jaburns/aoc2020
[INFO] tweaked toml for git repo https://github.com/jaburns/aoc2020 written to /workspace/builds/worker-112/source/Cargo.toml
[INFO] crate git repo https://github.com/jaburns/aoc2020 already has a lockfile, it will not be regenerated
[INFO] running `Command { std: "/workspace/cargo-home/bin/cargo" "+beta-2021-10-15" "fetch" "--manifest-path" "Cargo.toml", kill_on_drop: false }`
[INFO] [stderr]     Blocking waiting for file lock on package cache
[INFO] [stderr]     Blocking waiting for file lock on package cache
[INFO] running `Command { std: "docker" "create" "-v" "/var/lib/crater-agent-workspace/builds/worker-112/target:/opt/rustwide/target:rw,Z" "-v" "/var/lib/crater-agent-workspace/builds/worker-112/source:/opt/rustwide/workdir:ro,Z" "-v" "/var/lib/crater-agent-workspace/cargo-home:/opt/rustwide/cargo-home:ro,Z" "-v" "/var/lib/crater-agent-workspace/rustup-home:/opt/rustwide/rustup-home:ro,Z" "-e" "SOURCE_DIR=/opt/rustwide/workdir" "-e" "CARGO_TARGET_DIR=/opt/rustwide/target" "-e" "CARGO_HOME=/opt/rustwide/cargo-home" "-e" "RUSTUP_HOME=/opt/rustwide/rustup-home" "-w" "/opt/rustwide/workdir" "-m" "1610612736" "--user" "0:0" "--network" "none" "ghcr.io/rust-lang/crates-build-env/linux@sha256:a89201d6b5b9fd45c15d5952ece0a0129e7e80cb26ec023fd59cf09bc26f1604" "/opt/rustwide/cargo-home/bin/cargo" "+beta-2021-10-15" "metadata" "--no-deps" "--format-version=1", kill_on_drop: false }`
[INFO] [stdout] 084a4cef2137c46bc26d3cbacc10c648d8aca48eb1fe8b731a7588fbdbf8046b
[INFO] running `Command { std: "docker" "start" "-a" "084a4cef2137c46bc26d3cbacc10c648d8aca48eb1fe8b731a7588fbdbf8046b", kill_on_drop: false }`
[INFO] running `Command { std: "docker" "inspect" "084a4cef2137c46bc26d3cbacc10c648d8aca48eb1fe8b731a7588fbdbf8046b", kill_on_drop: false }`
[INFO] running `Command { std: "docker" "rm" "-f" "084a4cef2137c46bc26d3cbacc10c648d8aca48eb1fe8b731a7588fbdbf8046b", kill_on_drop: false }`
[INFO] [stdout] 084a4cef2137c46bc26d3cbacc10c648d8aca48eb1fe8b731a7588fbdbf8046b
[INFO] running `Command { std: "docker" "create" "-v" "/var/lib/crater-agent-workspace/builds/worker-112/target:/opt/rustwide/target:rw,Z" "-v" "/var/lib/crater-agent-workspace/builds/worker-112/source:/opt/rustwide/workdir:ro,Z" "-v" "/var/lib/crater-agent-workspace/cargo-home:/opt/rustwide/cargo-home:ro,Z" "-v" "/var/lib/crater-agent-workspace/rustup-home:/opt/rustwide/rustup-home:ro,Z" "-e" "SOURCE_DIR=/opt/rustwide/workdir" "-e" "CARGO_TARGET_DIR=/opt/rustwide/target" "-e" "CARGO_INCREMENTAL=0" "-e" "RUST_BACKTRACE=full" "-e" "RUSTFLAGS=--cap-lints=warn" "-e" "CARGO_HOME=/opt/rustwide/cargo-home" "-e" "RUSTUP_HOME=/opt/rustwide/rustup-home" "-w" "/opt/rustwide/workdir" "-m" "1610612736" "--user" "0:0" "--network" "none" "ghcr.io/rust-lang/crates-build-env/linux@sha256:a89201d6b5b9fd45c15d5952ece0a0129e7e80cb26ec023fd59cf09bc26f1604" "/opt/rustwide/cargo-home/bin/cargo" "+beta-2021-10-15" "check" "--frozen" "--all" "--all-targets" "--message-format=json", kill_on_drop: false }`
[INFO] [stdout] a67bb581d773d8d7a5b080da883e2ee27f9b98acb033507d9fbf7ff5d45da6d5
[INFO] running `Command { std: "docker" "start" "-a" "a67bb581d773d8d7a5b080da883e2ee27f9b98acb033507d9fbf7ff5d45da6d5", kill_on_drop: false }`
[INFO] [stderr]     Blocking waiting for file lock on package cache
[INFO] [stderr]    Compiling memchr v2.3.4
[INFO] [stderr]    Compiling syn v1.0.53
[INFO] [stderr]     Checking regex-syntax v0.6.21
[INFO] [stderr]    Compiling num-traits v0.2.14
[INFO] [stderr]    Compiling num-integer v0.1.44
[INFO] [stderr]    Compiling num-bigint v0.3.1
[INFO] [stderr]    Compiling num-iter v0.1.42
[INFO] [stderr]    Compiling num-rational v0.3.2
[INFO] [stderr]    Compiling proc-macro2 v1.0.24
[INFO] [stderr]    Compiling quote v1.0.7
[INFO] [stderr]     Checking aho-corasick v0.7.15
[INFO] [stderr]     Checking num-complex v0.3.1
[INFO] [stderr]     Checking modinverse v0.1.1
[INFO] [stderr]     Checking regex v1.4.2
[INFO] [stderr]     Checking num v0.3.1
[INFO] [stderr]    Compiling num-derive v0.3.3
[INFO] [stderr]     Checking adventofcode2020 v0.1.0 (/opt/rustwide/workdir)
[INFO] [stdout] error[E0583]: file not found for module `day18_gen`
[INFO] [stdout]   --> src/main.rs:11:1
[INFO] [stdout]    |
[INFO] [stdout] 11 | mod day18_gen;
[INFO] [stdout]    | ^^^^^^^^^^^^^^
[INFO] [stdout]    |
[INFO] [stdout]    = help: to create the module `day18_gen`, create file "src/day18_gen.rs" or "src/day18_gen/mod.rs"
[INFO] [stdout] 
[INFO] [stdout] 
[INFO] [stdout] error[E0583]: file not found for module `day18_gen`
[INFO] [stdout]   --> src/main.rs:11:1
[INFO] [stdout]    |
[INFO] [stdout] 11 | mod day18_gen;
[INFO] [stdout]    | ^^^^^^^^^^^^^^
[INFO] [stdout]    |
[INFO] [stdout]    = help: to create the module `day18_gen`, create file "src/day18_gen.rs" or "src/day18_gen/mod.rs"
[INFO] [stdout] 
[INFO] [stdout] 
[INFO] [stdout] error[E0432]: unresolved imports `crate::day18_gen::eval_data_part1`, `crate::day18_gen::eval_data_part2`
[INFO] [stdout]  --> src/day18.rs:1:24
[INFO] [stdout]   |
[INFO] [stdout] 1 | use crate::day18_gen::{eval_data_part1, eval_data_part2};
[INFO] [stdout]   |                        ^^^^^^^^^^^^^^^  ^^^^^^^^^^^^^^^ no `eval_data_part2` in `day18_gen`
[INFO] [stdout]   |                        |
[INFO] [stdout]   |                        no `eval_data_part1` in `day18_gen`
[INFO] [stdout] 
[INFO] [stdout] 
[INFO] [stdout] error[E0432]: unresolved imports `crate::day18_gen::eval_data_part1`, `crate::day18_gen::eval_data_part2`
[INFO] [stdout]  --> src/day18.rs:1:24
[INFO] [stdout]   |
[INFO] [stdout] 1 | use crate::day18_gen::{eval_data_part1, eval_data_part2};
[INFO] [stdout]   |                        ^^^^^^^^^^^^^^^  ^^^^^^^^^^^^^^^ no `eval_data_part2` in `day18_gen`
[INFO] [stdout]   |                        |
[INFO] [stdout]   |                        no `eval_data_part1` in `day18_gen`
[INFO] [stdout] 
[INFO] [stdout] 
[INFO] [stdout] error: aborting due to 2 previous errors
[INFO] [stdout] 
[INFO] [stdout] 
[INFO] [stdout] Some errors have detailed explanations: E0432, E0583.
[INFO] [stdout] 
[INFO] [stdout] For more information about an error, try `rustc --explain E0432`.
[INFO] [stdout] 
[INFO] [stderr] error: could not compile `adventofcode2020` due to 3 previous errors
[INFO] [stderr] warning: build failed, waiting for other jobs to finish...
[INFO] [stdout] error: aborting due to 2 previous errors
[INFO] [stdout] 
[INFO] [stdout] 
[INFO] [stdout] Some errors have detailed explanations: E0432, E0583.
[INFO] [stdout] 
[INFO] [stdout] For more information about an error, try `rustc --explain E0432`.
[INFO] [stdout] 
[INFO] [stderr] error: build failed
[INFO] running `Command { std: "docker" "inspect" "a67bb581d773d8d7a5b080da883e2ee27f9b98acb033507d9fbf7ff5d45da6d5", kill_on_drop: false }`
[INFO] running `Command { std: "docker" "rm" "-f" "a67bb581d773d8d7a5b080da883e2ee27f9b98acb033507d9fbf7ff5d45da6d5", kill_on_drop: false }`
[INFO] [stdout] a67bb581d773d8d7a5b080da883e2ee27f9b98acb033507d9fbf7ff5d45da6d5
