[INFO] cloning repository https://github.com/jFransham/ecs-rs
[INFO] running `Command { std: "git" "-c" "credential.helper=" "-c" "credential.helper=/workspace/cargo-home/bin/git-credential-null" "clone" "--bare" "https://github.com/jFransham/ecs-rs" "/workspace/cache/git-repos/https%3A%2F%2Fgithub.com%2FjFransham%2Fecs-rs", kill_on_drop: false }`
[INFO] [stderr] Cloning into bare repository '/workspace/cache/git-repos/https%3A%2F%2Fgithub.com%2FjFransham%2Fecs-rs'...
[INFO] running `Command { std: "git" "rev-parse" "HEAD", kill_on_drop: false }`
[INFO] [stdout] 0cfaa0f6ea3db4ea1e92c6009e51fae5d755ded0
[INFO] checking jFransham/ecs-rs against beta-2021-10-15 for beta-1.56-3
[INFO] running `Command { std: "git" "clone" "/workspace/cache/git-repos/https%3A%2F%2Fgithub.com%2FjFransham%2Fecs-rs" "/workspace/builds/worker-66/source", kill_on_drop: false }`
[INFO] [stderr] Cloning into '/workspace/builds/worker-66/source'...
[INFO] [stderr] done.
[INFO] validating manifest of git repo https://github.com/jFransham/ecs-rs on toolchain beta-2021-10-15
[INFO] running `Command { std: "/workspace/cargo-home/bin/cargo" "+beta-2021-10-15" "metadata" "--manifest-path" "Cargo.toml" "--no-deps", kill_on_drop: false }`
[INFO] started tweaking git repo https://github.com/jFransham/ecs-rs
[INFO] finished tweaking git repo https://github.com/jFransham/ecs-rs
[INFO] tweaked toml for git repo https://github.com/jFransham/ecs-rs written to /workspace/builds/worker-66/source/Cargo.toml
[INFO] crate git repo https://github.com/jFransham/ecs-rs already has a lockfile, it will not be regenerated
[INFO] running `Command { std: "/workspace/cargo-home/bin/cargo" "+beta-2021-10-15" "fetch" "--manifest-path" "Cargo.toml", kill_on_drop: false }`
[INFO] [stderr]     Blocking waiting for file lock on package cache
[INFO] [stderr]     Blocking waiting for file lock on package cache
[INFO] running `Command { std: "docker" "create" "-v" "/var/lib/crater-agent-workspace/builds/worker-66/target:/opt/rustwide/target:rw,Z" "-v" "/var/lib/crater-agent-workspace/builds/worker-66/source:/opt/rustwide/workdir:ro,Z" "-v" "/var/lib/crater-agent-workspace/cargo-home:/opt/rustwide/cargo-home:ro,Z" "-v" "/var/lib/crater-agent-workspace/rustup-home:/opt/rustwide/rustup-home:ro,Z" "-e" "SOURCE_DIR=/opt/rustwide/workdir" "-e" "CARGO_TARGET_DIR=/opt/rustwide/target" "-e" "CARGO_HOME=/opt/rustwide/cargo-home" "-e" "RUSTUP_HOME=/opt/rustwide/rustup-home" "-w" "/opt/rustwide/workdir" "-m" "1610612736" "--user" "0:0" "--network" "none" "ghcr.io/rust-lang/crates-build-env/linux@sha256:a89201d6b5b9fd45c15d5952ece0a0129e7e80cb26ec023fd59cf09bc26f1604" "/opt/rustwide/cargo-home/bin/cargo" "+beta-2021-10-15" "metadata" "--no-deps" "--format-version=1", kill_on_drop: false }`
[INFO] [stdout] b89f240de2cd52466fcf07909df965edadc4e43289738f8841ea93374fd6866b
[INFO] running `Command { std: "docker" "start" "-a" "b89f240de2cd52466fcf07909df965edadc4e43289738f8841ea93374fd6866b", kill_on_drop: false }`
[INFO] running `Command { std: "docker" "inspect" "b89f240de2cd52466fcf07909df965edadc4e43289738f8841ea93374fd6866b", kill_on_drop: false }`
[INFO] running `Command { std: "docker" "rm" "-f" "b89f240de2cd52466fcf07909df965edadc4e43289738f8841ea93374fd6866b", kill_on_drop: false }`
[INFO] [stdout] b89f240de2cd52466fcf07909df965edadc4e43289738f8841ea93374fd6866b
[INFO] running `Command { std: "docker" "create" "-v" "/var/lib/crater-agent-workspace/builds/worker-66/target:/opt/rustwide/target:rw,Z" "-v" "/var/lib/crater-agent-workspace/builds/worker-66/source:/opt/rustwide/workdir:ro,Z" "-v" "/var/lib/crater-agent-workspace/cargo-home:/opt/rustwide/cargo-home:ro,Z" "-v" "/var/lib/crater-agent-workspace/rustup-home:/opt/rustwide/rustup-home:ro,Z" "-e" "SOURCE_DIR=/opt/rustwide/workdir" "-e" "CARGO_TARGET_DIR=/opt/rustwide/target" "-e" "CARGO_INCREMENTAL=0" "-e" "RUST_BACKTRACE=full" "-e" "RUSTFLAGS=--cap-lints=warn" "-e" "CARGO_HOME=/opt/rustwide/cargo-home" "-e" "RUSTUP_HOME=/opt/rustwide/rustup-home" "-w" "/opt/rustwide/workdir" "-m" "1610612736" "--user" "0:0" "--network" "none" "ghcr.io/rust-lang/crates-build-env/linux@sha256:a89201d6b5b9fd45c15d5952ece0a0129e7e80cb26ec023fd59cf09bc26f1604" "/opt/rustwide/cargo-home/bin/cargo" "+beta-2021-10-15" "check" "--frozen" "--all" "--all-targets" "--message-format=json", kill_on_drop: false }`
[INFO] [stdout] 6b91fd32f675172218a02300e7855197a5c6b640de280919ad2f67feef813996
[INFO] running `Command { std: "docker" "start" "-a" "6b91fd32f675172218a02300e7855197a5c6b640de280919ad2f67feef813996", kill_on_drop: false }`
[INFO] [stderr]     Blocking waiting for file lock on package cache
[INFO] [stderr]     Checking traitobject v0.0.3
[INFO] [stderr]     Checking unsafe-any v0.4.1
[INFO] [stderr]     Checking dynamic v0.2.1
[INFO] [stderr]     Checking simple_ecs v0.3.2 (/opt/rustwide/workdir)
[INFO] [stdout] error[E0432]: unresolved import `std::marker::Reflect`
[INFO] [stdout]  --> src/heterogenous_set.rs:1:5
[INFO] [stdout]   |
[INFO] [stdout] 1 | use std::marker::Reflect;
[INFO] [stdout]   |     ^^^^^^^^^^^^^^^^^^^^ no `Reflect` in `marker`
[INFO] [stdout] 
[INFO] [stdout] 
[INFO] [stdout] error[E0432]: unresolved import `std::marker::Reflect`
[INFO] [stdout]  --> src/entity.rs:1:5
[INFO] [stdout]   |
[INFO] [stdout] 1 | use std::marker::Reflect;
[INFO] [stdout]   |     ^^^^^^^^^^^^^^^^^^^^ no `Reflect` in `marker`
[INFO] [stdout] 
[INFO] [stdout] 
[INFO] [stdout] error[E0432]: unresolved import `std::marker::Reflect`
[INFO] [stdout]  --> src/components.rs:1:5
[INFO] [stdout]   |
[INFO] [stdout] 1 | use std::marker::Reflect;
[INFO] [stdout]   |     ^^^^^^^^^^^^^^^^^^^^ no `Reflect` in `marker`
[INFO] [stdout] 
[INFO] [stdout] 
[INFO] [stdout] error[E0554]: `#![feature]` may not be used on the beta release channel
[INFO] [stdout]  --> src/lib.rs:1:1
[INFO] [stdout]   |
[INFO] [stdout] 1 | #![feature(reflect_marker)]
[INFO] [stdout]   | ^^^^^^^^^^^^^^^^^^^^^^^^^^^
[INFO] [stdout] 
[INFO] [stdout] 
[INFO] [stdout] error[E0554]: `#![feature]` may not be used on the beta release channel
[INFO] [stdout]  --> src/lib.rs:2:1
[INFO] [stdout]   |
[INFO] [stdout] 2 | #![feature(associated_type_defaults)]
[INFO] [stdout]   | ^^^^^^^^^^^^^^^^^^^^^^^^^^^^^^^^^^^^^
[INFO] [stdout] 
[INFO] [stdout] 
[INFO] [stdout] error[E0432]: unresolved import `std::marker::Reflect`
[INFO] [stdout]  --> src/heterogenous_set.rs:1:5
[INFO] [stdout]   |
[INFO] [stdout] 1 | use std::marker::Reflect;
[INFO] [stdout]   |     ^^^^^^^^^^^^^^^^^^^^ no `Reflect` in `marker`
[INFO] [stdout] 
[INFO] [stdout] 
[INFO] [stdout] error[E0432]: unresolved import `std::marker::Reflect`
[INFO] [stdout]  --> src/entity.rs:1:5
[INFO] [stdout]   |
[INFO] [stdout] 1 | use std::marker::Reflect;
[INFO] [stdout]   |     ^^^^^^^^^^^^^^^^^^^^ no `Reflect` in `marker`
[INFO] [stdout] 
[INFO] [stdout] 
[INFO] [stdout] error[E0432]: unresolved import `std::marker::Reflect`
[INFO] [stdout]  --> src/components.rs:1:5
[INFO] [stdout]   |
[INFO] [stdout] 1 | use std::marker::Reflect;
[INFO] [stdout]   |     ^^^^^^^^^^^^^^^^^^^^ no `Reflect` in `marker`
[INFO] [stdout] 
[INFO] [stdout] 
[INFO] [stdout] warning: unused macro definition
[INFO] [stdout]  --> src/macros.rs:1:1
[INFO] [stdout]   |
[INFO] [stdout] 1 | / macro_rules! component {
[INFO] [stdout] 2 | |     ($t:ty) => {
[INFO] [stdout] 3 | |         impl $crate::components::SetComponent for $t {}
[INFO] [stdout] 4 | |     };
[INFO] [stdout] 5 | | }
[INFO] [stdout]   | |_^
[INFO] [stdout]   |
[INFO] [stdout]   = note: `#[warn(unused_macros)]` on by default
[INFO] [stdout] 
[INFO] [stdout] 
[INFO] [stdout] warning: trait objects without an explicit `dyn` are deprecated
[INFO] [stdout]   --> src/system.rs:66:53
[INFO] [stdout]    |
[INFO] [stdout] 66 | impl<U, M, S: Sized> SystemSet<U, M, S> for Vec<Box<System<U, M, S>>> {
[INFO] [stdout]    |                                                     ^^^^^^^^^^^^^^^ help: use `dyn`: `dyn System<U, M, S>`
[INFO] [stdout]    |
[INFO] [stdout]    = note: `#[warn(bare_trait_objects)]` on by default
[INFO] [stdout]    = warning: this is accepted in the current edition (Rust 2015) but is a hard error in Rust 2021!
[INFO] [stdout]    = note: for more information, see <https://doc.rust-lang.org/nightly/edition-guide/rust-2021/warnings-promoted-to-error.html>
[INFO] [stdout] 
[INFO] [stdout] 
[INFO] [stdout] warning: trait objects without an explicit `dyn` are deprecated
[INFO] [stdout]   --> src/system.rs:93:58
[INFO] [stdout]    |
[INFO] [stdout] 93 |     U, M, S: Sized = (), T: SystemSet<U, M, S> = Vec<Box<System<U, M, S>>>
[INFO] [stdout]    |                                                          ^^^^^^^^^^^^^^^ help: use `dyn`: `dyn System<U, M, S>`
[INFO] [stdout]    |
[INFO] [stdout]    = warning: this is accepted in the current edition (Rust 2015) but is a hard error in Rust 2021!
[INFO] [stdout]    = note: for more information, see <https://doc.rust-lang.org/nightly/edition-guide/rust-2021/warnings-promoted-to-error.html>
[INFO] [stdout] 
[INFO] [stdout] 
[INFO] [stdout] error[E0554]: `#![feature]` may not be used on the beta release channel
[INFO] [stdout]  --> src/lib.rs:1:1
[INFO] [stdout]   |
[INFO] [stdout] 1 | #![feature(reflect_marker)]
[INFO] [stdout]   | ^^^^^^^^^^^^^^^^^^^^^^^^^^^
[INFO] [stdout] 
[INFO] [stdout] 
[INFO] [stdout] error[E0554]: `#![feature]` may not be used on the beta release channel
[INFO] [stdout]  --> src/lib.rs:2:1
[INFO] [stdout]   |
[INFO] [stdout] 2 | #![feature(associated_type_defaults)]
[INFO] [stdout]   | ^^^^^^^^^^^^^^^^^^^^^^^^^^^^^^^^^^^^^
[INFO] [stdout] 
[INFO] [stdout] 
[INFO] [stdout] warning: unused macro definition
[INFO] [stdout]  --> src/macros.rs:1:1
[INFO] [stdout]   |
[INFO] [stdout] 1 | / macro_rules! component {
[INFO] [stdout] 2 | |     ($t:ty) => {
[INFO] [stdout] 3 | |         impl $crate::components::SetComponent for $t {}
[INFO] [stdout] 4 | |     };
[INFO] [stdout] 5 | | }
[INFO] [stdout]   | |_^
[INFO] [stdout]   |
[INFO] [stdout]   = note: `#[warn(unused_macros)]` on by default
[INFO] [stdout] 
[INFO] [stdout] 
[INFO] [stdout] error: aborting due to 5 previous errors; 3 warnings emitted
[INFO] [stdout] 
[INFO] [stdout] 
[INFO] [stdout] Some errors have detailed explanations: E0432, E0554.
[INFO] [stdout] 
[INFO] [stdout] For more information about an error, try `rustc --explain E0432`.
[INFO] [stdout] 
[INFO] [stdout] warning: trait objects without an explicit `dyn` are deprecated
[INFO] [stdout]   --> src/system.rs:66:53
[INFO] [stdout]    |
[INFO] [stdout] 66 | impl<U, M, S: Sized> SystemSet<U, M, S> for Vec<Box<System<U, M, S>>> {
[INFO] [stdout]    |                                                     ^^^^^^^^^^^^^^^ help: use `dyn`: `dyn System<U, M, S>`
[INFO] [stdout]    |
[INFO] [stdout]    = note: `#[warn(bare_trait_objects)]` on by default
[INFO] [stdout]    = warning: this is accepted in the current edition (Rust 2015) but is a hard error in Rust 2021!
[INFO] [stdout]    = note: for more information, see <https://doc.rust-lang.org/nightly/edition-guide/rust-2021/warnings-promoted-to-error.html>
[INFO] [stdout] 
[INFO] [stdout] 
[INFO] [stdout] warning: trait objects without an explicit `dyn` are deprecated
[INFO] [stdout]   --> src/system.rs:93:58
[INFO] [stdout]    |
[INFO] [stdout] 93 |     U, M, S: Sized = (), T: SystemSet<U, M, S> = Vec<Box<System<U, M, S>>>
[INFO] [stdout]    |                                                          ^^^^^^^^^^^^^^^ help: use `dyn`: `dyn System<U, M, S>`
[INFO] [stdout]    |
[INFO] [stdout]    = warning: this is accepted in the current edition (Rust 2015) but is a hard error in Rust 2021!
[INFO] [stdout]    = note: for more information, see <https://doc.rust-lang.org/nightly/edition-guide/rust-2021/warnings-promoted-to-error.html>
[INFO] [stdout] 
[INFO] [stdout] 
[INFO] [stdout] error: aborting due to 5 previous errors; 3 warnings emitted
[INFO] [stdout] 
[INFO] [stdout] 
[INFO] [stdout] Some errors have detailed explanations: E0432, E0554.
[INFO] [stdout] 
[INFO] [stdout] For more information about an error, try `rustc --explain E0432`.
[INFO] [stdout] 
[INFO] [stderr] error: could not compile `simple_ecs` due to 6 previous errors; 3 warnings emitted
[INFO] [stderr] warning: build failed, waiting for other jobs to finish...
[INFO] [stderr] error: build failed
[INFO] running `Command { std: "docker" "inspect" "6b91fd32f675172218a02300e7855197a5c6b640de280919ad2f67feef813996", kill_on_drop: false }`
[INFO] running `Command { std: "docker" "rm" "-f" "6b91fd32f675172218a02300e7855197a5c6b640de280919ad2f67feef813996", kill_on_drop: false }`
[INFO] [stdout] 6b91fd32f675172218a02300e7855197a5c6b640de280919ad2f67feef813996
