[INFO] cloning repository https://github.com/itskihaga/yew-poc
[INFO] running `Command { std: "git" "-c" "credential.helper=" "-c" "credential.helper=/workspace/cargo-home/bin/git-credential-null" "clone" "--bare" "https://github.com/itskihaga/yew-poc" "/workspace/cache/git-repos/https%3A%2F%2Fgithub.com%2Fitskihaga%2Fyew-poc", kill_on_drop: false }`
[INFO] [stderr] Cloning into bare repository '/workspace/cache/git-repos/https%3A%2F%2Fgithub.com%2Fitskihaga%2Fyew-poc'...
[INFO] running `Command { std: "git" "rev-parse" "HEAD", kill_on_drop: false }`
[INFO] [stdout] edcd097ea9e9d05203e8b43ebc0796f2ccc24693
[INFO] checking itskihaga/yew-poc against 1.55.0 for beta-1.56-3
[INFO] running `Command { std: "git" "clone" "/workspace/cache/git-repos/https%3A%2F%2Fgithub.com%2Fitskihaga%2Fyew-poc" "/workspace/builds/worker-77/source", kill_on_drop: false }`
[INFO] [stderr] Cloning into '/workspace/builds/worker-77/source'...
[INFO] [stderr] done.
[INFO] validating manifest of git repo https://github.com/itskihaga/yew-poc on toolchain 1.55.0
[INFO] running `Command { std: "/workspace/cargo-home/bin/cargo" "+1.55.0" "metadata" "--manifest-path" "Cargo.toml" "--no-deps", kill_on_drop: false }`
[INFO] started tweaking git repo https://github.com/itskihaga/yew-poc
[INFO] finished tweaking git repo https://github.com/itskihaga/yew-poc
[INFO] tweaked toml for git repo https://github.com/itskihaga/yew-poc written to /workspace/builds/worker-77/source/Cargo.toml
[INFO] crate git repo https://github.com/itskihaga/yew-poc already has a lockfile, it will not be regenerated
[INFO] running `Command { std: "/workspace/cargo-home/bin/cargo" "+1.55.0" "fetch" "--manifest-path" "Cargo.toml", kill_on_drop: false }`
[INFO] [stderr]     Blocking waiting for file lock on package cache
[INFO] [stderr]  Downloading crates ...
[INFO] [stderr]   Downloaded lipsum v0.7.0
[INFO] running `Command { std: "docker" "create" "-v" "/var/lib/crater-agent-workspace/builds/worker-77/target:/opt/rustwide/target:rw,Z" "-v" "/var/lib/crater-agent-workspace/builds/worker-77/source:/opt/rustwide/workdir:ro,Z" "-v" "/var/lib/crater-agent-workspace/cargo-home:/opt/rustwide/cargo-home:ro,Z" "-v" "/var/lib/crater-agent-workspace/rustup-home:/opt/rustwide/rustup-home:ro,Z" "-e" "SOURCE_DIR=/opt/rustwide/workdir" "-e" "CARGO_TARGET_DIR=/opt/rustwide/target" "-e" "CARGO_HOME=/opt/rustwide/cargo-home" "-e" "RUSTUP_HOME=/opt/rustwide/rustup-home" "-w" "/opt/rustwide/workdir" "-m" "1610612736" "--user" "0:0" "--network" "none" "ghcr.io/rust-lang/crates-build-env/linux@sha256:a89201d6b5b9fd45c15d5952ece0a0129e7e80cb26ec023fd59cf09bc26f1604" "/opt/rustwide/cargo-home/bin/cargo" "+1.55.0" "metadata" "--no-deps" "--format-version=1", kill_on_drop: false }`
[INFO] [stdout] 1de90d7edd26f35a890a2188a0c2930650e02a2b78ba5dd2da35faa3439557b1
[INFO] running `Command { std: "docker" "start" "-a" "1de90d7edd26f35a890a2188a0c2930650e02a2b78ba5dd2da35faa3439557b1", kill_on_drop: false }`
[INFO] running `Command { std: "docker" "inspect" "1de90d7edd26f35a890a2188a0c2930650e02a2b78ba5dd2da35faa3439557b1", kill_on_drop: false }`
[INFO] running `Command { std: "docker" "rm" "-f" "1de90d7edd26f35a890a2188a0c2930650e02a2b78ba5dd2da35faa3439557b1", kill_on_drop: false }`
[INFO] [stdout] 1de90d7edd26f35a890a2188a0c2930650e02a2b78ba5dd2da35faa3439557b1
[INFO] running `Command { std: "docker" "create" "-v" "/var/lib/crater-agent-workspace/builds/worker-77/target:/opt/rustwide/target:rw,Z" "-v" "/var/lib/crater-agent-workspace/builds/worker-77/source:/opt/rustwide/workdir:ro,Z" "-v" "/var/lib/crater-agent-workspace/cargo-home:/opt/rustwide/cargo-home:ro,Z" "-v" "/var/lib/crater-agent-workspace/rustup-home:/opt/rustwide/rustup-home:ro,Z" "-e" "SOURCE_DIR=/opt/rustwide/workdir" "-e" "CARGO_TARGET_DIR=/opt/rustwide/target" "-e" "CARGO_INCREMENTAL=0" "-e" "RUST_BACKTRACE=full" "-e" "RUSTFLAGS=--cap-lints=warn" "-e" "CARGO_HOME=/opt/rustwide/cargo-home" "-e" "RUSTUP_HOME=/opt/rustwide/rustup-home" "-w" "/opt/rustwide/workdir" "-m" "1610612736" "--user" "0:0" "--network" "none" "ghcr.io/rust-lang/crates-build-env/linux@sha256:a89201d6b5b9fd45c15d5952ece0a0129e7e80cb26ec023fd59cf09bc26f1604" "/opt/rustwide/cargo-home/bin/cargo" "+1.55.0" "check" "--frozen" "--all" "--all-targets" "--message-format=json", kill_on_drop: false }`
[INFO] [stdout] d50a21e31d9280b9b33e53a8c1ef9555a0805cccc9eea98f35af9f30de607802
[INFO] running `Command { std: "docker" "start" "-a" "d50a21e31d9280b9b33e53a8c1ef9555a0805cccc9eea98f35af9f30de607802", kill_on_drop: false }`
[INFO] [stderr]     Blocking waiting for file lock on package cache
[INFO] [stderr]    Compiling proc-macro2 v1.0.29
[INFO] [stderr]    Compiling unicode-xid v0.2.2
[INFO] [stderr]    Compiling syn v1.0.80
[INFO] [stderr]    Compiling cfg-if v1.0.0
[INFO] [stderr]    Compiling log v0.4.14
[INFO] [stderr]    Compiling serde_derive v1.0.130
[INFO] [stderr]    Compiling wasm-bindgen-shared v0.2.78
[INFO] [stderr]    Compiling serde v1.0.130
[INFO] [stderr]    Compiling lazy_static v1.4.0
[INFO] [stderr]    Compiling bumpalo v3.7.1
[INFO] [stderr]    Compiling serde_json v1.0.68
[INFO] [stderr]     Checking itoa v0.4.8
[INFO] [stderr]    Compiling wasm-bindgen v0.2.78
[INFO] [stderr]    Compiling libc v0.2.103
[INFO] [stderr]    Compiling memchr v2.4.1
[INFO] [stderr]    Compiling lexical-core v0.7.6
[INFO] [stderr]    Compiling version_check v0.9.3
[INFO] [stderr]    Compiling getrandom v0.1.16
[INFO] [stderr]    Compiling static_assertions v1.1.0
[INFO] [stderr]    Compiling bitflags v1.3.2
[INFO] [stderr]    Compiling anyhow v1.0.44
[INFO] [stderr]    Compiling arrayvec v0.5.2
[INFO] [stderr]     Checking hashbrown v0.11.2
[INFO] [stderr]     Checking bytes v1.1.0
[INFO] [stderr]    Compiling boolinator v2.4.0
[INFO] [stderr]    Compiling yew v0.18.0
[INFO] [stderr]     Checking cfg-match v0.2.1
[INFO] [stderr]     Checking ppv-lite86 v0.2.10
[INFO] [stderr]     Checking slab v0.4.4
[INFO] [stderr]     Checking anymap v0.12.1
[INFO] [stderr]    Compiling indexmap v1.7.0
[INFO] [stderr]     Checking instant v0.1.11
[INFO] [stderr]    Compiling ryu v1.0.5
[INFO] [stderr]    Compiling quote v1.0.10
[INFO] [stderr]    Compiling nom v5.1.2
[INFO] [stderr]     Checking http v0.2.5
[INFO] [stderr]     Checking getrandom v0.2.3
[INFO] [stderr]     Checking uuid v0.8.2
[INFO] [stderr]    Compiling wasm-bindgen-backend v0.2.78
[INFO] [stderr]     Checking rand_core v0.5.1
[INFO] [stderr]     Checking rand_pcg v0.2.1
[INFO] [stderr]     Checking rand_chacha v0.2.2
[INFO] [stderr]     Checking rand v0.7.3
[INFO] [stderr]    Compiling wasm-bindgen-macro-support v0.2.78
[INFO] [stderr]    Compiling yew-router-route-parser v0.15.0
[INFO] [stderr]     Checking lipsum v0.7.0
[INFO] [stderr]    Compiling wasm-bindgen-macro v0.2.78
[INFO] [stderr]    Compiling thiserror-impl v1.0.29
[INFO] [stderr]    Compiling yew-macro v0.18.0
[INFO] [stderr]    Compiling yew-router-macro v0.15.0
[INFO] [stderr]     Checking thiserror v1.0.29
[INFO] [stderr]     Checking bincode v1.3.3
[INFO] [stderr]     Checking js-sys v0.3.55
[INFO] [stderr]     Checking console_error_panic_hook v0.1.6
[INFO] [stderr]     Checking web-sys v0.3.55
[INFO] [stderr]     Checking wasm-bindgen-futures v0.4.28
[INFO] [stderr]     Checking gloo-events v0.1.1
[INFO] [stderr]     Checking gloo-console-timer v0.1.0
[INFO] [stderr]     Checking gloo-timers v0.2.1
[INFO] [stderr]     Checking wasm-logger v0.2.0
[INFO] [stderr]     Checking gloo-file v0.1.0
[INFO] [stderr]     Checking gloo v0.2.1
[INFO] [stderr]     Checking yew-router v0.15.0
[INFO] [stderr]     Checking yewtil v0.4.0
[INFO] [stderr]     Checking router v0.1.0 (/opt/rustwide/workdir)
[INFO] [stdout] error: failed to read file `/opt/rustwide/workdir/build/index.js`: No such file or directory (os error 2)
[INFO] [stdout]  --> src/repository/js_bridge.rs:3:25
[INFO] [stdout]   |
[INFO] [stdout] 3 | #[wasm_bindgen(module = "/build/index.js")]
[INFO] [stdout]   |                         ^^^^^^^^^^^^^^^^^
[INFO] [stdout] 
[INFO] [stdout] 
[INFO] [stdout] error: failed to read file `/opt/rustwide/workdir/build/index.js`: No such file or directory (os error 2)
[INFO] [stdout]  --> src/repository/js_bridge.rs:3:25
[INFO] [stdout]   |
[INFO] [stdout] 3 | #[wasm_bindgen(module = "/build/index.js")]
[INFO] [stdout]   |                         ^^^^^^^^^^^^^^^^^
[INFO] [stdout] 
[INFO] [stdout] 
[INFO] [stdout] error[E0425]: cannot find function `sync_room_bridge` in this scope
[INFO] [stdout]   --> src/repository/js_bridge.rs:33:5
[INFO] [stdout]    |
[INFO] [stdout] 33 |     sync_room_bridge(room_id,callback);
[INFO] [stdout]    |     ^^^^^^^^^^^^^^^^ not found in this scope
[INFO] [stdout] 
[INFO] [stdout] 
[INFO] [stdout] error[E0425]: cannot find function `sync_record_update_bridge` in this scope
[INFO] [stdout]   --> src/repository/js_bridge.rs:38:5
[INFO] [stdout]    |
[INFO] [stdout] 38 |     sync_record_update_bridge(room_id,callback);
[INFO] [stdout]    |     ^^^^^^^^^^^^^^^^^^^^^^^^^ not found in this scope
[INFO] [stdout] 
[INFO] [stdout] 
[INFO] [stdout] error[E0425]: cannot find function `register_member` in module `js_bridge`
[INFO] [stdout]   --> src/repository/mod.rs:14:16
[INFO] [stdout]    |
[INFO] [stdout] 14 |     js_bridge::register_member(room_id,name)
[INFO] [stdout]    |                ^^^^^^^^^^^^^^^ not found in `js_bridge`
[INFO] [stdout]    |
[INFO] [stdout] help: consider importing this function
[INFO] [stdout]    |
[INFO] [stdout] 2  | use crate::containers::meeting::register_member;
[INFO] [stdout]    |
[INFO] [stdout] 
[INFO] [stdout] 
[INFO] [stdout] error[E0425]: cannot find function `sync_member` in module `js_bridge`
[INFO] [stdout]   --> src/repository/mod.rs:29:16
[INFO] [stdout]    |
[INFO] [stdout] 29 |     js_bridge::sync_member(
[INFO] [stdout]    |                ^^^^^^^^^^^ not found in `js_bridge`
[INFO] [stdout] 
[INFO] [stdout] 
[INFO] [stdout] error[E0425]: cannot find function `sync_member` in module `js_bridge`
[INFO] [stdout]   --> src/repository/mod.rs:39:16
[INFO] [stdout]    |
[INFO] [stdout] 39 |     js_bridge::sync_member(
[INFO] [stdout]    |                ^^^^^^^^^^^ not found in `js_bridge`
[INFO] [stdout] 
[INFO] [stdout] 
[INFO] [stdout] error[E0425]: cannot find function `create_room` in module `js_bridge`
[INFO] [stdout]   --> src/repository/mod.rs:52:16
[INFO] [stdout]    |
[INFO] [stdout] 52 |     js_bridge::create_room(
[INFO] [stdout]    |                ^^^^^^^^^^^ not found in `js_bridge`
[INFO] [stdout]    |
[INFO] [stdout] help: consider importing this function
[INFO] [stdout]    |
[INFO] [stdout] 2  | use crate::pages::home::create_room;
[INFO] [stdout]    |
[INFO] [stdout] 
[INFO] [stdout] 
[INFO] [stdout] error[E0425]: cannot find function `start_room` in module `js_bridge`
[INFO] [stdout]   --> src/repository/mod.rs:97:16
[INFO] [stdout]    |
[INFO] [stdout] 97 |     js_bridge::start_room(room_id);
[INFO] [stdout]    |                ^^^^^^^^^^ not found in `js_bridge`
[INFO] [stdout]    |
[INFO] [stdout] help: consider importing this function
[INFO] [stdout]    |
[INFO] [stdout] 2  | use crate::pages::room::start_room;
[INFO] [stdout]    |
[INFO] [stdout] 
[INFO] [stdout] 
[INFO] [stdout] error[E0425]: cannot find function `push_record` in module `js_bridge`
[INFO] [stdout]    --> src/repository/mod.rs:101:16
[INFO] [stdout]     |
[INFO] [stdout] 101 |     js_bridge::push_record(
[INFO] [stdout]     |                ^^^^^^^^^^^ not found in `js_bridge`
[INFO] [stdout]     |
[INFO] [stdout] help: consider importing this function
[INFO] [stdout]     |
[INFO] [stdout] 2   | use crate::domain::repository::push_record;
[INFO] [stdout]     |
[INFO] [stdout] 
[INFO] [stdout] 
[INFO] [stdout] warning: unused import: `Member as MemberData`
[INFO] [stdout]  --> src/containers/main.rs:2:101
[INFO] [stdout]   |
[INFO] [stdout] 2 | use crate::{domain::{Runner, exprocess::AppState,exprocess::AppCommand}, repository::{fetch_members,Member as MemberData}};
[INFO] [stdout]   |                                                                                                     ^^^^^^^^^^^^^^^^^^^^
[INFO] [stdout]   |
[INFO] [stdout]   = note: `#[warn(unused_imports)]` on by default
[INFO] [stdout] 
[INFO] [stdout] 
[INFO] [stdout] error[E0425]: cannot find function `sync_room_bridge` in this scope
[INFO] [stdout]   --> src/repository/js_bridge.rs:33:5
[INFO] [stdout]    |
[INFO] [stdout] 33 |     sync_room_bridge(room_id,callback);
[INFO] [stdout]    |     ^^^^^^^^^^^^^^^^ not found in this scope
[INFO] [stdout] 
[INFO] [stdout] 
[INFO] [stdout] error[E0425]: cannot find function `sync_record_update_bridge` in this scope
[INFO] [stdout]   --> src/repository/js_bridge.rs:38:5
[INFO] [stdout]    |
[INFO] [stdout] 38 |     sync_record_update_bridge(room_id,callback);
[INFO] [stdout]    |     ^^^^^^^^^^^^^^^^^^^^^^^^^ not found in this scope
[INFO] [stdout] 
[INFO] [stdout] 
[INFO] [stdout] error[E0425]: cannot find function `register_member` in module `js_bridge`
[INFO] [stdout]   --> src/repository/mod.rs:14:16
[INFO] [stdout]    |
[INFO] [stdout] 14 |     js_bridge::register_member(room_id,name)
[INFO] [stdout]    |                ^^^^^^^^^^^^^^^ not found in `js_bridge`
[INFO] [stdout]    |
[INFO] [stdout] help: consider importing this function
[INFO] [stdout]    |
[INFO] [stdout] 2  | use crate::containers::meeting::register_member;
[INFO] [stdout]    |
[INFO] [stdout] 
[INFO] [stdout] 
[INFO] [stdout] error[E0425]: cannot find function `sync_member` in module `js_bridge`
[INFO] [stdout]   --> src/repository/mod.rs:29:16
[INFO] [stdout]    |
[INFO] [stdout] 29 |     js_bridge::sync_member(
[INFO] [stdout]    |                ^^^^^^^^^^^ not found in `js_bridge`
[INFO] [stdout] 
[INFO] [stdout] 
[INFO] [stdout] error[E0425]: cannot find function `sync_member` in module `js_bridge`
[INFO] [stdout]   --> src/repository/mod.rs:39:16
[INFO] [stdout]    |
[INFO] [stdout] 39 |     js_bridge::sync_member(
[INFO] [stdout]    |                ^^^^^^^^^^^ not found in `js_bridge`
[INFO] [stdout] 
[INFO] [stdout] 
[INFO] [stdout] error[E0425]: cannot find function `create_room` in module `js_bridge`
[INFO] [stdout]   --> src/repository/mod.rs:52:16
[INFO] [stdout]    |
[INFO] [stdout] 52 |     js_bridge::create_room(
[INFO] [stdout]    |                ^^^^^^^^^^^ not found in `js_bridge`
[INFO] [stdout]    |
[INFO] [stdout] help: consider importing this function
[INFO] [stdout]    |
[INFO] [stdout] 2  | use crate::pages::home::create_room;
[INFO] [stdout]    |
[INFO] [stdout] 
[INFO] [stdout] 
[INFO] [stdout] error[E0425]: cannot find function `start_room` in module `js_bridge`
[INFO] [stdout]   --> src/repository/mod.rs:97:16
[INFO] [stdout]    |
[INFO] [stdout] 97 |     js_bridge::start_room(room_id);
[INFO] [stdout]    |                ^^^^^^^^^^ not found in `js_bridge`
[INFO] [stdout]    |
[INFO] [stdout] help: consider importing this function
[INFO] [stdout]    |
[INFO] [stdout] 2  | use crate::pages::room::start_room;
[INFO] [stdout]    |
[INFO] [stdout] 
[INFO] [stdout] 
[INFO] [stdout] error[E0425]: cannot find function `push_record` in module `js_bridge`
[INFO] [stdout]    --> src/repository/mod.rs:101:16
[INFO] [stdout]     |
[INFO] [stdout] 101 |     js_bridge::push_record(
[INFO] [stdout]     |                ^^^^^^^^^^^ not found in `js_bridge`
[INFO] [stdout]     |
[INFO] [stdout] help: consider importing this function
[INFO] [stdout]     |
[INFO] [stdout] 2   | use crate::domain::repository::push_record;
[INFO] [stdout]     |
[INFO] [stdout] 
[INFO] [stdout] 
[INFO] [stdout] warning: unused import: `Member as MemberData`
[INFO] [stdout]  --> src/containers/main.rs:2:101
[INFO] [stdout]   |
[INFO] [stdout] 2 | use crate::{domain::{Runner, exprocess::AppState,exprocess::AppCommand}, repository::{fetch_members,Member as MemberData}};
[INFO] [stdout]   |                                                                                                     ^^^^^^^^^^^^^^^^^^^^
[INFO] [stdout]   |
[INFO] [stdout]   = note: `#[warn(unused_imports)]` on by default
[INFO] [stdout] 
[INFO] [stdout] 
[INFO] [stdout] error: aborting due to 9 previous errors; 1 warning emitted
[INFO] [stdout] 
[INFO] [stdout] 
[INFO] [stdout] For more information about this error, try `rustc --explain E0425`.
[INFO] [stdout] 
[INFO] [stderr] error: could not compile `router` due to 10 previous errors; 1 warning emitted
[INFO] [stderr] warning: build failed, waiting for other jobs to finish...
[INFO] [stdout] error: aborting due to 9 previous errors; 1 warning emitted
[INFO] [stdout] 
[INFO] [stdout] 
[INFO] [stdout] For more information about this error, try `rustc --explain E0425`.
[INFO] [stdout] 
[INFO] [stderr] error: build failed
[INFO] running `Command { std: "docker" "inspect" "d50a21e31d9280b9b33e53a8c1ef9555a0805cccc9eea98f35af9f30de607802", kill_on_drop: false }`
[INFO] running `Command { std: "docker" "rm" "-f" "d50a21e31d9280b9b33e53a8c1ef9555a0805cccc9eea98f35af9f30de607802", kill_on_drop: false }`
[INFO] [stdout] d50a21e31d9280b9b33e53a8c1ef9555a0805cccc9eea98f35af9f30de607802
