[INFO] cloning repository https://github.com/isavegas/aoc_2019
[INFO] running `Command { std: "git" "-c" "credential.helper=" "-c" "credential.helper=/workspace/cargo-home/bin/git-credential-null" "clone" "--bare" "https://github.com/isavegas/aoc_2019" "/workspace/cache/git-repos/https%3A%2F%2Fgithub.com%2Fisavegas%2Faoc_2019", kill_on_drop: false }`
[INFO] [stderr] Cloning into bare repository '/workspace/cache/git-repos/https%3A%2F%2Fgithub.com%2Fisavegas%2Faoc_2019'...
[INFO] running `Command { std: "git" "rev-parse" "HEAD", kill_on_drop: false }`
[INFO] [stdout] a71c3b696b04cac8678696277876f44a076dd69c
[INFO] checking isavegas/aoc_2019 against beta-2021-10-15 for beta-1.56-3
[INFO] running `Command { std: "git" "clone" "/workspace/cache/git-repos/https%3A%2F%2Fgithub.com%2Fisavegas%2Faoc_2019" "/workspace/builds/worker-5/source", kill_on_drop: false }`
[INFO] [stderr] Cloning into '/workspace/builds/worker-5/source'...
[INFO] [stderr] done.
[INFO] validating manifest of git repo https://github.com/isavegas/aoc_2019 on toolchain beta-2021-10-15
[INFO] running `Command { std: "/workspace/cargo-home/bin/cargo" "+beta-2021-10-15" "metadata" "--manifest-path" "Cargo.toml" "--no-deps", kill_on_drop: false }`
[INFO] started tweaking git repo https://github.com/isavegas/aoc_2019
[INFO] finished tweaking git repo https://github.com/isavegas/aoc_2019
[INFO] tweaked toml for git repo https://github.com/isavegas/aoc_2019 written to /workspace/builds/worker-5/source/Cargo.toml
[INFO] crate git repo https://github.com/isavegas/aoc_2019 already has a lockfile, it will not be regenerated
[INFO] running `Command { std: "/workspace/cargo-home/bin/cargo" "+beta-2021-10-15" "fetch" "--manifest-path" "Cargo.toml", kill_on_drop: false }`
[INFO] [stderr]     Updating git repository `https://github.com/isavegas/intcode`
[INFO] [stderr]  Downloading crates ...
[INFO] [stderr]   Downloaded packed_simd_2 v0.3.5
[INFO] running `Command { std: "docker" "create" "-v" "/var/lib/crater-agent-workspace/builds/worker-5/target:/opt/rustwide/target:rw,Z" "-v" "/var/lib/crater-agent-workspace/builds/worker-5/source:/opt/rustwide/workdir:ro,Z" "-v" "/var/lib/crater-agent-workspace/cargo-home:/opt/rustwide/cargo-home:ro,Z" "-v" "/var/lib/crater-agent-workspace/rustup-home:/opt/rustwide/rustup-home:ro,Z" "-e" "SOURCE_DIR=/opt/rustwide/workdir" "-e" "CARGO_TARGET_DIR=/opt/rustwide/target" "-e" "CARGO_HOME=/opt/rustwide/cargo-home" "-e" "RUSTUP_HOME=/opt/rustwide/rustup-home" "-w" "/opt/rustwide/workdir" "-m" "1610612736" "--user" "0:0" "--network" "none" "ghcr.io/rust-lang/crates-build-env/linux@sha256:a89201d6b5b9fd45c15d5952ece0a0129e7e80cb26ec023fd59cf09bc26f1604" "/opt/rustwide/cargo-home/bin/cargo" "+beta-2021-10-15" "metadata" "--no-deps" "--format-version=1", kill_on_drop: false }`
[INFO] [stdout] 146d3b3569363e5e61c83969cc8fb90eb126010c69068bc862590545c3963e7c
[INFO] [stderr] WARNING: Your kernel does not support swap limit capabilities or the cgroup is not mounted. Memory limited without swap.
[INFO] running `Command { std: "docker" "start" "-a" "146d3b3569363e5e61c83969cc8fb90eb126010c69068bc862590545c3963e7c", kill_on_drop: false }`
[INFO] running `Command { std: "docker" "inspect" "146d3b3569363e5e61c83969cc8fb90eb126010c69068bc862590545c3963e7c", kill_on_drop: false }`
[INFO] running `Command { std: "docker" "rm" "-f" "146d3b3569363e5e61c83969cc8fb90eb126010c69068bc862590545c3963e7c", kill_on_drop: false }`
[INFO] [stdout] 146d3b3569363e5e61c83969cc8fb90eb126010c69068bc862590545c3963e7c
[INFO] running `Command { std: "docker" "create" "-v" "/var/lib/crater-agent-workspace/builds/worker-5/target:/opt/rustwide/target:rw,Z" "-v" "/var/lib/crater-agent-workspace/builds/worker-5/source:/opt/rustwide/workdir:ro,Z" "-v" "/var/lib/crater-agent-workspace/cargo-home:/opt/rustwide/cargo-home:ro,Z" "-v" "/var/lib/crater-agent-workspace/rustup-home:/opt/rustwide/rustup-home:ro,Z" "-e" "SOURCE_DIR=/opt/rustwide/workdir" "-e" "CARGO_TARGET_DIR=/opt/rustwide/target" "-e" "CARGO_INCREMENTAL=0" "-e" "RUST_BACKTRACE=full" "-e" "RUSTFLAGS=--cap-lints=warn" "-e" "CARGO_HOME=/opt/rustwide/cargo-home" "-e" "RUSTUP_HOME=/opt/rustwide/rustup-home" "-w" "/opt/rustwide/workdir" "-m" "1610612736" "--user" "0:0" "--network" "none" "ghcr.io/rust-lang/crates-build-env/linux@sha256:a89201d6b5b9fd45c15d5952ece0a0129e7e80cb26ec023fd59cf09bc26f1604" "/opt/rustwide/cargo-home/bin/cargo" "+beta-2021-10-15" "check" "--frozen" "--all" "--all-targets" "--message-format=json", kill_on_drop: false }`
[INFO] [stdout] 8f5d1a134c81c2a57e1f8aba72af0ccf7448f25b6b2169181300da206319825c
[INFO] [stderr] WARNING: Your kernel does not support swap limit capabilities or the cgroup is not mounted. Memory limited without swap.
[INFO] running `Command { std: "docker" "start" "-a" "8f5d1a134c81c2a57e1f8aba72af0ccf7448f25b6b2169181300da206319825c", kill_on_drop: false }`
[INFO] [stderr]    Compiling libc v0.2.98
[INFO] [stderr]    Compiling unicode-width v0.1.8
[INFO] [stderr]    Compiling strsim v0.8.0
[INFO] [stderr]    Compiling ansi_term v0.11.0
[INFO] [stderr]    Compiling vec_map v0.8.2
[INFO] [stderr]    Compiling packed_simd_2 v0.3.5
[INFO] [stderr]    Compiling syn v1.0.73
[INFO] [stderr]     Checking permutohedron v0.2.4
[INFO] [stderr]     Checking intcode v1.0.0 (https://github.com/isavegas/intcode?tag=v1.0.0#a80167e2)
[INFO] [stderr]    Compiling textwrap v0.11.0
[INFO] [stdout] error[E0557]: feature has been removed
[INFO] [stdout]    --> /opt/rustwide/cargo-home/registry/src/github.com-1ecc6299db9ec823/packed_simd_2-0.3.5/src/lib.rs:215:5
[INFO] [stdout]     |
[INFO] [stdout] 215 |     const_generics,
[INFO] [stdout]     |     ^^^^^^^^^^^^^^ feature has been removed
[INFO] [stdout]     |
[INFO] [stdout]     = note: removed in favor of `#![feature(adt_const_params]` and `#![feature(generic_const_exprs)]`
[INFO] [stdout] 
[INFO] [stdout] 
[INFO] [stderr]     Checking atty v0.2.14
[INFO] [stderr]     Checking clap v2.33.3
[INFO] [stdout] error: type parameters must be declared prior to const parameters
[INFO] [stdout]   --> /opt/rustwide/cargo-home/registry/src/github.com-1ecc6299db9ec823/packed_simd_2-0.3.5/src/codegen/llvm.rs:20:54
[INFO] [stdout]    |
[INFO] [stdout] 20 | pub unsafe fn __shuffle_vector2<const IDX: [u32; 2], T, U>(x: T, y: T) -> U
[INFO] [stdout]    |                                ----------------------^--^- help: reorder the parameters: lifetimes, then types, then consts: `<T, U, const IDX: [u32; 2]>`
[INFO] [stdout] 
[INFO] [stdout] 
[INFO] [stdout] error: type parameters must be declared prior to const parameters
[INFO] [stdout]   --> /opt/rustwide/cargo-home/registry/src/github.com-1ecc6299db9ec823/packed_simd_2-0.3.5/src/codegen/llvm.rs:30:54
[INFO] [stdout]    |
[INFO] [stdout] 30 | pub unsafe fn __shuffle_vector4<const IDX: [u32; 4], T, U>(x: T, y: T) -> U
[INFO] [stdout]    |                                ----------------------^--^- help: reorder the parameters: lifetimes, then types, then consts: `<T, U, const IDX: [u32; 4]>`
[INFO] [stdout] 
[INFO] [stdout] 
[INFO] [stdout] error: type parameters must be declared prior to const parameters
[INFO] [stdout]   --> /opt/rustwide/cargo-home/registry/src/github.com-1ecc6299db9ec823/packed_simd_2-0.3.5/src/codegen/llvm.rs:40:54
[INFO] [stdout]    |
[INFO] [stdout] 40 | pub unsafe fn __shuffle_vector8<const IDX: [u32; 8], T, U>(x: T, y: T) -> U
[INFO] [stdout]    |                                ----------------------^--^- help: reorder the parameters: lifetimes, then types, then consts: `<T, U, const IDX: [u32; 8]>`
[INFO] [stdout] 
[INFO] [stdout] 
[INFO] [stdout] error: type parameters must be declared prior to const parameters
[INFO] [stdout]   --> /opt/rustwide/cargo-home/registry/src/github.com-1ecc6299db9ec823/packed_simd_2-0.3.5/src/codegen/llvm.rs:50:56
[INFO] [stdout]    |
[INFO] [stdout] 50 | pub unsafe fn __shuffle_vector16<const IDX: [u32; 16], T, U>(x: T, y: T) -> U
[INFO] [stdout]    |                                 -----------------------^--^- help: reorder the parameters: lifetimes, then types, then consts: `<T, U, const IDX: [u32; 16]>`
[INFO] [stdout] 
[INFO] [stdout] 
[INFO] [stdout] error: type parameters must be declared prior to const parameters
[INFO] [stdout]   --> /opt/rustwide/cargo-home/registry/src/github.com-1ecc6299db9ec823/packed_simd_2-0.3.5/src/codegen/llvm.rs:60:56
[INFO] [stdout]    |
[INFO] [stdout] 60 | pub unsafe fn __shuffle_vector32<const IDX: [u32; 32], T, U>(x: T, y: T) -> U
[INFO] [stdout]    |                                 -----------------------^--^- help: reorder the parameters: lifetimes, then types, then consts: `<T, U, const IDX: [u32; 32]>`
[INFO] [stdout] 
[INFO] [stdout] 
[INFO] [stdout] error: type parameters must be declared prior to const parameters
[INFO] [stdout]   --> /opt/rustwide/cargo-home/registry/src/github.com-1ecc6299db9ec823/packed_simd_2-0.3.5/src/codegen/llvm.rs:70:56
[INFO] [stdout]    |
[INFO] [stdout] 70 | pub unsafe fn __shuffle_vector64<const IDX: [u32; 64], T, U>(x: T, y: T) -> U
[INFO] [stdout]    |                                 -----------------------^--^- help: reorder the parameters: lifetimes, then types, then consts: `<T, U, const IDX: [u32; 64]>`
[INFO] [stdout] 
[INFO] [stdout] 
[INFO] [stdout] error[E0554]: `#![feature]` may not be used on the beta release channel
[INFO] [stdout]    --> /opt/rustwide/cargo-home/registry/src/github.com-1ecc6299db9ec823/packed_simd_2-0.3.5/src/lib.rs:214:1
[INFO] [stdout]     |
[INFO] [stdout] 214 | / #![feature(
[INFO] [stdout] 215 | |     const_generics,
[INFO] [stdout] 216 | |     repr_simd,
[INFO] [stdout] 217 | |     rustc_attrs,
[INFO] [stdout] ...   |
[INFO] [stdout] 227 | |     llvm_asm
[INFO] [stdout] 228 | | )]
[INFO] [stdout]     | |__^
[INFO] [stdout] 
[INFO] [stdout] 
[INFO] [stderr]    Compiling automod v1.0.2
[INFO] [stderr]     Checking aoc_core v0.1.8 (https://github.com/isavegas/aoc_core?tag=v0.1.8#2d3b751b)
[INFO] [stdout] error[E0554]: `#![feature]` may not be used on the beta release channel
[INFO] [stdout]  --> /opt/rustwide/cargo-home/git/checkouts/aoc_core-310e7a230b86f380/2d3b751/src/lib.rs:1:1
[INFO] [stdout]   |
[INFO] [stdout] 1 | #![feature(option_result_contains)]
[INFO] [stdout]   | ^^^^^^^^^^^^^^^^^^^^^^^^^^^^^^^^^^^
[INFO] [stdout] 
[INFO] [stdout] 
[INFO] [stdout] error: aborting due to previous error
[INFO] [stdout] 
[INFO] [stdout] 
[INFO] [stdout] For more information about this error, try `rustc --explain E0554`.
[INFO] [stdout] 
[INFO] [stderr] error: could not compile `aoc_core` due to 2 previous errors
[INFO] [stderr] warning: build failed, waiting for other jobs to finish...
[INFO] [stdout] error: `[u32; 2]` is forbidden as the type of a const generic parameter
[INFO] [stdout]   --> /opt/rustwide/cargo-home/registry/src/github.com-1ecc6299db9ec823/packed_simd_2-0.3.5/src/codegen/llvm.rs:20:44
[INFO] [stdout]    |
[INFO] [stdout] 20 | pub unsafe fn __shuffle_vector2<const IDX: [u32; 2], T, U>(x: T, y: T) -> U
[INFO] [stdout]    |                                            ^^^^^^^^
[INFO] [stdout]    |
[INFO] [stdout]    = note: the only supported types are integers, `bool` and `char`
[INFO] [stdout] 
[INFO] [stdout] 
[INFO] [stdout] error: `[u32; 4]` is forbidden as the type of a const generic parameter
[INFO] [stdout]   --> /opt/rustwide/cargo-home/registry/src/github.com-1ecc6299db9ec823/packed_simd_2-0.3.5/src/codegen/llvm.rs:30:44
[INFO] [stdout]    |
[INFO] [stdout] 30 | pub unsafe fn __shuffle_vector4<const IDX: [u32; 4], T, U>(x: T, y: T) -> U
[INFO] [stdout]    |                                            ^^^^^^^^
[INFO] [stdout]    |
[INFO] [stdout]    = note: the only supported types are integers, `bool` and `char`
[INFO] [stdout] 
[INFO] [stdout] 
[INFO] [stdout] error: `[u32; 8]` is forbidden as the type of a const generic parameter
[INFO] [stdout]   --> /opt/rustwide/cargo-home/registry/src/github.com-1ecc6299db9ec823/packed_simd_2-0.3.5/src/codegen/llvm.rs:40:44
[INFO] [stdout]    |
[INFO] [stdout] 40 | pub unsafe fn __shuffle_vector8<const IDX: [u32; 8], T, U>(x: T, y: T) -> U
[INFO] [stdout]    |                                            ^^^^^^^^
[INFO] [stdout]    |
[INFO] [stdout]    = note: the only supported types are integers, `bool` and `char`
[INFO] [stdout] 
[INFO] [stdout] 
[INFO] [stdout] error: `[u32; 16]` is forbidden as the type of a const generic parameter
[INFO] [stdout]   --> /opt/rustwide/cargo-home/registry/src/github.com-1ecc6299db9ec823/packed_simd_2-0.3.5/src/codegen/llvm.rs:50:45
[INFO] [stdout]    |
[INFO] [stdout] 50 | pub unsafe fn __shuffle_vector16<const IDX: [u32; 16], T, U>(x: T, y: T) -> U
[INFO] [stdout]    |                                             ^^^^^^^^^
[INFO] [stdout]    |
[INFO] [stdout]    = note: the only supported types are integers, `bool` and `char`
[INFO] [stdout] 
[INFO] [stdout] 
[INFO] [stdout] error: `[u32; 32]` is forbidden as the type of a const generic parameter
[INFO] [stdout]   --> /opt/rustwide/cargo-home/registry/src/github.com-1ecc6299db9ec823/packed_simd_2-0.3.5/src/codegen/llvm.rs:60:45
[INFO] [stdout]    |
[INFO] [stdout] 60 | pub unsafe fn __shuffle_vector32<const IDX: [u32; 32], T, U>(x: T, y: T) -> U
[INFO] [stdout]    |                                             ^^^^^^^^^
[INFO] [stdout]    |
[INFO] [stdout]    = note: the only supported types are integers, `bool` and `char`
[INFO] [stdout] 
[INFO] [stdout] 
[INFO] [stdout] error: `[u32; 64]` is forbidden as the type of a const generic parameter
[INFO] [stdout]   --> /opt/rustwide/cargo-home/registry/src/github.com-1ecc6299db9ec823/packed_simd_2-0.3.5/src/codegen/llvm.rs:70:45
[INFO] [stdout]    |
[INFO] [stdout] 70 | pub unsafe fn __shuffle_vector64<const IDX: [u32; 64], T, U>(x: T, y: T) -> U
[INFO] [stdout]    |                                             ^^^^^^^^^
[INFO] [stdout]    |
[INFO] [stdout]    = note: the only supported types are integers, `bool` and `char`
[INFO] [stdout] 
[INFO] [stdout] 
[INFO] [stdout] error: aborting due to 14 previous errors
[INFO] [stdout] 
[INFO] [stdout] 
[INFO] [stdout] Some errors have detailed explanations: E0554, E0557.
[INFO] [stdout] 
[INFO] [stdout] For more information about an error, try `rustc --explain E0554`.
[INFO] [stdout] 
[INFO] [stderr] error: build failed
[INFO] running `Command { std: "docker" "inspect" "8f5d1a134c81c2a57e1f8aba72af0ccf7448f25b6b2169181300da206319825c", kill_on_drop: false }`
[INFO] running `Command { std: "docker" "rm" "-f" "8f5d1a134c81c2a57e1f8aba72af0ccf7448f25b6b2169181300da206319825c", kill_on_drop: false }`
[INFO] [stdout] 8f5d1a134c81c2a57e1f8aba72af0ccf7448f25b6b2169181300da206319825c
