[INFO] cloning repository https://github.com/iovxw/relm-animation-example
[INFO] running `Command { std: "git" "-c" "credential.helper=" "-c" "credential.helper=/workspace/cargo-home/bin/git-credential-null" "clone" "--bare" "https://github.com/iovxw/relm-animation-example" "/workspace/cache/git-repos/https%3A%2F%2Fgithub.com%2Fiovxw%2Frelm-animation-example", kill_on_drop: false }`
[INFO] [stderr] Cloning into bare repository '/workspace/cache/git-repos/https%3A%2F%2Fgithub.com%2Fiovxw%2Frelm-animation-example'...
[INFO] running `Command { std: "git" "rev-parse" "HEAD", kill_on_drop: false }`
[INFO] [stdout] 529d6035d43d7fd85ba0beeaaa5fd1d562eede56
[INFO] checking iovxw/relm-animation-example against 1.55.0 for beta-1.56-3
[INFO] running `Command { std: "git" "clone" "/workspace/cache/git-repos/https%3A%2F%2Fgithub.com%2Fiovxw%2Frelm-animation-example" "/workspace/builds/worker-8/source", kill_on_drop: false }`
[INFO] [stderr] Cloning into '/workspace/builds/worker-8/source'...
[INFO] [stderr] done.
[INFO] validating manifest of git repo https://github.com/iovxw/relm-animation-example on toolchain 1.55.0
[INFO] running `Command { std: "/workspace/cargo-home/bin/cargo" "+1.55.0" "metadata" "--manifest-path" "Cargo.toml" "--no-deps", kill_on_drop: false }`
[INFO] started tweaking git repo https://github.com/iovxw/relm-animation-example
[INFO] finished tweaking git repo https://github.com/iovxw/relm-animation-example
[INFO] tweaked toml for git repo https://github.com/iovxw/relm-animation-example written to /workspace/builds/worker-8/source/Cargo.toml
[INFO] crate git repo https://github.com/iovxw/relm-animation-example already has a lockfile, it will not be regenerated
[INFO] running `Command { std: "/workspace/cargo-home/bin/cargo" "+1.55.0" "fetch" "--manifest-path" "Cargo.toml", kill_on_drop: false }`
[INFO] [stderr]     Blocking waiting for file lock on package cache
[INFO] running `Command { std: "docker" "create" "-v" "/var/lib/crater-agent-workspace/builds/worker-8/target:/opt/rustwide/target:rw,Z" "-v" "/var/lib/crater-agent-workspace/builds/worker-8/source:/opt/rustwide/workdir:ro,Z" "-v" "/var/lib/crater-agent-workspace/cargo-home:/opt/rustwide/cargo-home:ro,Z" "-v" "/var/lib/crater-agent-workspace/rustup-home:/opt/rustwide/rustup-home:ro,Z" "-e" "SOURCE_DIR=/opt/rustwide/workdir" "-e" "CARGO_TARGET_DIR=/opt/rustwide/target" "-e" "CARGO_HOME=/opt/rustwide/cargo-home" "-e" "RUSTUP_HOME=/opt/rustwide/rustup-home" "-w" "/opt/rustwide/workdir" "-m" "1610612736" "--user" "0:0" "--network" "none" "ghcr.io/rust-lang/crates-build-env/linux@sha256:a89201d6b5b9fd45c15d5952ece0a0129e7e80cb26ec023fd59cf09bc26f1604" "/opt/rustwide/cargo-home/bin/cargo" "+1.55.0" "metadata" "--no-deps" "--format-version=1", kill_on_drop: false }`
[INFO] [stdout] 7079c0f4bd8972bc7ae52f102c3300674d549cc2d9c5839be5a5046b8fccc48e
[INFO] [stderr] WARNING: Your kernel does not support swap limit capabilities or the cgroup is not mounted. Memory limited without swap.
[INFO] running `Command { std: "docker" "start" "-a" "7079c0f4bd8972bc7ae52f102c3300674d549cc2d9c5839be5a5046b8fccc48e", kill_on_drop: false }`
[INFO] running `Command { std: "docker" "inspect" "7079c0f4bd8972bc7ae52f102c3300674d549cc2d9c5839be5a5046b8fccc48e", kill_on_drop: false }`
[INFO] running `Command { std: "docker" "rm" "-f" "7079c0f4bd8972bc7ae52f102c3300674d549cc2d9c5839be5a5046b8fccc48e", kill_on_drop: false }`
[INFO] [stdout] 7079c0f4bd8972bc7ae52f102c3300674d549cc2d9c5839be5a5046b8fccc48e
[INFO] running `Command { std: "docker" "create" "-v" "/var/lib/crater-agent-workspace/builds/worker-8/target:/opt/rustwide/target:rw,Z" "-v" "/var/lib/crater-agent-workspace/builds/worker-8/source:/opt/rustwide/workdir:ro,Z" "-v" "/var/lib/crater-agent-workspace/cargo-home:/opt/rustwide/cargo-home:ro,Z" "-v" "/var/lib/crater-agent-workspace/rustup-home:/opt/rustwide/rustup-home:ro,Z" "-e" "SOURCE_DIR=/opt/rustwide/workdir" "-e" "CARGO_TARGET_DIR=/opt/rustwide/target" "-e" "CARGO_INCREMENTAL=0" "-e" "RUST_BACKTRACE=full" "-e" "RUSTFLAGS=--cap-lints=warn" "-e" "CARGO_HOME=/opt/rustwide/cargo-home" "-e" "RUSTUP_HOME=/opt/rustwide/rustup-home" "-w" "/opt/rustwide/workdir" "-m" "1610612736" "--user" "0:0" "--network" "none" "ghcr.io/rust-lang/crates-build-env/linux@sha256:a89201d6b5b9fd45c15d5952ece0a0129e7e80cb26ec023fd59cf09bc26f1604" "/opt/rustwide/cargo-home/bin/cargo" "+1.55.0" "check" "--frozen" "--all" "--all-targets" "--message-format=json", kill_on_drop: false }`
[INFO] [stdout] 479856de116a41a421bf01c0cec119ee74547594f4d8094e083106f439c74af5
[INFO] [stderr] WARNING: Your kernel does not support swap limit capabilities or the cgroup is not mounted. Memory limited without swap.
[INFO] running `Command { std: "docker" "start" "-a" "479856de116a41a421bf01c0cec119ee74547594f4d8094e083106f439c74af5", kill_on_drop: false }`
[INFO] [stderr]     Checking libc v0.2.21
[INFO] [stderr]     Checking bitflags v0.4.0
[INFO] [stderr]     Checking log v0.3.7
[INFO] [stderr]     Checking bitflags v0.5.0
[INFO] [stderr]     Checking byteorder v1.0.0
[INFO] [stderr]     Checking futures v0.1.13
[INFO] [stderr]     Checking cfg-if v0.1.0
[INFO] [stderr]     Checking lazycell v0.4.0
[INFO] [stderr]    Compiling gcc v0.3.45
[INFO] [stderr]    Compiling cairo-rs v0.1.2
[INFO] [stderr]    Compiling gio v0.1.2
[INFO] [stderr]    Compiling gdk-pixbuf v0.1.2
[INFO] [stderr]     Checking matches v0.1.4
[INFO] [stderr]     Checking c_vec v1.2.0
[INFO] [stderr]    Compiling gdk v0.5.2
[INFO] [stderr]    Compiling openssl v0.9.11
[INFO] [stderr]    Compiling gtk v0.1.2
[INFO] [stderr]     Checking bitflags v0.8.2
[INFO] [stderr]     Checking foreign-types v0.2.0
[INFO] [stderr]     Checking unicode-normalization v0.1.4
[INFO] [stderr]     Checking httparse v1.2.2
[INFO] [stderr]     Checking term v0.4.5
[INFO] [stderr]     Checking json v0.11.6
[INFO] [stderr]    Compiling glib-sys v0.3.3
[INFO] [stderr]    Compiling gobject-sys v0.3.3
[INFO] [stderr]    Compiling gio-sys v0.3.3
[INFO] [stderr]    Compiling gdk-pixbuf-sys v0.3.3
[INFO] [stderr]    Compiling cairo-sys-rs v0.3.3
[INFO] [stderr]    Compiling pango-sys v0.3.3
[INFO] [stderr]    Compiling gdk-sys v0.3.3
[INFO] [stderr]    Compiling atk-sys v0.3.3
[INFO] [stderr]    Compiling gtk-sys v0.3.3
[INFO] [stderr]     Checking unicode-bidi v0.2.5
[INFO] [stderr]     Checking mime v0.2.3
[INFO] [stderr]     Checking base64 v0.4.1
[INFO] [stderr]     Checking iovec v0.1.0
[INFO] [stderr]     Checking net2 v0.2.27
[INFO] [stderr]     Checking time v0.1.37
[INFO] [stderr]     Checking num_cpus v1.3.0
[INFO] [stderr]     Checking rand v0.3.15
[INFO] [stderr]    Compiling unicase v1.4.0
[INFO] [stderr]    Compiling syn v0.11.11
[INFO] [stderr]     Checking bytes v0.4.2
[INFO] [stderr]    Compiling openssl-sys v0.9.11
[INFO] [stderr]     Checking mio v0.6.6
[INFO] [stderr]     Checking idna v0.1.1
[INFO] [stderr]     Checking simplelog v0.4.2
[INFO] [stderr]     Checking tokio-io v0.1.1
[INFO] [stderr]     Checking tokio-service v0.1.0
[INFO] [stderr]     Checking futures-cpupool v0.1.5
[INFO] [stderr]     Checking tokio-core v0.1.6
[INFO] [stderr]     Checking url v1.4.0
[INFO] [stderr]     Checking glib v0.1.2
[INFO] [stderr]     Checking tokio-proto v0.1.1
[INFO] [stdout] error[E0119]: conflicting implementations of trait `value::SetValueOptional` for type `&_`
[INFO] [stdout]    --> /opt/rustwide/cargo-home/registry/src/github.com-1ecc6299db9ec823/glib-0.1.2/src/value.rs:489:1
[INFO] [stdout]     |
[INFO] [stdout] 458 | impl<'a, T: ?Sized + SetValueOptional> SetValueOptional for &'a T {
[INFO] [stdout]     | ----------------------------------------------------------------- first implementation here
[INFO] [stdout] ...
[INFO] [stdout] 489 | impl<T: IsA<Object>> SetValueOptional for T {
[INFO] [stdout]     | ^^^^^^^^^^^^^^^^^^^^^^^^^^^^^^^^^^^^^^^^^^^ conflicting implementation for `&_`
[INFO] [stdout]     |
[INFO] [stdout]     = note: downstream crates may implement trait `object::IsA<object::Object>` for type `&_`
[INFO] [stdout] 
[INFO] [stdout] 
[INFO] [stdout] error[E0119]: conflicting implementations of trait `value::SetValue` for type `&_`
[INFO] [stdout]    --> /opt/rustwide/cargo-home/registry/src/github.com-1ecc6299db9ec823/glib-0.1.2/src/value.rs:483:1
[INFO] [stdout]     |
[INFO] [stdout] 452 | impl<'a, T: ?Sized + SetValue> SetValue for &'a T {
[INFO] [stdout]     | ------------------------------------------------- first implementation here
[INFO] [stdout] ...
[INFO] [stdout] 483 | impl<T: IsA<Object>> SetValue for T {
[INFO] [stdout]     | ^^^^^^^^^^^^^^^^^^^^^^^^^^^^^^^^^^^ conflicting implementation for `&_`
[INFO] [stdout]     |
[INFO] [stdout]     = note: downstream crates may implement trait `object::IsA<object::Object>` for type `&_`
[INFO] [stdout] 
[INFO] [stdout] 
[INFO] [stdout] error: aborting due to 2 previous errors
[INFO] [stdout] 
[INFO] [stdout] 
[INFO] [stdout] For more information about this error, try `rustc --explain E0119`.
[INFO] [stdout] 
[INFO] [stdout] error[E0713]: borrow may still be in use when destructor runs
[INFO] [stdout]    --> /opt/rustwide/cargo-home/registry/src/github.com-1ecc6299db9ec823/url-1.4.0/src/form_urlencoded.rs:246:40
[INFO] [stdout]     |
[INFO] [stdout] 244 | impl<'a> Target for ::UrlQuery<'a> {
[INFO] [stdout]     |      -- lifetime `'a` defined here
[INFO] [stdout] 245 |     fn as_mut_string(&mut self) -> &mut String { &mut self.url.serialization }
[INFO] [stdout] 246 |     fn finish(self) -> &'a mut ::Url { self.url }
[INFO] [stdout]     |                                        ^^^^^^^^ - here, drop of `self` needs exclusive access to `*self.url`, because the type `UrlQuery<'_>` implements the `Drop` trait
[INFO] [stdout]     |                                        |
[INFO] [stdout]     |                                        returning this value requires that `*self.url` is borrowed for `'a`
[INFO] [stdout] 
[INFO] [stdout] 
[INFO] [stderr] error: could not compile `glib` due to 3 previous errors
[INFO] [stderr] warning: build failed, waiting for other jobs to finish...
[INFO] [stdout] error: aborting due to previous error
[INFO] [stdout] 
[INFO] [stdout] 
[INFO] [stdout] For more information about this error, try `rustc --explain E0713`.
[INFO] [stdout] 
[INFO] [stderr] error: build failed
[INFO] running `Command { std: "docker" "inspect" "479856de116a41a421bf01c0cec119ee74547594f4d8094e083106f439c74af5", kill_on_drop: false }`
[INFO] running `Command { std: "docker" "rm" "-f" "479856de116a41a421bf01c0cec119ee74547594f4d8094e083106f439c74af5", kill_on_drop: false }`
[INFO] [stdout] 479856de116a41a421bf01c0cec119ee74547594f4d8094e083106f439c74af5
