[INFO] cloning repository https://github.com/iovxw/biying
[INFO] running `Command { std: "git" "-c" "credential.helper=" "-c" "credential.helper=/workspace/cargo-home/bin/git-credential-null" "clone" "--bare" "https://github.com/iovxw/biying" "/workspace/cache/git-repos/https%3A%2F%2Fgithub.com%2Fiovxw%2Fbiying", kill_on_drop: false }`
[INFO] [stderr] Cloning into bare repository '/workspace/cache/git-repos/https%3A%2F%2Fgithub.com%2Fiovxw%2Fbiying'...
[INFO] running `Command { std: "git" "rev-parse" "HEAD", kill_on_drop: false }`
[INFO] [stdout] b2221512533c6222381aa5f48ba0398e1ed7d33e
[INFO] checking iovxw/biying against 1.55.0 for beta-1.56-3
[INFO] running `Command { std: "git" "clone" "/workspace/cache/git-repos/https%3A%2F%2Fgithub.com%2Fiovxw%2Fbiying" "/workspace/builds/worker-11/source", kill_on_drop: false }`
[INFO] [stderr] Cloning into '/workspace/builds/worker-11/source'...
[INFO] [stderr] done.
[INFO] validating manifest of git repo https://github.com/iovxw/biying on toolchain 1.55.0
[INFO] running `Command { std: "/workspace/cargo-home/bin/cargo" "+1.55.0" "metadata" "--manifest-path" "Cargo.toml" "--no-deps", kill_on_drop: false }`
[INFO] started tweaking git repo https://github.com/iovxw/biying
[INFO] finished tweaking git repo https://github.com/iovxw/biying
[INFO] tweaked toml for git repo https://github.com/iovxw/biying written to /workspace/builds/worker-11/source/Cargo.toml
[INFO] crate git repo https://github.com/iovxw/biying already has a lockfile, it will not be regenerated
[INFO] running `Command { std: "/workspace/cargo-home/bin/cargo" "+1.55.0" "fetch" "--manifest-path" "Cargo.toml", kill_on_drop: false }`
[INFO] [stderr]     Blocking waiting for file lock on package cache
[INFO] [stderr]  Downloading crates ...
[INFO] [stderr]   Downloaded dbus-codegen v0.9.0
[INFO] [stderr]   Downloaded dbus-tree v0.9.0
[INFO] [stderr]   Downloaded ksni v0.2.0
[INFO] [stderr]   Downloaded dbus v0.9.0
[INFO] [stderr]   Downloaded cpp v0.5.4
[INFO] [stderr]   Downloaded cpp_build v0.5.4
[INFO] [stderr]   Downloaded cpp_common v0.5.4
[INFO] [stderr]   Downloaded cpp_macros v0.5.4
[INFO] running `Command { std: "docker" "create" "-v" "/var/lib/crater-agent-workspace/builds/worker-11/target:/opt/rustwide/target:rw,Z" "-v" "/var/lib/crater-agent-workspace/builds/worker-11/source:/opt/rustwide/workdir:ro,Z" "-v" "/var/lib/crater-agent-workspace/cargo-home:/opt/rustwide/cargo-home:ro,Z" "-v" "/var/lib/crater-agent-workspace/rustup-home:/opt/rustwide/rustup-home:ro,Z" "-e" "SOURCE_DIR=/opt/rustwide/workdir" "-e" "CARGO_TARGET_DIR=/opt/rustwide/target" "-e" "CARGO_HOME=/opt/rustwide/cargo-home" "-e" "RUSTUP_HOME=/opt/rustwide/rustup-home" "-w" "/opt/rustwide/workdir" "-m" "1610612736" "--user" "0:0" "--network" "none" "ghcr.io/rust-lang/crates-build-env/linux@sha256:a89201d6b5b9fd45c15d5952ece0a0129e7e80cb26ec023fd59cf09bc26f1604" "/opt/rustwide/cargo-home/bin/cargo" "+1.55.0" "metadata" "--no-deps" "--format-version=1", kill_on_drop: false }`
[INFO] [stdout] 6b0fb81c09976e580593fffafffaf6d3bd6d6887afb0c994c0ebd1ac15cc9946
[INFO] [stderr] WARNING: Your kernel does not support swap limit capabilities or the cgroup is not mounted. Memory limited without swap.
[INFO] running `Command { std: "docker" "start" "-a" "6b0fb81c09976e580593fffafffaf6d3bd6d6887afb0c994c0ebd1ac15cc9946", kill_on_drop: false }`
[INFO] running `Command { std: "docker" "inspect" "6b0fb81c09976e580593fffafffaf6d3bd6d6887afb0c994c0ebd1ac15cc9946", kill_on_drop: false }`
[INFO] running `Command { std: "docker" "rm" "-f" "6b0fb81c09976e580593fffafffaf6d3bd6d6887afb0c994c0ebd1ac15cc9946", kill_on_drop: false }`
[INFO] [stdout] 6b0fb81c09976e580593fffafffaf6d3bd6d6887afb0c994c0ebd1ac15cc9946
[INFO] running `Command { std: "docker" "create" "-v" "/var/lib/crater-agent-workspace/builds/worker-11/target:/opt/rustwide/target:rw,Z" "-v" "/var/lib/crater-agent-workspace/builds/worker-11/source:/opt/rustwide/workdir:ro,Z" "-v" "/var/lib/crater-agent-workspace/cargo-home:/opt/rustwide/cargo-home:ro,Z" "-v" "/var/lib/crater-agent-workspace/rustup-home:/opt/rustwide/rustup-home:ro,Z" "-e" "SOURCE_DIR=/opt/rustwide/workdir" "-e" "CARGO_TARGET_DIR=/opt/rustwide/target" "-e" "CARGO_INCREMENTAL=0" "-e" "RUST_BACKTRACE=full" "-e" "RUSTFLAGS=--cap-lints=warn" "-e" "CARGO_HOME=/opt/rustwide/cargo-home" "-e" "RUSTUP_HOME=/opt/rustwide/rustup-home" "-w" "/opt/rustwide/workdir" "-m" "1610612736" "--user" "0:0" "--network" "none" "ghcr.io/rust-lang/crates-build-env/linux@sha256:a89201d6b5b9fd45c15d5952ece0a0129e7e80cb26ec023fd59cf09bc26f1604" "/opt/rustwide/cargo-home/bin/cargo" "+1.55.0" "check" "--frozen" "--all" "--all-targets" "--message-format=json", kill_on_drop: false }`
[INFO] [stderr] WARNING: Your kernel does not support swap limit capabilities or the cgroup is not mounted. Memory limited without swap.
[INFO] [stdout] 120b56fd99e60577243f4e9ccf0fccc0147d8926a41537c9d0b69f5f201b5aa4
[INFO] running `Command { std: "docker" "start" "-a" "120b56fd99e60577243f4e9ccf0fccc0147d8926a41537c9d0b69f5f201b5aa4", kill_on_drop: false }`
[INFO] [stderr]     Blocking waiting for file lock on package cache
[INFO] [stderr]    Compiling syn v1.0.64
[INFO] [stderr]    Compiling memchr v2.4.0
[INFO] [stderr]    Compiling serde_derive v1.0.129
[INFO] [stderr]    Compiling serde v1.0.129
[INFO] [stderr]    Compiling unicode-width v0.1.7
[INFO] [stderr]    Compiling vec_map v0.8.1
[INFO] [stderr]    Compiling if_rust_version v1.0.0
[INFO] [stderr]    Compiling failure_derive v0.1.7
[INFO] [stderr]     Checking weezl v0.1.0
[INFO] [stderr]    Compiling serde_json v1.0.66
[INFO] [stderr]    Compiling futures-macro v0.3.16
[INFO] [stderr]    Compiling tokio v1.10.1
[INFO] [stderr]    Compiling futures-util v0.3.16
[INFO] [stderr]    Compiling num-traits v0.2.11
[INFO] [stderr]    Compiling indexmap v1.6.2
[INFO] [stderr]    Compiling num-integer v0.1.42
[INFO] [stderr]    Compiling miniz_oxide v0.4.3
[INFO] [stderr]    Compiling num-rational v0.3.0
[INFO] [stderr]    Compiling libdbus-sys v0.2.1
[INFO] [stderr]    Compiling openssl-sys v0.9.65
[INFO] [stderr]    Compiling textwrap v0.11.0
[INFO] [stderr]    Compiling proc-macro2 v1.0.24
[INFO] [stderr]     Checking gif v0.11.1
[INFO] [stderr]     Checking tracing v0.1.26
[INFO] [stderr]     Checking http-body v0.4.2
[INFO] [stderr]     Checking num_cpus v1.12.0
[INFO] [stderr]     Checking getrandom v0.2.2
[INFO] [stderr]     Checking socket2 v0.4.0
[INFO] [stderr]     Checking time v0.1.43
[INFO] [stderr]    Compiling atty v0.2.14
[INFO] [stderr]     Checking mio v0.7.13
[INFO] [stderr]     Checking backtrace-sys v0.1.32
[INFO] [stderr]     Checking flate2 v1.0.13
[INFO] [stderr]     Checking url v2.2.0
[INFO] [stderr]     Checking png v0.16.5
[INFO] [stderr]    Compiling clap v2.33.0
[INFO] [stderr]     Checking rand_core v0.6.1
[INFO] [stderr]     Checking backtrace v0.3.44
[INFO] [stderr]    Compiling quote v1.0.7
[INFO] [stderr]     Checking crossbeam-epoch v0.8.2
[INFO] [stderr]     Checking rand_chacha v0.3.0
[INFO] [stderr]    Compiling dbus v0.9.0
[INFO] [stderr]    Compiling aho-corasick v0.7.18
[INFO] [stderr]     Checking rand v0.8.4
[INFO] [stderr]     Checking crossbeam-deque v0.7.3
[INFO] [stderr]    Compiling cstr v0.2.8
[INFO] [stderr]    Compiling openssl v0.10.35
[INFO] [stderr]    Compiling native-tls v0.2.7
[INFO] [stderr]     Checking rayon-core v1.7.0
[INFO] [stderr]     Checking rayon v1.3.0
[INFO] [stderr]    Compiling regex v1.5.4
[INFO] [stderr]     Checking num-iter v0.1.40
[INFO] [stderr]     Checking dbus-tree v0.9.0
[INFO] [stderr]    Compiling dbus-codegen v0.9.0
[INFO] [stderr]     Checking jpeg-decoder v0.1.22
[INFO] [stderr]     Checking tiff v0.6.0
[INFO] [stderr]     Checking tokio-util v0.6.7
[INFO] [stderr]     Checking async-compression v0.3.8
[INFO] [stderr]     Checking tokio-native-tls v0.3.0
[INFO] [stderr]    Compiling ksni v0.2.0
[INFO] [stderr]     Checking image v0.23.14
[INFO] [stderr]    Compiling cpp_common v0.5.4
[INFO] [stderr]    Compiling synstructure v0.12.3
[INFO] [stderr]    Compiling cpp_build v0.5.4
[INFO] [stderr]    Compiling qmetaobject v0.1.4 (https://github.com/woboq/qmetaobject-rs.git#06ab1121)
[INFO] [stderr]    Compiling cpp_macros v0.5.4
[INFO] [stderr]    Compiling thiserror-impl v1.0.19
[INFO] [stderr]    Compiling biying v1.1.1 (/opt/rustwide/workdir)
[INFO] [stderr]    Compiling qmetaobject_impl v0.1.4 (https://github.com/woboq/qmetaobject-rs.git#06ab1121)
[INFO] [stderr]     Checking failure v0.1.8
[INFO] [stderr]     Checking thiserror v1.0.19
[INFO] [stderr]     Checking cpp v0.5.4
[INFO] [stderr]     Checking h2 v0.3.3
[INFO] [stderr]     Checking futures-executor v0.3.16
[INFO] [stderr]     Checking futures v0.3.16
[INFO] [stderr] warning: In file included from /usr/include/x86_64-linux-gnu/qt5/QtCore/qabstractitemmodel.h:43,
[INFO] [stderr] warning:                  from /usr/include/x86_64-linux-gnu/qt5/QtCore/QtCore:10,
[INFO] [stderr] warning:                  from /usr/include/x86_64-linux-gnu/qt5/QtQuick/QtQuickDepends:3,
[INFO] [stderr] warning:                  from /usr/include/x86_64-linux-gnu/qt5/QtQuick/QtQuick:3,
[INFO] [stderr] warning:                  from src/main.rs:23:
[INFO] [stderr] warning: /usr/include/x86_64-linux-gnu/qt5/QtCore/qvariant.h: In constructor 'QVariant::QVariant(QVariant&&)':
[INFO] [stderr] warning: /usr/include/x86_64-linux-gnu/qt5/QtCore/qvariant.h:275:25: warning: implicitly-declared 'QVariant::Private& QVariant::Private::operator=(const QVariant::Private&)' is deprecated [-Wdeprecated-copy]
[INFO] [stderr] warning:   275 |     { other.d = Private(); }
[INFO] [stderr] warning:       |                         ^
[INFO] [stderr] warning: /usr/include/x86_64-linux-gnu/qt5/QtCore/qvariant.h:401:16: note: because 'QVariant::Private' has user-provided 'QVariant::Private::Private(const QVariant::Private&)'
[INFO] [stderr] warning:   401 |         inline Private(const Private &other) Q_DECL_NOTHROW
[INFO] [stderr] warning:       |                ^~~~~~~
[INFO] [stderr]     Checking hyper v0.14.9
[INFO] [stderr]     Checking serde_urlencoded v0.7.0
[INFO] [stderr]     Checking chrono v0.4.19
[INFO] [stderr]     Checking toml v0.5.8
[INFO] [stderr]     Checking hyper-tls v0.5.0
[INFO] [stderr]     Checking reqwest v0.11.4
[INFO] [stdout] error: environment variable `AVOS_ID` not defined
[INFO] [stdout]   --> src/implementation.rs:29:23
[INFO] [stdout]    |
[INFO] [stdout] 29 | const AVOS_ID: &str = env!("AVOS_ID");
[INFO] [stdout]    |                       ^^^^^^^^^^^^^^^
[INFO] [stdout]    |
[INFO] [stdout]    = note: this error originates in the macro `env` (in Nightly builds, run with -Z macro-backtrace for more info)
[INFO] [stdout] 
[INFO] [stdout] 
[INFO] [stdout] error: environment variable `AVOS_KEY` not defined
[INFO] [stdout]   --> src/implementation.rs:31:24
[INFO] [stdout]    |
[INFO] [stdout] 31 | const AVOS_KEY: &str = env!("AVOS_KEY");
[INFO] [stdout]    |                        ^^^^^^^^^^^^^^^^
[INFO] [stdout]    |
[INFO] [stdout]    = note: this error originates in the macro `env` (in Nightly builds, run with -Z macro-backtrace for more info)
[INFO] [stdout] 
[INFO] [stdout] 
[INFO] [stdout] error: couldn't read /opt/rustwide/workdir/assets/variety/data/scripts/set_wallpaper: No such file or directory (os error 2)
[INFO] [stdout]    --> src/main.rs:115:34
[INFO] [stdout]     |
[INFO] [stdout] 115 |       let set_wallpaper_fallback = include_bytes!(concat!(
[INFO] [stdout]     |  __________________________________^
[INFO] [stdout] 116 | |         env!("CARGO_MANIFEST_DIR"),
[INFO] [stdout] 117 | |         "/assets/variety/data/scripts/set_wallpaper"
[INFO] [stdout] 118 | |     ));
[INFO] [stdout]     | |______^
[INFO] [stdout]     |
[INFO] [stdout]     = note: this error originates in the macro `include_bytes` (in Nightly builds, run with -Z macro-backtrace for more info)
[INFO] [stdout] 
[INFO] [stdout] 
[INFO] [stdout] error: couldn't read /opt/rustwide/workdir/assets/variety/data/scripts/set_wallpaper: No such file or directory (os error 2)
[INFO] [stdout]    --> src/main.rs:115:34
[INFO] [stdout]     |
[INFO] [stdout] 115 |       let set_wallpaper_fallback = include_bytes!(concat!(
[INFO] [stdout]     |  __________________________________^
[INFO] [stdout] 116 | |         env!("CARGO_MANIFEST_DIR"),
[INFO] [stdout] 117 | |         "/assets/variety/data/scripts/set_wallpaper"
[INFO] [stdout] 118 | |     ));
[INFO] [stdout]     | |______^
[INFO] [stdout]     |
[INFO] [stdout]     = note: this error originates in the macro `include_bytes` (in Nightly builds, run with -Z macro-backtrace for more info)
[INFO] [stdout] 
[INFO] [stdout] 
[INFO] [stdout] error[E0554]: `#![feature]` may not be used on the stable release channel
[INFO] [stdout]  --> src/main.rs:1:1
[INFO] [stdout]   |
[INFO] [stdout] 1 | #![feature(try_trait_v2)]
[INFO] [stdout]   | ^^^^^^^^^^^^^^^^^^^^^^^^^
[INFO] [stdout] 
[INFO] [stdout] 
[INFO] [stdout] error[E0554]: `#![feature]` may not be used on the stable release channel
[INFO] [stdout]  --> src/main.rs:2:1
[INFO] [stdout]   |
[INFO] [stdout] 2 | #![feature(control_flow_enum)]
[INFO] [stdout]   | ^^^^^^^^^^^^^^^^^^^^^^^^^^^^^^
[INFO] [stdout] 
[INFO] [stdout] 
[INFO] [stdout] error[E0554]: `#![feature]` may not be used on the stable release channel
[INFO] [stdout]  --> src/main.rs:3:1
[INFO] [stdout]   |
[INFO] [stdout] 3 | #![feature(try_blocks)]
[INFO] [stdout]   | ^^^^^^^^^^^^^^^^^^^^^^^
[INFO] [stdout] 
[INFO] [stdout] 
[INFO] [stdout] error[E0554]: `#![feature]` may not be used on the stable release channel
[INFO] [stdout]  --> src/main.rs:1:1
[INFO] [stdout]   |
[INFO] [stdout] 1 | #![feature(try_trait_v2)]
[INFO] [stdout]   | ^^^^^^^^^^^^^^^^^^^^^^^^^
[INFO] [stdout] 
[INFO] [stdout] 
[INFO] [stdout] error[E0554]: `#![feature]` may not be used on the stable release channel
[INFO] [stdout]  --> src/main.rs:2:1
[INFO] [stdout]   |
[INFO] [stdout] 2 | #![feature(control_flow_enum)]
[INFO] [stdout]   | ^^^^^^^^^^^^^^^^^^^^^^^^^^^^^^
[INFO] [stdout] 
[INFO] [stdout] 
[INFO] [stdout] error[E0554]: `#![feature]` may not be used on the stable release channel
[INFO] [stdout]  --> src/main.rs:3:1
[INFO] [stdout]   |
[INFO] [stdout] 3 | #![feature(try_blocks)]
[INFO] [stdout]   | ^^^^^^^^^^^^^^^^^^^^^^^
[INFO] [stdout] 
[INFO] [stdout] 
[INFO] [stdout] error: aborting due to 6 previous errors
[INFO] [stdout] 
[INFO] [stdout] 
[INFO] [stdout] For more information about this error, try `rustc --explain E0554`.
[INFO] [stdout] 
[INFO] [stderr] The following warnings were emitted during compilation:
[INFO] [stderr] 
[INFO] [stderr] warning: In file included from /usr/include/x86_64-linux-gnu/qt5/QtCore/qabstractitemmodel.h:43,
[INFO] [stderr] warning:                  from /usr/include/x86_64-linux-gnu/qt5/QtCore/QtCore:10,
[INFO] [stderr] warning:                  from /usr/include/x86_64-linux-gnu/qt5/QtQuick/QtQuickDepends:3,
[INFO] [stderr] warning:                  from /usr/include/x86_64-linux-gnu/qt5/QtQuick/QtQuick:3,
[INFO] [stderr] warning:                  from src/main.rs:23:
[INFO] [stderr] warning: /usr/include/x86_64-linux-gnu/qt5/QtCore/qvariant.h: In constructor 'QVariant::QVariant(QVariant&&)':
[INFO] [stderr] warning: /usr/include/x86_64-linux-gnu/qt5/QtCore/qvariant.h:275:25: warning: implicitly-declared 'QVariant::Private& QVariant::Private::operator=(const QVariant::Private&)' is deprecated [-Wdeprecated-copy]
[INFO] [stderr] warning:   275 |     { other.d = Private(); }
[INFO] [stderr] warning:       |                         ^
[INFO] [stderr] warning: /usr/include/x86_64-linux-gnu/qt5/QtCore/qvariant.h:401:16: note: because 'QVariant::Private' has user-provided 'QVariant::Private::Private(const QVariant::Private&)'
[INFO] [stderr] warning:   401 |         inline Private(const Private &other) Q_DECL_NOTHROW
[INFO] [stderr] warning:       |                ^~~~~~~
[INFO] [stderr] 
[INFO] [stderr] error: could not compile `biying` due to 7 previous errors
[INFO] [stderr] warning: build failed, waiting for other jobs to finish...
[INFO] [stdout] error: aborting due to 4 previous errors
[INFO] [stdout] 
[INFO] [stdout] 
[INFO] [stdout] For more information about this error, try `rustc --explain E0554`.
[INFO] [stdout] 
[INFO] [stderr] The following warnings were emitted during compilation:
[INFO] [stderr] 
[INFO] [stderr] warning: In file included from /usr/include/x86_64-linux-gnu/qt5/QtCore/qabstractitemmodel.h:43,
[INFO] [stderr] warning:                  from /usr/include/x86_64-linux-gnu/qt5/QtCore/QtCore:10,
[INFO] [stderr] warning:                  from /usr/include/x86_64-linux-gnu/qt5/QtQuick/QtQuickDepends:3,
[INFO] [stderr] warning:                  from /usr/include/x86_64-linux-gnu/qt5/QtQuick/QtQuick:3,
[INFO] [stderr] warning:                  from src/main.rs:23:
[INFO] [stderr] warning: /usr/include/x86_64-linux-gnu/qt5/QtCore/qvariant.h: In constructor 'QVariant::QVariant(QVariant&&)':
[INFO] [stderr] warning: /usr/include/x86_64-linux-gnu/qt5/QtCore/qvariant.h:275:25: warning: implicitly-declared 'QVariant::Private& QVariant::Private::operator=(const QVariant::Private&)' is deprecated [-Wdeprecated-copy]
[INFO] [stderr] warning:   275 |     { other.d = Private(); }
[INFO] [stderr] warning:       |                         ^
[INFO] [stderr] warning: /usr/include/x86_64-linux-gnu/qt5/QtCore/qvariant.h:401:16: note: because 'QVariant::Private' has user-provided 'QVariant::Private::Private(const QVariant::Private&)'
[INFO] [stderr] warning:   401 |         inline Private(const Private &other) Q_DECL_NOTHROW
[INFO] [stderr] warning:       |                ^~~~~~~
[INFO] [stderr] 
[INFO] [stderr] error: build failed
[INFO] running `Command { std: "docker" "inspect" "120b56fd99e60577243f4e9ccf0fccc0147d8926a41537c9d0b69f5f201b5aa4", kill_on_drop: false }`
[INFO] running `Command { std: "docker" "rm" "-f" "120b56fd99e60577243f4e9ccf0fccc0147d8926a41537c9d0b69f5f201b5aa4", kill_on_drop: false }`
[INFO] [stdout] 120b56fd99e60577243f4e9ccf0fccc0147d8926a41537c9d0b69f5f201b5aa4
