[INFO] cloning repository https://github.com/ioustamora/solana-counter-bpf
[INFO] running `Command { std: "git" "-c" "credential.helper=" "-c" "credential.helper=/workspace/cargo-home/bin/git-credential-null" "clone" "--bare" "https://github.com/ioustamora/solana-counter-bpf" "/workspace/cache/git-repos/https%3A%2F%2Fgithub.com%2Fioustamora%2Fsolana-counter-bpf", kill_on_drop: false }`
[INFO] [stderr] Cloning into bare repository '/workspace/cache/git-repos/https%3A%2F%2Fgithub.com%2Fioustamora%2Fsolana-counter-bpf'...
[INFO] running `Command { std: "git" "rev-parse" "HEAD", kill_on_drop: false }`
[INFO] [stdout] ed16bac9c8f67f5cf1fe5f928d74170fd4a6675e
[INFO] checking ioustamora/solana-counter-bpf against beta-2021-10-15 for beta-1.56-3
[INFO] running `Command { std: "git" "clone" "/workspace/cache/git-repos/https%3A%2F%2Fgithub.com%2Fioustamora%2Fsolana-counter-bpf" "/workspace/builds/worker-8/source", kill_on_drop: false }`
[INFO] [stderr] Cloning into '/workspace/builds/worker-8/source'...
[INFO] [stderr] done.
[INFO] validating manifest of git repo https://github.com/ioustamora/solana-counter-bpf on toolchain beta-2021-10-15
[INFO] running `Command { std: "/workspace/cargo-home/bin/cargo" "+beta-2021-10-15" "metadata" "--manifest-path" "Cargo.toml" "--no-deps", kill_on_drop: false }`
[INFO] started tweaking git repo https://github.com/ioustamora/solana-counter-bpf
[INFO] finished tweaking git repo https://github.com/ioustamora/solana-counter-bpf
[INFO] tweaked toml for git repo https://github.com/ioustamora/solana-counter-bpf written to /workspace/builds/worker-8/source/Cargo.toml
[INFO] crate git repo https://github.com/ioustamora/solana-counter-bpf already has a lockfile, it will not be regenerated
[INFO] running `Command { std: "/workspace/cargo-home/bin/cargo" "+beta-2021-10-15" "fetch" "--manifest-path" "Cargo.toml", kill_on_drop: false }`
[INFO] running `Command { std: "docker" "create" "-v" "/var/lib/crater-agent-workspace/builds/worker-8/target:/opt/rustwide/target:rw,Z" "-v" "/var/lib/crater-agent-workspace/builds/worker-8/source:/opt/rustwide/workdir:ro,Z" "-v" "/var/lib/crater-agent-workspace/cargo-home:/opt/rustwide/cargo-home:ro,Z" "-v" "/var/lib/crater-agent-workspace/rustup-home:/opt/rustwide/rustup-home:ro,Z" "-e" "SOURCE_DIR=/opt/rustwide/workdir" "-e" "CARGO_TARGET_DIR=/opt/rustwide/target" "-e" "CARGO_HOME=/opt/rustwide/cargo-home" "-e" "RUSTUP_HOME=/opt/rustwide/rustup-home" "-w" "/opt/rustwide/workdir" "-m" "1610612736" "--user" "0:0" "--network" "none" "ghcr.io/rust-lang/crates-build-env/linux@sha256:a89201d6b5b9fd45c15d5952ece0a0129e7e80cb26ec023fd59cf09bc26f1604" "/opt/rustwide/cargo-home/bin/cargo" "+beta-2021-10-15" "metadata" "--no-deps" "--format-version=1", kill_on_drop: false }`
[INFO] [stderr] WARNING: Your kernel does not support swap limit capabilities or the cgroup is not mounted. Memory limited without swap.
[INFO] [stdout] 76fe05f5799763ea70e9e5d9159a1806aa81e88b3d60006118e7aee9d6f90557
[INFO] running `Command { std: "docker" "start" "-a" "76fe05f5799763ea70e9e5d9159a1806aa81e88b3d60006118e7aee9d6f90557", kill_on_drop: false }`
[INFO] running `Command { std: "docker" "inspect" "76fe05f5799763ea70e9e5d9159a1806aa81e88b3d60006118e7aee9d6f90557", kill_on_drop: false }`
[INFO] running `Command { std: "docker" "rm" "-f" "76fe05f5799763ea70e9e5d9159a1806aa81e88b3d60006118e7aee9d6f90557", kill_on_drop: false }`
[INFO] [stdout] 76fe05f5799763ea70e9e5d9159a1806aa81e88b3d60006118e7aee9d6f90557
[INFO] running `Command { std: "docker" "create" "-v" "/var/lib/crater-agent-workspace/builds/worker-8/target:/opt/rustwide/target:rw,Z" "-v" "/var/lib/crater-agent-workspace/builds/worker-8/source:/opt/rustwide/workdir:ro,Z" "-v" "/var/lib/crater-agent-workspace/cargo-home:/opt/rustwide/cargo-home:ro,Z" "-v" "/var/lib/crater-agent-workspace/rustup-home:/opt/rustwide/rustup-home:ro,Z" "-e" "SOURCE_DIR=/opt/rustwide/workdir" "-e" "CARGO_TARGET_DIR=/opt/rustwide/target" "-e" "CARGO_INCREMENTAL=0" "-e" "RUST_BACKTRACE=full" "-e" "RUSTFLAGS=--cap-lints=warn" "-e" "CARGO_HOME=/opt/rustwide/cargo-home" "-e" "RUSTUP_HOME=/opt/rustwide/rustup-home" "-w" "/opt/rustwide/workdir" "-m" "1610612736" "--user" "0:0" "--network" "none" "ghcr.io/rust-lang/crates-build-env/linux@sha256:a89201d6b5b9fd45c15d5952ece0a0129e7e80cb26ec023fd59cf09bc26f1604" "/opt/rustwide/cargo-home/bin/cargo" "+beta-2021-10-15" "check" "--frozen" "--all" "--all-targets" "--message-format=json", kill_on_drop: false }`
[INFO] [stdout] 1b66fd3c591d4751e53aaaca79e55a45390aeffb4b97742e3c19666b4ec55f07
[INFO] [stderr] WARNING: Your kernel does not support swap limit capabilities or the cgroup is not mounted. Memory limited without swap.
[INFO] running `Command { std: "docker" "start" "-a" "1b66fd3c591d4751e53aaaca79e55a45390aeffb4b97742e3c19666b4ec55f07", kill_on_drop: false }`
[INFO] [stderr]    Compiling syn v1.0.76
[INFO] [stderr]    Compiling libc v0.2.102
[INFO] [stderr]    Compiling serde v1.0.130
[INFO] [stderr]     Checking subtle v2.4.1
[INFO] [stderr]     Checking futures-sink v0.3.17
[INFO] [stderr]     Checking itoa v0.4.8
[INFO] [stderr]    Compiling futures-channel v0.3.17
[INFO] [stderr]    Compiling feature-probe v0.1.1
[INFO] [stderr]    Compiling httparse v1.5.1
[INFO] [stderr]    Compiling proc-macro2 v0.4.30
[INFO] [stderr]     Checking object v0.24.0
[INFO] [stderr]    Compiling rustversion v1.0.5
[INFO] [stderr]     Checking signature v1.3.1
[INFO] [stderr]    Compiling winapi v0.3.9
[INFO] [stderr]    Compiling bs58 v0.3.1
[INFO] [stderr]    Compiling syn v0.15.44
[INFO] [stderr]     Checking ipnet v2.3.1
[INFO] [stderr]     Checking assert_matches v1.5.0
[INFO] [stderr]    Compiling zstd-safe v2.0.6+zstd.1.4.7
[INFO] [stderr]     Checking aliasable v0.1.3
[INFO] [stderr]     Checking plain v0.2.3
[INFO] [stderr]     Checking ascii v0.9.3
[INFO] [stderr]     Checking symlink v0.1.0
[INFO] [stderr]    Compiling generic-array v0.14.4
[INFO] [stderr]     Checking lazy_static v1.4.0
[INFO] [stderr]    Compiling tokio v1.11.0
[INFO] [stderr]    Compiling futures-util v0.3.17
[INFO] [stderr]    Compiling indexmap v1.7.0
[INFO] [stderr]    Compiling num-bigint v0.4.2
[INFO] [stderr]     Checking hash32 v0.1.1
[INFO] [stderr]     Checking itertools v0.9.0
[INFO] [stderr]     Checking tinyvec v1.4.0
[INFO] [stderr]     Checking qstring v0.7.2
[INFO] [stderr]     Checking http v0.2.4
[INFO] [stderr]    Compiling bv v0.11.1
[INFO] [stderr]     Checking proc-macro2 v1.0.29
[INFO] [stderr]     Checking tracing-core v0.1.20
[INFO] [stderr]     Checking uriparse v0.6.3
[INFO] [stderr]     Checking crossbeam-utils v0.8.5
[INFO] [stderr]     Checking dir-diff v0.3.2
[INFO] [stderr]     Checking generic-array v0.12.4
[INFO] [stderr]     Checking combine v3.8.1
[INFO] [stderr]    Compiling solana-frozen-abi-macro v1.7.11
[INFO] [stderr]    Compiling solana-frozen-abi v1.7.11
[INFO] [stderr]    Compiling solana-program v1.7.11
[INFO] [stderr]    Compiling solana-sdk v1.7.11
[INFO] [stderr]    Compiling solana-vote-program v1.7.11
[INFO] [stderr]    Compiling solana-stake-program v1.7.11
[INFO] [stderr]    Compiling solana-runtime v1.7.11
[INFO] [stderr]    Compiling num-traits v0.2.14
[INFO] [stderr]     Checking crossbeam-utils v0.7.2
[INFO] [stderr]    Compiling proc-macro-error-attr v1.0.4
[INFO] [stderr]     Checking regex v1.4.6
[INFO] [stderr]     Checking quote v1.0.9
[INFO] [stderr]     Checking crossbeam-channel v0.5.1
[INFO] [stderr]     Checking tracing v0.1.28
[INFO] [stderr]     Checking crossbeam-epoch v0.9.5
[INFO] [stderr]     Checking digest v0.8.1
[INFO] [stderr]     Checking crossbeam-channel v0.4.4
[INFO] [stderr]     Checking unicode-normalization v0.1.19
[INFO] [stderr]     Checking quote v0.6.13
[INFO] [stderr]    Compiling num-integer v0.1.44
[INFO] [stderr]     Checking crossbeam-deque v0.8.1
[INFO] [stderr]     Checking http-body v0.4.3
[INFO] [stderr]     Checking num_cpus v1.13.0
[INFO] [stderr]     Checking getrandom v0.1.16
[INFO] [stderr]     Checking parking_lot_core v0.8.5
[INFO] [stderr]     Checking signal-hook-registry v1.4.0
[INFO] [stderr]     Checking mio v0.7.13
[INFO] [stderr]     Checking atty v0.2.14
[INFO] [stderr]     Checking getrandom v0.2.3
[INFO] [stderr]     Checking socket2 v0.4.2
[INFO] [stderr]     Checking memmap2 v0.1.0
[INFO] [stderr]     Checking time v0.1.44
[INFO] [stderr]     Checking iovec v0.1.4
[INFO] [stderr]     Checking jobserver v0.1.24
[INFO] [stderr]     Checking gethostname v0.2.1
[INFO] [stderr]     Checking xattr v0.2.2
[INFO] [stderr]     Checking filetime v0.2.15
[INFO] [stderr]     Checking flate2 v1.0.22
[INFO] [stderr]     Checking env_logger v0.8.4
[INFO] [stderr]     Checking rayon-core v1.9.1
[INFO] [stderr]     Checking solana-rayon-threadlimit v1.7.11
[INFO] [stderr]     Checking rand_core v0.6.3
[INFO] [stderr]     Checking rand_core v0.5.1
[INFO] [stderr]     Checking parking_lot v0.11.2
[INFO] [stderr]     Checking idna v0.2.3
[INFO] [stderr]     Checking bytes v0.4.12
[INFO] [stderr]     Checking cc v1.0.70
[INFO] [stderr]     Checking tar v0.4.37
[INFO] [stderr]     Checking rand_chacha v0.3.1
[INFO] [stderr]     Checking rand_chacha v0.2.2
[INFO] [stderr]     Checking rand_pcg v0.2.1
[INFO] [stderr]     Checking solana-logger v1.7.11
[INFO] [stderr]     Checking rayon v1.5.1
[INFO] [stderr]     Checking rand v0.8.4
[INFO] [stderr]     Checking rand v0.7.3
[INFO] [stderr]     Checking url v2.2.2
[INFO] [stderr]    Compiling ring v0.16.20
[INFO] [stderr]    Compiling backtrace v0.3.59
[INFO] [stderr]    Compiling blake3 v0.3.8
[INFO] [stderr]    Compiling zstd-sys v1.4.18+zstd.1.4.7
[INFO] [stderr]    Compiling bzip2-sys v0.1.11+1.0.8
[INFO] [stderr]     Checking tempfile v3.2.0
[INFO] [stderr]     Checking bzip2 v0.3.3
[INFO] [stderr]     Checking dashmap v4.0.2
[INFO] [stderr]    Compiling synstructure v0.12.5
[INFO] [stderr]    Compiling borsh-derive-internal v0.9.1
[INFO] [stderr]    Compiling borsh-schema-derive-internal v0.9.1
[INFO] [stderr]    Compiling proc-macro-error v1.0.4
[INFO] [stderr]     Checking webpki v0.21.4
[INFO] [stderr]     Checking sct v0.6.1
[INFO] [stderr]     Checking rustls v0.19.1
[INFO] [stderr]     Checking webpki-roots v0.21.1
[INFO] [stderr]    Compiling serde_derive v1.0.130
[INFO] [stderr]    Compiling tokio-macros v1.3.0
[INFO] [stderr]    Compiling futures-macro v0.3.17
[INFO] [stderr]    Compiling zeroize_derive v1.1.0
[INFO] [stderr]    Compiling thiserror-impl v1.0.29
[INFO] [stderr]    Compiling failure_derive v0.1.8
[INFO] [stderr]    Compiling num-derive v0.3.3
[INFO] [stderr]    Compiling solana-sdk-macro v1.7.11
[INFO] [stderr]    Compiling enum-ordinalize v3.1.10
[INFO] [stderr]    Compiling pin-project-internal v1.0.8
[INFO] [stderr]    Compiling tarpc-plugins v0.9.0
[INFO] [stderr]    Compiling ouroboros_macro v0.10.1
[INFO] [stderr]    Compiling scroll_derive v0.10.5
[INFO] [stderr]    Compiling async-trait v0.1.51
[INFO] [stderr]     Checking zeroize v1.4.1
[INFO] [stderr]    Compiling educe v0.4.18
[INFO] [stderr]     Checking curve25519-dalek v2.1.3
[INFO] [stderr]     Checking scroll v0.10.2
[INFO] [stderr]     Checking pin-project v1.0.8
[INFO] [stderr]     Checking ouroboros v0.10.1
[INFO] [stderr]     Checking thiserror v1.0.29
[INFO] [stderr]     Checking goblin v0.3.4
[INFO] [stderr]     Checking futures-executor v0.3.17
[INFO] [stderr]     Checking tokio-util v0.6.8
[INFO] [stderr]     Checking tokio-rustls v0.22.0
[INFO] [stderr]     Checking tokio-stream v0.1.7
[INFO] [stderr]     Checking futures v0.3.17
[INFO] [stderr]     Checking h2 v0.3.4
[INFO] [stderr]     Checking solana_rbpf v0.2.11
[INFO] [stderr]     Checking serde_bytes v0.11.5
[INFO] [stderr]     Checking bincode v1.3.3
[INFO] [stderr]     Checking serde_json v1.0.68
[INFO] [stderr]     Checking ed25519 v1.2.0
[INFO] [stderr]     Checking serde_urlencoded v0.7.0
[INFO] [stderr]     Checking chrono v0.4.19
[INFO] [stderr]    Compiling toml v0.5.8
[INFO] [stderr]     Checking failure v0.1.8
[INFO] [stderr]     Checking hyper v0.14.13
[INFO] [stderr]     Checking derivation-path v0.1.3
[INFO] [stderr]     Checking tokio-serde v0.8.0
[INFO] [stderr]     Checking digest v0.9.0
[INFO] [stderr]     Checking block-buffer v0.9.0
[INFO] [stderr]     Checking crypto-mac v0.8.0
[INFO] [stderr]     Checking crypto-mac v0.10.1
[INFO] [stderr]     Checking crypto-mac v0.9.1
[INFO] [stderr]     Checking tarpc v0.24.1
[INFO] [stderr]     Checking chrono-humanize v0.2.1
[INFO] [stderr]     Checking pbkdf2 v0.6.0
[INFO] [stderr]     Checking sha2 v0.9.8
[INFO] [stderr]     Checking hmac v0.8.1
[INFO] [stderr]     Checking libsecp256k1-core v0.2.2
[INFO] [stderr]     Checking curve25519-dalek v3.2.0
[INFO] [stderr]     Checking sha3 v0.9.1
[INFO] [stderr]     Checking hmac v0.9.0
[INFO] [stderr]     Checking hmac v0.10.1
[INFO] [stderr]     Checking hmac-drbg v0.3.0
[INFO] [stderr]    Compiling proc-macro-crate v0.1.5
[INFO] [stderr]    Compiling borsh-derive v0.9.1
[INFO] [stderr]     Checking ed25519-dalek v1.0.1
[INFO] [stderr]    Compiling libsecp256k1-gen-ecmult v0.2.1
[INFO] [stderr]    Compiling libsecp256k1-gen-genmult v0.2.1
[INFO] [stderr]     Checking ed25519-dalek-bip32 v0.1.1
[INFO] [stderr]    Compiling libsecp256k1 v0.5.0
[INFO] [stderr]     Checking hyper-rustls v0.22.1
[INFO] [stderr]     Checking reqwest v0.11.4
[INFO] [stderr]     Checking borsh v0.9.1
[INFO] [stderr]     Checking solana-crate-features v1.7.11
[INFO] [stderr]     Checking zstd v0.5.4+zstd.1.4.7
[INFO] [stderr]     Checking solana-counter-bpf v0.1.0 (/opt/rustwide/workdir)
[INFO] [stdout] error: expected item, found `;`
[INFO] [stdout]  --> src/state.rs:9:2
[INFO] [stdout]   |
[INFO] [stdout] 9 | };
[INFO] [stdout]   |  ^ help: remove this semicolon
[INFO] [stdout]   |
[INFO] [stdout]   = help: braced struct declarations are not followed by a semicolon
[INFO] [stdout] 
[INFO] [stdout] 
[INFO] [stdout] error: expected one of `!`, `(`, `+`, `::`, `;`, `<`, or `]`, found `,`
[INFO] [stdout]   --> src/state.rs:12:15
[INFO] [stdout]    |
[INFO] [stdout] 12 |     owner: [u8, 32],
[INFO] [stdout]    |               ^ expected one of 7 possible tokens
[INFO] [stdout] 
[INFO] [stdout] 
[INFO] [stdout] error: expected item, found `;`
[INFO] [stdout]   --> src/state.rs:15:2
[INFO] [stdout]    |
[INFO] [stdout] 15 | };
[INFO] [stdout]    |  ^ help: remove this semicolon
[INFO] [stdout]    |
[INFO] [stdout]    = help: braced struct declarations are not followed by a semicolon
[INFO] [stdout] 
[INFO] [stdout] 
[INFO] [stdout] error: expected one of `!`, `(`, `+`, `::`, `;`, `<`, or `]`, found `,`
[INFO] [stdout]   --> src/instructions.rs:24:19
[INFO] [stdout]    |
[INFO] [stdout] 24 |         admin: [u8, 32],
[INFO] [stdout]    |                   ^ expected one of 7 possible tokens
[INFO] [stdout] 
[INFO] [stdout] 
[INFO] [stdout] error[E0432]: unresolved imports `crate::id`, `crate::COUNTER_SEED`, `crate::SETTINGS_SEED`
[INFO] [stdout]  --> src/state.rs:4:13
[INFO] [stdout]   |
[INFO] [stdout] 4 | use crate::{id, COUNTER_SEED, SETTINGS_SEED};
[INFO] [stdout]   |             ^^  ^^^^^^^^^^^^  ^^^^^^^^^^^^^ no `SETTINGS_SEED` in the root
[INFO] [stdout]   |             |   |
[INFO] [stdout]   |             |   no `COUNTER_SEED` in the root
[INFO] [stdout]   |             no `id` in the root
[INFO] [stdout] 
[INFO] [stdout] 
[INFO] [stdout] error[E0432]: unresolved import `crate::id`
[INFO] [stdout]   --> src/instructions.rs:12:5
[INFO] [stdout]    |
[INFO] [stdout] 12 |     id,
[INFO] [stdout]    |     ^^ no `id` in the root
[INFO] [stdout] 
[INFO] [stdout] 
[INFO] [stdout] error[E0432]: unresolved import `crate::processor`
[INFO] [stdout]  --> src/entrypoint.rs:8:12
[INFO] [stdout]   |
[INFO] [stdout] 8 | use crate::processor::Processor;
[INFO] [stdout]   |            ^^^^^^^^^ could not find `processor` in the crate root
[INFO] [stdout] 
[INFO] [stdout] 
[INFO] [stdout] warning: unused imports: `BorshDeserialize`, `BorshSerialize`
[INFO] [stdout]  --> src/state.rs:1:13
[INFO] [stdout]   |
[INFO] [stdout] 1 | use borsh::{BorshDeserialize, BorshSerialize};
[INFO] [stdout]   |             ^^^^^^^^^^^^^^^^  ^^^^^^^^^^^^^^
[INFO] [stdout]   |
[INFO] [stdout]   = note: `#[warn(unused_imports)]` on by default
[INFO] [stdout] 
[INFO] [stdout] 
[INFO] [stdout] warning: unused import: `solana_program::pubkey::Pubkey`
[INFO] [stdout]  --> src/state.rs:2:5
[INFO] [stdout]   |
[INFO] [stdout] 2 | use solana_program::pubkey::Pubkey;
[INFO] [stdout]   |     ^^^^^^^^^^^^^^^^^^^^^^^^^^^^^^
[INFO] [stdout] 
[INFO] [stdout] 
[INFO] [stdout] warning: unused imports: `BorshDeserialize`, `BorshSerialize`
[INFO] [stdout]  --> src/instructions.rs:2:5
[INFO] [stdout]   |
[INFO] [stdout] 2 |     BorshSerialize,
[INFO] [stdout]   |     ^^^^^^^^^^^^^^
[INFO] [stdout] 3 |     BorshDeserialize,
[INFO] [stdout]   |     ^^^^^^^^^^^^^^^^
[INFO] [stdout] 
[INFO] [stdout] 
[INFO] [stdout] warning: unused imports: `AccountMeta`, `Instruction`, `pubkey::Pubkey`, `system_program`, `sysvar`
[INFO] [stdout]  --> src/instructions.rs:6:19
[INFO] [stdout]   |
[INFO] [stdout] 6 |     instruction::{AccountMeta, Instruction},
[INFO] [stdout]   |                   ^^^^^^^^^^^  ^^^^^^^^^^^
[INFO] [stdout] 7 |     pubkey::Pubkey,
[INFO] [stdout]   |     ^^^^^^^^^^^^^^
[INFO] [stdout] 8 |     system_program, sysvar,
[INFO] [stdout]   |     ^^^^^^^^^^^^^^  ^^^^^^
[INFO] [stdout] 
[INFO] [stdout] 
[INFO] [stdout] warning: unused imports: `Counter`, `Settings`
[INFO] [stdout]   --> src/instructions.rs:13:13
[INFO] [stdout]    |
[INFO] [stdout] 13 |     state::{Counter, Settings},
[INFO] [stdout]    |             ^^^^^^^  ^^^^^^^^
[INFO] [stdout] 
[INFO] [stdout] 
[INFO] [stdout] error[E0308]: mismatched types
[INFO] [stdout]   --> src/entrypoint.rs:16:6
[INFO] [stdout]    |
[INFO] [stdout] 12 | pub fn process_instruction (
[INFO] [stdout]    |        ------------------- implicitly returns `()` as its body has no tail or `return` expression
[INFO] [stdout] ...
[INFO] [stdout] 16 | ) -> ProgramResult {
[INFO] [stdout]    |      ^^^^^^^^^^^^^ expected enum `Result`, found `()`
[INFO] [stdout]    |
[INFO] [stdout]    = note:   expected enum `Result<(), ProgramError>`
[INFO] [stdout]            found unit type `()`
[INFO] [stdout] 
[INFO] [stdout] 
[INFO] [stdout] error: aborting due to 8 previous errors; 5 warnings emitted
[INFO] [stdout] 
[INFO] [stdout] 
[INFO] [stdout] Some errors have detailed explanations: E0308, E0432.
[INFO] [stdout] 
[INFO] [stdout] For more information about an error, try `rustc --explain E0308`.
[INFO] [stdout] 
[INFO] [stderr] error: could not compile `solana-counter-bpf` due to 9 previous errors; 5 warnings emitted
[INFO] [stderr] warning: build failed, waiting for other jobs to finish...
[INFO] [stderr] error: build failed
[INFO] running `Command { std: "docker" "inspect" "1b66fd3c591d4751e53aaaca79e55a45390aeffb4b97742e3c19666b4ec55f07", kill_on_drop: false }`
[INFO] running `Command { std: "docker" "rm" "-f" "1b66fd3c591d4751e53aaaca79e55a45390aeffb4b97742e3c19666b4ec55f07", kill_on_drop: false }`
[INFO] [stdout] 1b66fd3c591d4751e53aaaca79e55a45390aeffb4b97742e3c19666b4ec55f07
