[INFO] cloning repository https://github.com/io12/brainfsym
[INFO] running `Command { std: "git" "-c" "credential.helper=" "-c" "credential.helper=/workspace/cargo-home/bin/git-credential-null" "clone" "--bare" "https://github.com/io12/brainfsym" "/workspace/cache/git-repos/https%3A%2F%2Fgithub.com%2Fio12%2Fbrainfsym", kill_on_drop: false }`
[INFO] [stderr] Cloning into bare repository '/workspace/cache/git-repos/https%3A%2F%2Fgithub.com%2Fio12%2Fbrainfsym'...
[INFO] running `Command { std: "git" "rev-parse" "HEAD", kill_on_drop: false }`
[INFO] [stdout] da3357fdfeee7e1905799339a1ecc6be2154b1da
[INFO] checking io12/brainfsym against beta-2021-10-15 for beta-1.56-3
[INFO] running `Command { std: "git" "clone" "/workspace/cache/git-repos/https%3A%2F%2Fgithub.com%2Fio12%2Fbrainfsym" "/workspace/builds/worker-3/source", kill_on_drop: false }`
[INFO] [stderr] Cloning into '/workspace/builds/worker-3/source'...
[INFO] [stderr] done.
[INFO] validating manifest of git repo https://github.com/io12/brainfsym on toolchain beta-2021-10-15
[INFO] running `Command { std: "/workspace/cargo-home/bin/cargo" "+beta-2021-10-15" "metadata" "--manifest-path" "Cargo.toml" "--no-deps", kill_on_drop: false }`
[INFO] started tweaking git repo https://github.com/io12/brainfsym
[INFO] finished tweaking git repo https://github.com/io12/brainfsym
[INFO] tweaked toml for git repo https://github.com/io12/brainfsym written to /workspace/builds/worker-3/source/Cargo.toml
[INFO] crate git repo https://github.com/io12/brainfsym already has a lockfile, it will not be regenerated
[INFO] running `Command { std: "/workspace/cargo-home/bin/cargo" "+beta-2021-10-15" "fetch" "--manifest-path" "Cargo.toml", kill_on_drop: false }`
[INFO] [stderr]     Updating git repository `https://github.com/prove-rs/z3.rs`
[INFO] [stderr]     Updating git submodule `https://github.com/Z3Prover/z3.git`
[INFO] [stderr]     Blocking waiting for file lock on package cache
[INFO] running `Command { std: "docker" "create" "-v" "/var/lib/crater-agent-workspace/builds/worker-3/target:/opt/rustwide/target:rw,Z" "-v" "/var/lib/crater-agent-workspace/builds/worker-3/source:/opt/rustwide/workdir:ro,Z" "-v" "/var/lib/crater-agent-workspace/cargo-home:/opt/rustwide/cargo-home:ro,Z" "-v" "/var/lib/crater-agent-workspace/rustup-home:/opt/rustwide/rustup-home:ro,Z" "-e" "SOURCE_DIR=/opt/rustwide/workdir" "-e" "CARGO_TARGET_DIR=/opt/rustwide/target" "-e" "CARGO_HOME=/opt/rustwide/cargo-home" "-e" "RUSTUP_HOME=/opt/rustwide/rustup-home" "-w" "/opt/rustwide/workdir" "-m" "1610612736" "--user" "0:0" "--network" "none" "ghcr.io/rust-lang/crates-build-env/linux@sha256:a89201d6b5b9fd45c15d5952ece0a0129e7e80cb26ec023fd59cf09bc26f1604" "/opt/rustwide/cargo-home/bin/cargo" "+beta-2021-10-15" "metadata" "--no-deps" "--format-version=1", kill_on_drop: false }`
[INFO] [stderr] WARNING: Your kernel does not support swap limit capabilities or the cgroup is not mounted. Memory limited without swap.
[INFO] [stdout] 9dc18be2bf05223f180b5f74cecf0acdcd41889dac7c810e8b11e3e3ae86b62b
[INFO] running `Command { std: "docker" "start" "-a" "9dc18be2bf05223f180b5f74cecf0acdcd41889dac7c810e8b11e3e3ae86b62b", kill_on_drop: false }`
[INFO] running `Command { std: "docker" "inspect" "9dc18be2bf05223f180b5f74cecf0acdcd41889dac7c810e8b11e3e3ae86b62b", kill_on_drop: false }`
[INFO] running `Command { std: "docker" "rm" "-f" "9dc18be2bf05223f180b5f74cecf0acdcd41889dac7c810e8b11e3e3ae86b62b", kill_on_drop: false }`
[INFO] [stdout] 9dc18be2bf05223f180b5f74cecf0acdcd41889dac7c810e8b11e3e3ae86b62b
[INFO] running `Command { std: "docker" "create" "-v" "/var/lib/crater-agent-workspace/builds/worker-3/target:/opt/rustwide/target:rw,Z" "-v" "/var/lib/crater-agent-workspace/builds/worker-3/source:/opt/rustwide/workdir:ro,Z" "-v" "/var/lib/crater-agent-workspace/cargo-home:/opt/rustwide/cargo-home:ro,Z" "-v" "/var/lib/crater-agent-workspace/rustup-home:/opt/rustwide/rustup-home:ro,Z" "-e" "SOURCE_DIR=/opt/rustwide/workdir" "-e" "CARGO_TARGET_DIR=/opt/rustwide/target" "-e" "CARGO_INCREMENTAL=0" "-e" "RUST_BACKTRACE=full" "-e" "RUSTFLAGS=--cap-lints=warn" "-e" "CARGO_HOME=/opt/rustwide/cargo-home" "-e" "RUSTUP_HOME=/opt/rustwide/rustup-home" "-w" "/opt/rustwide/workdir" "-m" "1610612736" "--user" "0:0" "--network" "none" "ghcr.io/rust-lang/crates-build-env/linux@sha256:a89201d6b5b9fd45c15d5952ece0a0129e7e80cb26ec023fd59cf09bc26f1604" "/opt/rustwide/cargo-home/bin/cargo" "+beta-2021-10-15" "check" "--frozen" "--all" "--all-targets" "--message-format=json", kill_on_drop: false }`
[INFO] [stderr] WARNING: Your kernel does not support swap limit capabilities or the cgroup is not mounted. Memory limited without swap.
[INFO] [stdout] a70cd9b4fa07877b250d729afb6d6bbdd5a842fa11da14b62a911297dd2d5e8b
[INFO] running `Command { std: "docker" "start" "-a" "a70cd9b4fa07877b250d729afb6d6bbdd5a842fa11da14b62a911297dd2d5e8b", kill_on_drop: false }`
[INFO] [stderr]    Compiling proc-macro2 v1.0.10
[INFO] [stderr]    Compiling syn v1.0.17
[INFO] [stderr]    Compiling libc v0.2.68
[INFO] [stderr]    Compiling memchr v2.3.3
[INFO] [stderr]    Compiling strsim v0.9.3
[INFO] [stderr]    Compiling cmake v0.1.42
[INFO] [stderr]    Compiling nom v4.2.3
[INFO] [stderr]    Compiling z3-sys v0.5.0 (https://github.com/prove-rs/z3.rs#fc39f328)
[INFO] [stderr]    Compiling quote v1.0.3
[INFO] [stderr]     Checking atty v0.2.14
[INFO] [stderr]     Checking clap v2.33.0
[INFO] [stderr]     Checking brainfuck_rs v2.0.0
[INFO] [stderr]    Compiling darling_core v0.10.2
[INFO] [stderr]    Compiling darling_macro v0.10.2
[INFO] [stderr]    Compiling darling v0.10.2
[INFO] [stderr]    Compiling derive_setters v0.1.4
[INFO] [stderr] error: failed to run custom build command for `z3-sys v0.5.0 (https://github.com/prove-rs/z3.rs#fc39f328)`
[INFO] [stderr] 
[INFO] [stderr] Caused by:
[INFO] [stderr]   process didn't exit successfully: `/opt/rustwide/target/debug/build/z3-sys-7ff78b4bc899b012/build-script-build` (exit status: 101)
[INFO] [stderr]   --- stdout
[INFO] [stderr]   running: "cmake" "/opt/rustwide/cargo-home/git/checkouts/z3.rs-5e2ffa4244686114/fc39f32/z3-sys/z3" "-DZ3_BUILD_LIBZ3_SHARED=false" "-DZ3_BUILD_EXECUTABLE=false" "-DZ3_BUILD_TEST_EXECUTABLES=false" "-DCMAKE_INSTALL_PREFIX=/opt/rustwide/target/debug/build/z3-sys-45220cb8f3c37b92/out" "-DCMAKE_C_FLAGS= -ffunction-sections -fdata-sections -fPIC -m64" "-DCMAKE_C_COMPILER=/usr/bin/cc" "-DCMAKE_CXX_FLAGS= -ffunction-sections -fdata-sections -fPIC -m64" "-DCMAKE_CXX_COMPILER=/usr/bin/c++" "-DCMAKE_BUILD_TYPE=Debug"
[INFO] [stderr]   -- The CXX compiler identification is GNU 9.3.0
[INFO] [stderr]   -- Check for working CXX compiler: /usr/bin/c++
[INFO] [stderr]   -- Check for working CXX compiler: /usr/bin/c++ -- works
[INFO] [stderr]   -- Detecting CXX compiler ABI info
[INFO] [stderr]   -- Detecting CXX compiler ABI info - done
[INFO] [stderr]   -- Detecting CXX compile features
[INFO] [stderr]   -- Detecting CXX compile features - done
[INFO] [stderr]   -- Z3 version 4.8.8.0
[INFO] [stderr]   -- Found simple git working directory
[INFO] [stderr]   -- Found git directory "/opt/rustwide/cargo-home/git/checkouts/z3.rs-5e2ffa4244686114/fc39f32/z3-sys/z3"
[INFO] [stderr]   -- CMake generator: Unix Makefiles
[INFO] [stderr]   -- Build type: Debug
[INFO] [stderr]   -- Found PythonInterp: /usr/bin/python (found version "2.7.18") 
[INFO] [stderr]   -- PYTHON_EXECUTABLE: /usr/bin/python
[INFO] [stderr]   -- Detected target architecture: x86_64
[INFO] [stderr]   -- Platform: Linux
[INFO] [stderr]   -- Not using libgmp
[INFO] [stderr]   -- Not using Z3_API_LOG_SYNC
[INFO] [stderr]   -- Thread-safe build
[INFO] [stderr]   -- Performing Test HAS_SSE2
[INFO] [stderr]   -- Performing Test HAS_SSE2 - Success
[INFO] [stderr]   -- Looking for C++ include pthread.h
[INFO] [stderr]   -- Looking for C++ include pthread.h - found
[INFO] [stderr]   -- Performing Test CMAKE_HAVE_LIBC_PTHREAD
[INFO] [stderr]   -- Performing Test CMAKE_HAVE_LIBC_PTHREAD - Failed
[INFO] [stderr]   -- Looking for pthread_create in pthreads
[INFO] [stderr]   -- Looking for pthread_create in pthreads - not found
[INFO] [stderr]   -- Looking for pthread_create in pthread
[INFO] [stderr]   -- Looking for pthread_create in pthread - found
[INFO] [stderr]   -- Found Threads: TRUE  
[INFO] [stderr]   -- Performing Test HAS__Wall
[INFO] [stderr]   -- Performing Test HAS__Wall - Success
[INFO] [stderr]   -- C++ compiler supports -Wall
[INFO] [stderr]   -- Treating only serious compiler warnings as errors
[INFO] [stderr]   -- Performing Test HAS__Werror_odr
[INFO] [stderr]   -- Performing Test HAS__Werror_odr - Success
[INFO] [stderr]   -- C++ compiler supports -Werror=odr
[INFO] [stderr]   -- Performing Test HAS__fvisibility_hidden
[INFO] [stderr]   -- Performing Test HAS__fvisibility_hidden - Success
[INFO] [stderr]   -- C++ compiler supports -fvisibility=hidden
[INFO] [stderr]   -- LTO disabled
[INFO] [stderr]   -- CMAKE_CXX_FLAGS: " -ffunction-sections -fdata-sections -fPIC -m64 -Werror=odr "
[INFO] [stderr]   -- CMAKE_EXE_LINKER_FLAGS: ""
[INFO] [stderr]   -- CMAKE_STATIC_LINKER_FLAGS: ""
[INFO] [stderr]   -- CMAKE_SHARED_LINKER_FLAGS: ""
[INFO] [stderr]   -- CMAKE_CXX_FLAGS_DEBUG: "-g -O0"
[INFO] [stderr]   -- CMAKE_EXE_LINKER_FLAGS_DEBUG: ""
[INFO] [stderr]   -- CMAKE_SHARED_LINKER_FLAGS_DEBUG: ""
[INFO] [stderr]   -- CMAKE_STATIC_LINKER_FLAGS_DEBUG: ""
[INFO] [stderr]   -- Z3_COMPONENT_CXX_DEFINES: $<$<CONFIG:Debug>:Z3DEBUG>;$<$<CONFIG:Release>:_EXTERNAL_RELEASE>;$<$<CONFIG:RelWithDebInfo>:_EXTERNAL_RELEASE>;-D_LINUX_;-D_USE_THREAD_LOCAL;-D_MP_INTERNAL;$<$<CONFIG:Debug>:_TRACE>
[INFO] [stderr]   -- Z3_COMPONENT_CXX_FLAGS: -mfpmath=sse;-msse;-msse2;-Wall;-fvisibility=hidden
[INFO] [stderr]   -- Z3_DEPENDENT_LIBS: -lpthread
[INFO] [stderr]   -- Z3_COMPONENT_EXTRA_INCLUDE_DIRS: /opt/rustwide/target/debug/build/z3-sys-45220cb8f3c37b92/out/build/src;/opt/rustwide/cargo-home/git/checkouts/z3.rs-5e2ffa4244686114/fc39f32/z3-sys/z3/src
[INFO] [stderr]   -- Z3_DEPENDENT_EXTRA_CXX_LINK_FLAGS: 
[INFO] [stderr]   -- CMAKE_INSTALL_LIBDIR: "lib"
[INFO] [stderr]   -- CMAKE_INSTALL_BINDIR: "bin"
[INFO] [stderr]   -- CMAKE_INSTALL_INCLUDEDIR: "include"
[INFO] [stderr]   -- CMAKE_INSTALL_PKGCONFIGDIR: "lib/pkgconfig"
[INFO] [stderr]   -- CMAKE_INSTALL_Z3_CMAKE_PACKAGE_DIR: "lib/cmake/z3"
[INFO] [stderr]   -- Adding component util
[INFO] [stderr]   -- Adding component polynomial
[INFO] [stderr]   -- Adding rule to generate "algebraic_params.hpp"
[INFO] [stderr]   -- Adding component dd
[INFO] [stderr]   -- Adding component hilbert
[INFO] [stderr]   -- Adding component simplex
[INFO] [stderr]   -- Adding component automata
[INFO] [stderr]   -- Adding component interval
[INFO] [stderr]   -- Adding component realclosure
[INFO] [stderr]   -- Adding rule to generate "rcf_params.hpp"
[INFO] [stderr]   -- Adding component subpaving
[INFO] [stderr]   -- Adding component ast
[INFO] [stderr]   -- Adding rule to generate "pp_params.hpp"
[INFO] [stderr]   -- Adding component rewriter
[INFO] [stderr]   -- Adding rule to generate "arith_rewriter_params.hpp"
[INFO] [stderr]   -- Adding rule to generate "array_rewriter_params.hpp"
[INFO] [stderr]   -- Adding rule to generate "bool_rewriter_params.hpp"
[INFO] [stderr]   -- Adding rule to generate "bv_rewriter_params.hpp"
[INFO] [stderr]   -- Adding rule to generate "fpa_rewriter_params.hpp"
[INFO] [stderr]   -- Adding rule to generate "poly_rewriter_params.hpp"
[INFO] [stderr]   -- Adding rule to generate "rewriter_params.hpp"
[INFO] [stderr]   -- Adding component normal_forms
[INFO] [stderr]   -- Adding rule to generate "nnf_params.hpp"
[INFO] [stderr]   -- Adding component model
[INFO] [stderr]   -- Adding rule to generate "model_evaluator_params.hpp"
[INFO] [stderr]   -- Adding rule to generate "model_params.hpp"
[INFO] [stderr]   -- Adding component tactic
[INFO] [stderr]   -- Adding rule to generate "tactic_params.hpp"
[INFO] [stderr]   -- Adding component substitution
[INFO] [stderr]   -- Adding component parser_util
[INFO] [stderr]   -- Adding rule to generate "parser_params.hpp"
[INFO] [stderr]   -- Adding component grobner
[INFO] [stderr]   -- Adding component sat
[INFO] [stderr]   -- Adding rule to generate "sat_asymm_branch_params.hpp"
[INFO] [stderr]   -- Adding rule to generate "sat_params.hpp"
[INFO] [stderr]   -- Adding rule to generate "sat_scc_params.hpp"
[INFO] [stderr]   -- Adding rule to generate "sat_simplifier_params.hpp"
[INFO] [stderr]   -- Adding component nlsat
[INFO] [stderr]   -- Adding rule to generate "nlsat_params.hpp"
[INFO] [stderr]   -- Adding component lp
[INFO] [stderr]   -- Adding component core_tactics
[INFO] [stderr]   -- Adding component subpaving_tactic
[INFO] [stderr]   -- Adding component aig_tactic
[INFO] [stderr]   -- Adding component solver
[INFO] [stderr]   -- Adding rule to generate "combined_solver_params.hpp"
[INFO] [stderr]   -- Adding rule to generate "parallel_params.hpp"
[INFO] [stderr]   -- Adding rule to generate "solver_params.hpp"
[INFO] [stderr]   -- Adding component sat_tactic
[INFO] [stderr]   -- Adding component arith_tactics
[INFO] [stderr]   -- Adding component nlsat_tactic
[INFO] [stderr]   -- Adding component ackermannization
[INFO] [stderr]   -- Adding rule to generate "ackermannization_params.hpp"
[INFO] [stderr]   -- Adding rule to generate "ackermannize_bv_tactic_params.hpp"
[INFO] [stderr]   -- Adding component cmd_context
[INFO] [stderr]   -- Adding component extra_cmds
[INFO] [stderr]   -- Adding component smt2parser
[INFO] [stderr]   -- Adding component proofs
[INFO] [stderr]   -- Adding component fpa
[INFO] [stderr]   -- Adding rule to generate "fpa2bv_rewriter_params.hpp"
[INFO] [stderr]   -- Adding component macros
[INFO] [stderr]   -- Adding component pattern
[INFO] [stderr]   -- Adding rule to generate "pattern_inference_params_helper.hpp"
[INFO] [stderr]   -- Adding component bit_blaster
[INFO] [stderr]   -- Adding component smt_params
[INFO] [stderr]   -- Adding rule to generate "smt_params_helper.hpp"
[INFO] [stderr]   -- Adding component proto_model
[INFO] [stderr]   -- Adding component smt
[INFO] [stderr]   -- Adding component bv_tactics
[INFO] [stderr]   -- Adding component smt_tactic
[INFO] [stderr]   -- Adding component sls_tactic
[INFO] [stderr]   -- Adding rule to generate "sls_params.hpp"
[INFO] [stderr]   -- Adding component qe
[INFO] [stderr]   -- Adding component muz
[INFO] [stderr]   -- Adding rule to generate "fp_params.hpp"
[INFO] [stderr]   -- Adding component dataflow
[INFO] [stderr]   -- Adding component transforms
[INFO] [stderr]   -- Adding component rel
[INFO] [stderr]   -- Adding component clp
[INFO] [stderr]   -- Adding component tab
[INFO] [stderr]   -- Adding component bmc
[INFO] [stderr]   -- Adding component ddnf
[INFO] [stderr]   -- Adding component spacer
[INFO] [stderr]   -- Adding component fp
[INFO] [stderr]   -- Adding component ufbv_tactic
[INFO] [stderr]   -- Adding component sat_solver
[INFO] [stderr]   -- Adding component smtlogic_tactics
[INFO] [stderr]   -- Adding rule to generate "qfufbv_tactic_params.hpp"
[INFO] [stderr]   -- Adding component fpa_tactics
[INFO] [stderr]   -- Adding component fd_solver
[INFO] [stderr]   -- Adding component portfolio
[INFO] [stderr]   -- Adding component opt
[INFO] [stderr]   -- Adding rule to generate "opt_params.hpp"
[INFO] [stderr]   -- Adding component api
[INFO] [stderr]   -- Adding component api_dll
[INFO] [stderr]   -- Building documentation disabled
[INFO] [stderr]   -- Configuring done
[INFO] [stderr]   -- Generating done
[INFO] [stderr]   -- Build files have been written to: /opt/rustwide/target/debug/build/z3-sys-45220cb8f3c37b92/out/build
[INFO] [stderr]   running: "cmake" "--build" "." "--target" "install" "--config" "Debug" "--"
[INFO] [stderr]   Scanning dependencies of target util
[INFO] [stderr]   [  0%] Building CXX object src/util/CMakeFiles/util.dir/approx_nat.cpp.o
[INFO] [stderr]   [  0%] Building CXX object src/util/CMakeFiles/util.dir/approx_set.cpp.o
[INFO] [stderr]   [  0%] Building CXX object src/util/CMakeFiles/util.dir/bit_util.cpp.o
[INFO] [stderr]   [  0%] Building CXX object src/util/CMakeFiles/util.dir/cmd_context_types.cpp.o
[INFO] [stderr]   [  1%] Building CXX object src/util/CMakeFiles/util.dir/bit_vector.cpp.o
[INFO] [stderr]   [  1%] Building CXX object src/util/CMakeFiles/util.dir/common_msgs.cpp.o
[INFO] [stderr]   [  1%] Building CXX object src/util/CMakeFiles/util.dir/fixed_bit_vector.cpp.o
[INFO] [stderr]   [  1%] Building CXX object src/util/CMakeFiles/util.dir/debug.cpp.o
[INFO] [stderr]   [  1%] Building CXX object src/util/CMakeFiles/util.dir/env_params.cpp.o
[INFO] [stderr]   [  1%] Building CXX object src/util/CMakeFiles/util.dir/gparams.cpp.o
[INFO] [stderr]   [  2%] Building CXX object src/util/CMakeFiles/util.dir/hwf.cpp.o
[INFO] [stderr]   [  2%] Building CXX object src/util/CMakeFiles/util.dir/hash.cpp.o
[INFO] [stderr]   [  2%] Building CXX object src/util/CMakeFiles/util.dir/inf_rational.cpp.o
[INFO] [stderr]   [  2%] Building CXX object src/util/CMakeFiles/util.dir/inf_int_rational.cpp.o
[INFO] [stderr]   [  2%] Building CXX object src/util/CMakeFiles/util.dir/inf_s_integer.cpp.o
[INFO] [stderr]   [  2%] Building CXX object src/util/CMakeFiles/util.dir/lbool.cpp.o
[INFO] [stderr]   [  2%] Building CXX object src/util/CMakeFiles/util.dir/luby.cpp.o
[INFO] [stderr]   [  2%] Building CXX object src/util/CMakeFiles/util.dir/memory_manager.cpp.o
[INFO] [stderr]   [  3%] Building CXX object src/util/CMakeFiles/util.dir/min_cut.cpp.o
[INFO] [stderr]   [  3%] Building CXX object src/util/CMakeFiles/util.dir/mpbq.cpp.o
[INFO] [stderr]   [  3%] Building CXX object src/util/CMakeFiles/util.dir/mpff.cpp.o
[INFO] [stderr]   [  3%] Building CXX object src/util/CMakeFiles/util.dir/mpf.cpp.o
[INFO] [stderr]   [  3%] Building CXX object src/util/CMakeFiles/util.dir/mpfx.cpp.o
[INFO] [stderr]   [  3%] Building CXX object src/util/CMakeFiles/util.dir/mpn.cpp.o
[INFO] [stderr]   [  3%] Building CXX object src/util/CMakeFiles/util.dir/mpq.cpp.o
[INFO] [stderr]   [  3%] Building CXX object src/util/CMakeFiles/util.dir/mpq_inf.cpp.o
[INFO] [stderr]   [  4%] Building CXX object src/util/CMakeFiles/util.dir/mpz.cpp.o
[INFO] [stderr]   [  4%] Building CXX object src/util/CMakeFiles/util.dir/page.cpp.o
[INFO] [stderr]   [  4%] Building CXX object src/util/CMakeFiles/util.dir/params.cpp.o
[INFO] [stderr]   [  4%] Building CXX object src/util/CMakeFiles/util.dir/permutation.cpp.o
[INFO] [stderr]   [  4%] Building CXX object src/util/CMakeFiles/util.dir/prime_generator.cpp.o
[INFO] [stderr]   [  4%] Building CXX object src/util/CMakeFiles/util.dir/rational.cpp.o
[INFO] [stderr]   [  4%] Building CXX object src/util/CMakeFiles/util.dir/region.cpp.o
[INFO] [stderr]   [  4%] Building CXX object src/util/CMakeFiles/util.dir/rlimit.cpp.o
[INFO] [stderr]   [  5%] Building CXX object src/util/CMakeFiles/util.dir/scoped_ctrl_c.cpp.o
[INFO] [stderr]   [  5%] Building CXX object src/util/CMakeFiles/util.dir/scoped_timer.cpp.o
[INFO] [stderr]   [  5%] Building CXX object src/util/CMakeFiles/util.dir/sexpr.cpp.o
[INFO] [stderr]   [  5%] Building CXX object src/util/CMakeFiles/util.dir/s_integer.cpp.o
[INFO] [stderr]   [  5%] Building CXX object src/util/CMakeFiles/util.dir/small_object_allocator.cpp.o
[INFO] [stderr]   [  5%] Building CXX object src/util/CMakeFiles/util.dir/smt2_util.cpp.o
[INFO] [stderr]   [  5%] Building CXX object src/util/CMakeFiles/util.dir/stack.cpp.o
[INFO] [stderr]   [  6%] Building CXX object src/util/CMakeFiles/util.dir/statistics.cpp.o
[INFO] [stderr]   [  6%] Building CXX object src/util/CMakeFiles/util.dir/symbol.cpp.o
[INFO] [stderr]   [  6%] Building CXX object src/util/CMakeFiles/util.dir/timeit.cpp.o
[INFO] [stderr]   [  6%] Building CXX object src/util/CMakeFiles/util.dir/trace.cpp.o
[INFO] [stderr]   [  6%] Building CXX object src/util/CMakeFiles/util.dir/timeout.cpp.o
[INFO] [stderr]   [  6%] Building CXX object src/util/CMakeFiles/util.dir/util.cpp.o
[INFO] [stderr]   [  6%] Building CXX object src/util/CMakeFiles/util.dir/warning.cpp.o
[INFO] [stderr]   [  6%] Building CXX object src/util/CMakeFiles/util.dir/z3_exception.cpp.o
[INFO] [stderr]   [  6%] Built target util
[INFO] [stderr]   [  6%] Generating "/opt/rustwide/target/debug/build/z3-sys-45220cb8f3c37b92/out/build/src/math/polynomial/algebraic_params.hpp" from "algebraic_params.pyg"
[INFO] [stderr]   Scanning dependencies of target interval
[INFO] [stderr]   Scanning dependencies of target simplex
[INFO] [stderr]   Scanning dependencies of target automata
[INFO] [stderr]   Scanning dependencies of target hilbert
[INFO] [stderr]   Scanning dependencies of target dd
[INFO] [stderr]   [  6%] Building CXX object src/math/simplex/CMakeFiles/simplex.dir/bit_matrix.cpp.o
[INFO] [stderr]   [  6%] Building CXX object src/math/simplex/CMakeFiles/simplex.dir/simplex.cpp.o
[INFO] [stderr]   [  6%] Building CXX object src/math/interval/CMakeFiles/interval.dir/interval_mpq.cpp.o
[INFO] [stderr]   [  7%] Building CXX object src/math/automata/CMakeFiles/automata.dir/automaton.cpp.o
[INFO] [stderr]   [  8%] Building CXX object src/math/simplex/CMakeFiles/simplex.dir/model_based_opt.cpp.o
[INFO] [stderr]   [  8%] Building CXX object src/math/interval/CMakeFiles/interval.dir/dep_intervals.cpp.o
[INFO] [stderr]   [  8%] Building CXX object src/math/hilbert/CMakeFiles/hilbert.dir/hilbert_basis.cpp.o
[INFO] [stderr]   [  8%] Building CXX object src/math/dd/CMakeFiles/dd.dir/dd_pdd.cpp.o
[INFO] [stderr]   [  8%] Building CXX object src/math/dd/CMakeFiles/dd.dir/dd_bdd.cpp.o
[INFO] [stderr]   Scanning dependencies of target polynomial
[INFO] [stderr]   [  8%] Building CXX object src/math/polynomial/CMakeFiles/polynomial.dir/rpolynomial.cpp.o
[INFO] [stderr]   [  8%] Building CXX object src/math/polynomial/CMakeFiles/polynomial.dir/polynomial_cache.cpp.o
[INFO] [stderr]   [  8%] Building CXX object src/math/polynomial/CMakeFiles/polynomial.dir/algebraic_numbers.cpp.o
[INFO] [stderr]   [  8%] Building CXX object src/math/polynomial/CMakeFiles/polynomial.dir/upolynomial.cpp.o
[INFO] [stderr]   [  8%] Building CXX object src/math/polynomial/CMakeFiles/polynomial.dir/polynomial.cpp.o
[INFO] [stderr]   [  9%] Building CXX object src/math/polynomial/CMakeFiles/polynomial.dir/sexpr2upolynomial.cpp.o
[INFO] [stderr]   [  9%] Building CXX object src/math/polynomial/CMakeFiles/polynomial.dir/upolynomial_factorization.cpp.o
[INFO] [stderr]   [  9%] Built target automata
[INFO] [stderr]   [  9%] Built target interval
[INFO] [stderr]   [ 10%] Generating "/opt/rustwide/target/debug/build/z3-sys-45220cb8f3c37b92/out/build/src/math/realclosure/rcf_params.hpp" from "rcf_params.pyg"
[INFO] [stderr]   Scanning dependencies of target subpaving
[INFO] [stderr]   [ 11%] Building CXX object src/math/subpaving/CMakeFiles/subpaving.dir/subpaving_mpf.cpp.o
[INFO] [stderr]   Scanning dependencies of target realclosure
[INFO] [stderr]   [ 11%] Building CXX object src/math/subpaving/CMakeFiles/subpaving.dir/subpaving.cpp.o
[INFO] [stderr]   [ 11%] Building CXX object src/math/subpaving/CMakeFiles/subpaving.dir/subpaving_hwf.cpp.o
[INFO] [stderr]   [ 11%] Building CXX object src/math/realclosure/CMakeFiles/realclosure.dir/mpz_matrix.cpp.o
[INFO] [stderr]   [ 11%] Building CXX object src/math/realclosure/CMakeFiles/realclosure.dir/realclosure.cpp.o
[INFO] [stderr]   [ 11%] Building CXX object src/math/subpaving/CMakeFiles/subpaving.dir/subpaving_mpff.cpp.o
[INFO] [stderr]   [ 11%] Building CXX object src/math/subpaving/CMakeFiles/subpaving.dir/subpaving_mpfx.cpp.o
[INFO] [stderr]   [ 11%] Built target hilbert
[INFO] [stderr]   [ 11%] Built target dd
[INFO] [stderr]   [ 11%] Building CXX object src/math/subpaving/CMakeFiles/subpaving.dir/subpaving_mpq.cpp.o
[INFO] [stderr]   [ 11%] Built target simplex
[INFO] [stderr]   [ 11%] Built target polynomial
[INFO] [stderr]   [ 12%] Generating "/opt/rustwide/target/debug/build/z3-sys-45220cb8f3c37b92/out/build/src/ast/pp_params.hpp" from "pp_params.pyg"
[INFO] [stderr]   Scanning dependencies of target ast
[INFO] [stderr]   [ 12%] Building CXX object src/ast/CMakeFiles/ast.dir/act_cache.cpp.o
[INFO] [stderr]   [ 12%] Building CXX object src/ast/CMakeFiles/ast.dir/arith_decl_plugin.cpp.o
[INFO] [stderr]   [ 12%] Building CXX object src/ast/CMakeFiles/ast.dir/array_decl_plugin.cpp.o
[INFO] [stderr]   [ 12%] Building CXX object src/ast/CMakeFiles/ast.dir/ast.cpp.o
[INFO] [stderr]   [ 12%] Building CXX object src/ast/CMakeFiles/ast.dir/ast_ll_pp.cpp.o
[INFO] [stderr]   [ 12%] Building CXX object src/ast/CMakeFiles/ast.dir/ast_lt.cpp.o
[INFO] [stderr]   [ 12%] Building CXX object src/ast/CMakeFiles/ast.dir/ast_pp_util.cpp.o
[INFO] [stderr]   [ 13%] Building CXX object src/ast/CMakeFiles/ast.dir/ast_printer.cpp.o
[INFO] [stderr]   [ 13%] Built target subpaving
[INFO] [stderr]   [ 13%] Building CXX object src/ast/CMakeFiles/ast.dir/ast_smt2_pp.cpp.o
[INFO] [stderr]   [ 13%] Building CXX object src/ast/CMakeFiles/ast.dir/ast_smt_pp.cpp.o
[INFO] [stderr]   [ 13%] Building CXX object src/ast/CMakeFiles/ast.dir/ast_pp_dot.cpp.o
[INFO] [stderr]   [ 13%] Building CXX object src/ast/CMakeFiles/ast.dir/ast_translation.cpp.o
[INFO] [stderr]   [ 13%] Building CXX object src/ast/CMakeFiles/ast.dir/ast_util.cpp.o
[INFO] [stderr]   [ 13%] Building CXX object src/ast/CMakeFiles/ast.dir/bv_decl_plugin.cpp.o
[INFO] [stderr]   [ 13%] Built target realclosure
[INFO] [stderr]   [ 14%] Building CXX object src/ast/CMakeFiles/ast.dir/csp_decl_plugin.cpp.o
[INFO] [stderr]   [ 14%] Building CXX object src/ast/CMakeFiles/ast.dir/datatype_decl_plugin.cpp.o
[INFO] [stderr] 
[INFO] [stderr]   --- stderr
[INFO] [stderr]   CMake Warning (dev) at cmake/git_utils.cmake:57 (message):
[INFO] [stderr]     Git head file
[INFO] [stderr]     "/opt/rustwide/cargo-home/git/checkouts/z3.rs-5e2ffa4244686114/fc39f32/z3-sys/z3/HEAD"
[INFO] [stderr]     cannot be found
[INFO] [stderr]   Call Stack (most recent call first):
[INFO] [stderr]     CMakeLists.txt:75 (add_git_dir_dependency)
[INFO] [stderr]   This warning is for project developers.  Use -Wno-dev to suppress it.
[INFO] [stderr] 
[INFO] [stderr]   CMake Warning at CMakeLists.txt:103 (message):
[INFO] [stderr]     Failed to add git dependency.
[INFO] [stderr] 
[INFO] [stderr] 
[INFO] [stderr]   CMake Warning at CMakeLists.txt:60 (message):
[INFO] [stderr]     Disabling Z3_INCLUDE_GIT_DESCRIBE
[INFO] [stderr]   Call Stack (most recent call first):
[INFO] [stderr]     CMakeLists.txt:104 (disable_git_describe)
[INFO] [stderr] 
[INFO] [stderr] 
[INFO] [stderr]   CMake Warning at CMakeLists.txt:64 (message):
[INFO] [stderr]     Disabling Z3_INCLUDE_GIT_HASH
[INFO] [stderr]   Call Stack (most recent call first):
[INFO] [stderr]     CMakeLists.txt:105 (disable_git_hash)
[INFO] [stderr] 
[INFO] [stderr] 
[INFO] [stderr]   CMake Warning:
[INFO] [stderr]     Manually-specified variables were not used by the project:
[INFO] [stderr] 
[INFO] [stderr]       CMAKE_C_COMPILER
[INFO] [stderr]       CMAKE_C_FLAGS
[INFO] [stderr] 
[INFO] [stderr] 
[INFO] [stderr]   /opt/rustwide/cargo-home/git/checkouts/z3.rs-5e2ffa4244686114/fc39f32/z3-sys/z3/src/util/fixed_bit_vector.cpp: In constructor 'fixed_bit_vector_manager::fixed_bit_vector_manager(unsigned int)':
[INFO] [stderr]   /opt/rustwide/cargo-home/git/checkouts/z3.rs-5e2ffa4244686114/fc39f32/z3-sys/z3/src/util/fixed_bit_vector.cpp:51:32: warning: 'void* memset(void*, int, size_t)' clearing an object of non-trivial type 'class fixed_bit_vector'; use assignment or value-initialization instead [-Wclass-memaccess]
[INFO] [stderr]      51 |     memset(&m_0, 0, sizeof(m_0));
[INFO] [stderr]         |                                ^
[INFO] [stderr]   In file included from /opt/rustwide/cargo-home/git/checkouts/z3.rs-5e2ffa4244686114/fc39f32/z3-sys/z3/src/util/fixed_bit_vector.cpp:23:
[INFO] [stderr]   /opt/rustwide/cargo-home/git/checkouts/z3.rs-5e2ffa4244686114/fc39f32/z3-sys/z3/src/util/fixed_bit_vector.h:28:7: note: 'class fixed_bit_vector' declared here
[INFO] [stderr]      28 | class fixed_bit_vector {
[INFO] [stderr]         |       ^~~~~~~~~~~~~~~~
[INFO] [stderr]   INFO:root:Using /opt/rustwide/cargo-home/git/checkouts/z3.rs-5e2ffa4244686114/fc39f32/z3-sys/z3/src/math/polynomial/algebraic_params.pyg
[INFO] [stderr]   INFO:root:Generated "/opt/rustwide/target/debug/build/z3-sys-45220cb8f3c37b92/out/build/src/math/polynomial/algebraic_params.hpp"
[INFO] [stderr]   In file included from /opt/rustwide/cargo-home/git/checkouts/z3.rs-5e2ffa4244686114/fc39f32/z3-sys/z3/src/util/buffer.h:17,
[INFO] [stderr]                    from /opt/rustwide/cargo-home/git/checkouts/z3.rs-5e2ffa4244686114/fc39f32/z3-sys/z3/src/util/mpn.h:25,
[INFO] [stderr]                    from /opt/rustwide/cargo-home/git/checkouts/z3.rs-5e2ffa4244686114/fc39f32/z3-sys/z3/src/util/mpz.h:29,
[INFO] [stderr]                    from /opt/rustwide/cargo-home/git/checkouts/z3.rs-5e2ffa4244686114/fc39f32/z3-sys/z3/src/util/mpq.h:22,
[INFO] [stderr]                    from /opt/rustwide/cargo-home/git/checkouts/z3.rs-5e2ffa4244686114/fc39f32/z3-sys/z3/src/util/rational.h:22,
[INFO] [stderr]                    from /opt/rustwide/cargo-home/git/checkouts/z3.rs-5e2ffa4244686114/fc39f32/z3-sys/z3/src/math/hilbert/hilbert_basis.h:31,
[INFO] [stderr]                    from /opt/rustwide/cargo-home/git/checkouts/z3.rs-5e2ffa4244686114/fc39f32/z3-sys/z3/src/math/hilbert/hilbert_basis.cpp:20:
[INFO] [stderr]   /opt/rustwide/cargo-home/git/checkouts/z3.rs-5e2ffa4244686114/fc39f32/z3-sys/z3/src/util/old_buffer.h: In instantiation of 'void old_buffer<T, CallDestructors, INITIAL_SIZE>::expand() [with T = std::pair<checked_int64<true>, heap_trie<checked_int64<true>, hilbert_basis::value_index2::key_le, checked_int64<true>::hash_proc, unsigned int>::node*>; bool CallDestructors = true; unsigned int INITIAL_SIZE = 2]':
[INFO] [stderr]   /opt/rustwide/cargo-home/git/checkouts/z3.rs-5e2ffa4244686114/fc39f32/z3-sys/z3/src/util/old_buffer.h:157:13:   required from 'void old_buffer<T, CallDestructors, INITIAL_SIZE>::push_back(T&&) [with T = std::pair<checked_int64<true>, heap_trie<checked_int64<true>, hilbert_basis::value_index2::key_le, checked_int64<true>::hash_proc, unsigned int>::node*>; bool CallDestructors = true; unsigned int INITIAL_SIZE = 2]'
[INFO] [stderr]   /opt/rustwide/cargo-home/git/checkouts/z3.rs-5e2ffa4244686114/fc39f32/z3-sys/z3/src/math/hilbert/heap_trie.h:111:13:   required from 'heap_trie<Key, KeyLE, KeyHash, Value>::node* heap_trie<Key, KeyLE, KeyHash, Value>::trie::find_or_insert(Key, heap_trie<Key, KeyLE, KeyHash, Value>::node*) [with Key = checked_int64<true>; KeyLE = hilbert_basis::value_index2::key_le; KeyHash = checked_int64<true>::hash_proc; Value = unsigned int]'
[INFO] [stderr]   /opt/rustwide/cargo-home/git/checkouts/z3.rs-5e2ffa4244686114/fc39f32/z3-sys/z3/src/math/hilbert/heap_trie.h:606:15:   required from 'heap_trie<Key, KeyLE, KeyHash, Value>::node* heap_trie<Key, KeyLE, KeyHash, Value>::insert_key(heap_trie<Key, KeyLE, KeyHash, Value>::trie*, bool, const Key&) [with Key = checked_int64<true>; KeyLE = hilbert_basis::value_index2::key_le; KeyHash = checked_int64<true>::hash_proc; Value = unsigned int]'
[INFO] [stderr]   /opt/rustwide/cargo-home/git/checkouts/z3.rs-5e2ffa4244686114/fc39f32/z3-sys/z3/src/math/hilbert/heap_trie.h:597:17:   required from 'void heap_trie<Key, KeyLE, KeyHash, Value>::insert(heap_trie<Key, KeyLE, KeyHash, Value>::node*, unsigned int, const Key*, const unsigned int*, const Value&) [with Key = checked_int64<true>; KeyLE = hilbert_basis::value_index2::key_le; KeyHash = checked_int64<true>::hash_proc; Value = unsigned int]'
[INFO] [stderr]   /opt/rustwide/cargo-home/git/checkouts/z3.rs-5e2ffa4244686114/fc39f32/z3-sys/z3/src/math/hilbert/heap_trie.h:229:9:   required from 'void heap_trie<Key, KeyLE, KeyHash, Value>::insert(const Key*, const Value&) [with Key = checked_int64<true>; KeyLE = hilbert_basis::value_index2::key_le; KeyHash = checked_int64<true>::hash_proc; Value = unsigned int]'
[INFO] [stderr]   /opt/rustwide/cargo-home/git/checkouts/z3.rs-5e2ffa4244686114/fc39f32/z3-sys/z3/src/math/hilbert/hilbert_basis.cpp:207:49:   required from here
[INFO] [stderr]   /opt/rustwide/cargo-home/git/checkouts/z3.rs-5e2ffa4244686114/fc39f32/z3-sys/z3/src/util/old_buffer.h:44:15: warning: 'void* memcpy(void*, const void*, size_t)' writing to an object of type 'struct std::pair<checked_int64<true>, heap_trie<checked_int64<true>, hilbert_basis::value_index2::key_le, checked_int64<true>::hash_proc, unsigned int>::node*>' with no trivial copy-assignment; use copy-assignment or copy-initialization instead [-Wclass-memaccess]
[INFO] [stderr]      44 |         memcpy(new_buffer, m_buffer, m_pos * sizeof(T));
[INFO] [stderr]         |         ~~~~~~^~~~~~~~~~~~~~~~~~~~~~~~~~~~~~~~~~~~~~~~~
[INFO] [stderr]   In file included from /usr/include/c++/9/bits/stl_algobase.h:64,
[INFO] [stderr]                    from /usr/include/c++/9/bits/char_traits.h:39,
[INFO] [stderr]                    from /usr/include/c++/9/string:40,
[INFO] [stderr]                    from /opt/rustwide/cargo-home/git/checkouts/z3.rs-5e2ffa4244686114/fc39f32/z3-sys/z3/src/util/mpz.h:22,
[INFO] [stderr]                    from /opt/rustwide/cargo-home/git/checkouts/z3.rs-5e2ffa4244686114/fc39f32/z3-sys/z3/src/util/mpq.h:22,
[INFO] [stderr]                    from /opt/rustwide/cargo-home/git/checkouts/z3.rs-5e2ffa4244686114/fc39f32/z3-sys/z3/src/util/rational.h:22,
[INFO] [stderr]                    from /opt/rustwide/cargo-home/git/checkouts/z3.rs-5e2ffa4244686114/fc39f32/z3-sys/z3/src/math/hilbert/hilbert_basis.h:31,
[INFO] [stderr]                    from /opt/rustwide/cargo-home/git/checkouts/z3.rs-5e2ffa4244686114/fc39f32/z3-sys/z3/src/math/hilbert/hilbert_basis.cpp:20:
[INFO] [stderr]   /usr/include/c++/9/bits/stl_pair.h:208:12: note: 'struct std::pair<checked_int64<true>, heap_trie<checked_int64<true>, hilbert_basis::value_index2::key_le, checked_int64<true>::hash_proc, unsigned int>::node*>' declared here
[INFO] [stderr]     208 |     struct pair
[INFO] [stderr]         |            ^~~~
[INFO] [stderr]   /opt/rustwide/cargo-home/git/checkouts/z3.rs-5e2ffa4244686114/fc39f32/z3-sys/z3/src/math/polynomial/algebraic_numbers.cpp: In member function 'void algebraic_numbers::manager::imp::check_triangle_inequality(algebraic_numbers::manager::numeral_vector&)':
[INFO] [stderr]   /opt/rustwide/cargo-home/git/checkouts/z3.rs-5e2ffa4244686114/fc39f32/z3-sys/z3/src/math/polynomial/algebraic_numbers.cpp:578:26: warning: unused variable 'ltab' [-Wunused-variable]
[INFO] [stderr]     578 |                     bool ltab = lt(a, b);
[INFO] [stderr]         |                          ^~~~
[INFO] [stderr]   In file included from /opt/rustwide/cargo-home/git/checkouts/z3.rs-5e2ffa4244686114/fc39f32/z3-sys/z3/src/util/buffer.h:17,
[INFO] [stderr]                    from /opt/rustwide/cargo-home/git/checkouts/z3.rs-5e2ffa4244686114/fc39f32/z3-sys/z3/src/util/mpn.h:25,
[INFO] [stderr]                    from /opt/rustwide/cargo-home/git/checkouts/z3.rs-5e2ffa4244686114/fc39f32/z3-sys/z3/src/util/mpz.h:29,
[INFO] [stderr]                    from /opt/rustwide/cargo-home/git/checkouts/z3.rs-5e2ffa4244686114/fc39f32/z3-sys/z3/src/math/polynomial/polynomial.h:22,
[INFO] [stderr]                    from /opt/rustwide/cargo-home/git/checkouts/z3.rs-5e2ffa4244686114/fc39f32/z3-sys/z3/src/math/polynomial/polynomial.cpp:19:
[INFO] [stderr]   /opt/rustwide/cargo-home/git/checkouts/z3.rs-5e2ffa4244686114/fc39f32/z3-sys/z3/src/util/old_buffer.h: In instantiation of 'void old_buffer<T, CallDestructors, INITIAL_SIZE>::expand() [with T = polynomial::power; bool CallDestructors = false; unsigned int INITIAL_SIZE = 32]':
[INFO] [stderr]   /opt/rustwide/cargo-home/git/checkouts/z3.rs-5e2ffa4244686114/fc39f32/z3-sys/z3/src/util/old_buffer.h:157:13:   required from 'void old_buffer<T, CallDestructors, INITIAL_SIZE>::push_back(T&&) [with T = polynomial::power; bool CallDestructors = false; unsigned int INITIAL_SIZE = 32]'
[INFO] [stderr]   /opt/rustwide/cargo-home/git/checkouts/z3.rs-5e2ffa4244686114/fc39f32/z3-sys/z3/src/math/polynomial/polynomial.cpp:4288:54:   required from here
[INFO] [stderr]   /opt/rustwide/cargo-home/git/checkouts/z3.rs-5e2ffa4244686114/fc39f32/z3-sys/z3/src/util/old_buffer.h:44:15: warning: 'void* memcpy(void*, const void*, size_t)' writing to an object of type 'class polynomial::power' with no trivial copy-assignment; use copy-assignment or copy-initialization instead [-Wclass-memaccess]
[INFO] [stderr]      44 |         memcpy(new_buffer, m_buffer, m_pos * sizeof(T));
[INFO] [stderr]         |         ~~~~~~^~~~~~~~~~~~~~~~~~~~~~~~~~~~~~~~~~~~~~~~~
[INFO] [stderr]   /opt/rustwide/cargo-home/git/checkouts/z3.rs-5e2ffa4244686114/fc39f32/z3-sys/z3/src/math/polynomial/polynomial.cpp:91:11: note: 'class polynomial::power' declared here
[INFO] [stderr]      91 |     class power : public std::pair<var, unsigned> {
[INFO] [stderr]         |           ^~~~~
[INFO] [stderr]   In file included from /opt/rustwide/cargo-home/git/checkouts/z3.rs-5e2ffa4244686114/fc39f32/z3-sys/z3/src/util/buffer.h:17,
[INFO] [stderr]                    from /opt/rustwide/cargo-home/git/checkouts/z3.rs-5e2ffa4244686114/fc39f32/z3-sys/z3/src/util/mpn.h:25,
[INFO] [stderr]                    from /opt/rustwide/cargo-home/git/checkouts/z3.rs-5e2ffa4244686114/fc39f32/z3-sys/z3/src/util/mpz.h:29,
[INFO] [stderr]                    from /opt/rustwide/cargo-home/git/checkouts/z3.rs-5e2ffa4244686114/fc39f32/z3-sys/z3/src/math/polynomial/polynomial.h:22,
[INFO] [stderr]                    from /opt/rustwide/cargo-home/git/checkouts/z3.rs-5e2ffa4244686114/fc39f32/z3-sys/z3/src/math/polynomial/polynomial.cpp:19:
[INFO] [stderr]   /opt/rustwide/cargo-home/git/checkouts/z3.rs-5e2ffa4244686114/fc39f32/z3-sys/z3/src/util/old_buffer.h: In instantiation of 'void old_buffer<T, CallDestructors, INITIAL_SIZE>::expand() [with T = polynomial::power; bool CallDestructors = false; unsigned int INITIAL_SIZE = 16]':
[INFO] [stderr]   /opt/rustwide/cargo-home/git/checkouts/z3.rs-5e2ffa4244686114/fc39f32/z3-sys/z3/src/util/old_buffer.h:157:13:   required from 'void old_buffer<T, CallDestructors, INITIAL_SIZE>::push_back(T&&) [with T = polynomial::power; bool CallDestructors = false; unsigned int INITIAL_SIZE = 16]'
[INFO] [stderr]   /opt/rustwide/cargo-home/git/checkouts/z3.rs-5e2ffa4244686114/fc39f32/z3-sys/z3/src/math/polynomial/polynomial.cpp:4709:42:   required from here
[INFO] [stderr]   /opt/rustwide/cargo-home/git/checkouts/z3.rs-5e2ffa4244686114/fc39f32/z3-sys/z3/src/util/old_buffer.h:44:15: warning: 'void* memcpy(void*, const void*, size_t)' writing to an object of type 'class polynomial::power' with no trivial copy-assignment; use copy-assignment or copy-initialization instead [-Wclass-memaccess]
[INFO] [stderr]      44 |         memcpy(new_buffer, m_buffer, m_pos * sizeof(T));
[INFO] [stderr]         |         ~~~~~~^~~~~~~~~~~~~~~~~~~~~~~~~~~~~~~~~~~~~~~~~
[INFO] [stderr]   /opt/rustwide/cargo-home/git/checkouts/z3.rs-5e2ffa4244686114/fc39f32/z3-sys/z3/src/math/polynomial/polynomial.cpp:91:11: note: 'class polynomial::power' declared here
[INFO] [stderr]      91 |     class power : public std::pair<var, unsigned> {
[INFO] [stderr]         |           ^~~~~
[INFO] [stderr]   In file included from /opt/rustwide/cargo-home/git/checkouts/z3.rs-5e2ffa4244686114/fc39f32/z3-sys/z3/src/util/buffer.h:17,
[INFO] [stderr]                    from /opt/rustwide/cargo-home/git/checkouts/z3.rs-5e2ffa4244686114/fc39f32/z3-sys/z3/src/util/mpn.h:25,
[INFO] [stderr]                    from /opt/rustwide/cargo-home/git/checkouts/z3.rs-5e2ffa4244686114/fc39f32/z3-sys/z3/src/util/mpz.h:29,
[INFO] [stderr]                    from /opt/rustwide/cargo-home/git/checkouts/z3.rs-5e2ffa4244686114/fc39f32/z3-sys/z3/src/math/polynomial/polynomial.h:22,
[INFO] [stderr]                    from /opt/rustwide/cargo-home/git/checkouts/z3.rs-5e2ffa4244686114/fc39f32/z3-sys/z3/src/math/polynomial/polynomial.cpp:19:
[INFO] [stderr]   /opt/rustwide/cargo-home/git/checkouts/z3.rs-5e2ffa4244686114/fc39f32/z3-sys/z3/src/util/old_buffer.h: In instantiation of 'void old_buffer<T, CallDestructors, INITIAL_SIZE>::expand() [with T = mpz; bool CallDestructors = false; unsigned int INITIAL_SIZE = 128]':
[INFO] [stderr]   /opt/rustwide/cargo-home/git/checkouts/z3.rs-5e2ffa4244686114/fc39f32/z3-sys/z3/src/util/old_buffer.h:157:13:   required from 'void old_buffer<T, CallDestructors, INITIAL_SIZE>::push_back(T&&) [with T = mpz; bool CallDestructors = false; unsigned int INITIAL_SIZE = 128]'
[INFO] [stderr]   /opt/rustwide/cargo-home/git/checkouts/z3.rs-5e2ffa4244686114/fc39f32/z3-sys/z3/src/util/scoped_numeral_buffer.h:46:25:   required from 'void _scoped_numeral_buffer<Manager, INITIAL_SIZE>::push_back(const typename Manager::numeral&) [with Manager = mpzzp_manager; unsigned int INITIAL_SIZE = 128; typename Manager::numeral = mpz]'
[INFO] [stderr]   /opt/rustwide/cargo-home/git/checkouts/z3.rs-5e2ffa4244686114/fc39f32/z3-sys/z3/src/math/polynomial/polynomial.cpp:6874:43:   required from here
[INFO] [stderr]   /opt/rustwide/cargo-home/git/checkouts/z3.rs-5e2ffa4244686114/fc39f32/z3-sys/z3/src/util/old_buffer.h:44:15: warning: 'void* memcpy(void*, const void*, size_t)' writing to an object of type 'class mpz' with no trivial copy-assignment [-Wclass-memaccess]
[INFO] [stderr]      44 |         memcpy(new_buffer, m_buffer, m_pos * sizeof(T));
[INFO] [stderr]         |         ~~~~~~^~~~~~~~~~~~~~~~~~~~~~~~~~~~~~~~~~~~~~~~~
[INFO] [stderr]   In file included from /opt/rustwide/cargo-home/git/checkouts/z3.rs-5e2ffa4244686114/fc39f32/z3-sys/z3/src/math/polynomial/polynomial.h:22,
[INFO] [stderr]                    from /opt/rustwide/cargo-home/git/checkouts/z3.rs-5e2ffa4244686114/fc39f32/z3-sys/z3/src/math/polynomial/polynomial.cpp:19:
[INFO] [stderr]   /opt/rustwide/cargo-home/git/checkouts/z3.rs-5e2ffa4244686114/fc39f32/z3-sys/z3/src/util/mpz.h:84:7: note: 'class mpz' declared here
[INFO] [stderr]      84 | class mpz {
[INFO] [stderr]         |       ^~~
[INFO] [stderr]   INFO:root:Using /opt/rustwide/cargo-home/git/checkouts/z3.rs-5e2ffa4244686114/fc39f32/z3-sys/z3/src/math/realclosure/rcf_params.pyg
[INFO] [stderr]   INFO:root:Generated "/opt/rustwide/target/debug/build/z3-sys-45220cb8f3c37b92/out/build/src/math/realclosure/rcf_params.hpp"
[INFO] [stderr]   INFO:root:Using /opt/rustwide/cargo-home/git/checkouts/z3.rs-5e2ffa4244686114/fc39f32/z3-sys/z3/src/ast/pp_params.pyg
[INFO] [stderr]   INFO:root:Generated "/opt/rustwide/target/debug/build/z3-sys-45220cb8f3c37b92/out/build/src/ast/pp_params.hpp"
[INFO] [stderr]   In file included from /opt/rustwide/cargo-home/git/checkouts/z3.rs-5e2ffa4244686114/fc39f32/z3-sys/z3/src/util/buffer.h:17,
[INFO] [stderr]                    from /opt/rustwide/cargo-home/git/checkouts/z3.rs-5e2ffa4244686114/fc39f32/z3-sys/z3/src/ast/ast.h:25,
[INFO] [stderr]                    from /opt/rustwide/cargo-home/git/checkouts/z3.rs-5e2ffa4244686114/fc39f32/z3-sys/z3/src/ast/arith_decl_plugin.h:22,
[INFO] [stderr]                    from /opt/rustwide/cargo-home/git/checkouts/z3.rs-5e2ffa4244686114/fc39f32/z3-sys/z3/src/ast/ast_translation.cpp:19:
[INFO] [stderr]   /opt/rustwide/cargo-home/git/checkouts/z3.rs-5e2ffa4244686114/fc39f32/z3-sys/z3/src/util/old_buffer.h: In instantiation of 'void old_buffer<T, CallDestructors, INITIAL_SIZE>::expand() [with T = parameter; bool CallDestructors = true; unsigned int INITIAL_SIZE = 16]':
[INFO] [stderr]   /opt/rustwide/cargo-home/git/checkouts/z3.rs-5e2ffa4244686114/fc39f32/z3-sys/z3/src/util/old_buffer.h:157:13:   required from 'void old_buffer<T, CallDestructors, INITIAL_SIZE>::push_back(T&&) [with T = parameter; bool CallDestructors = true; unsigned int INITIAL_SIZE = 16]'
[INFO] [stderr]   /opt/rustwide/cargo-home/git/checkouts/z3.rs-5e2ffa4244686114/fc39f32/z3-sys/z3/src/ast/ast_translation.cpp:101:54:   required from here
[INFO] [stderr]   /opt/rustwide/cargo-home/git/checkouts/z3.rs-5e2ffa4244686114/fc39f32/z3-sys/z3/src/util/old_buffer.h:44:15: warning: 'void* memcpy(void*, const void*, size_t)' writing to an object of type 'class parameter' with no trivial copy-assignment; use copy-assignment or copy-initialization instead [-Wclass-memaccess]
[INFO] [stderr]      44 |         memcpy(new_buffer, m_buffer, m_pos * sizeof(T));
[INFO] [stderr]         |         ~~~~~~^~~~~~~~~~~~~~~~~~~~~~~~~~~~~~~~~~~~~~~~~
[INFO] [stderr]   In file included from /opt/rustwide/cargo-home/git/checkouts/z3.rs-5e2ffa4244686114/fc39f32/z3-sys/z3/src/ast/arith_decl_plugin.h:22,
[INFO] [stderr]                    from /opt/rustwide/cargo-home/git/checkouts/z3.rs-5e2ffa4244686114/fc39f32/z3-sys/z3/src/ast/ast_translation.cpp:19:
[INFO] [stderr]   /opt/rustwide/cargo-home/git/checkouts/z3.rs-5e2ffa4244686114/fc39f32/z3-sys/z3/src/ast/ast.h:89:7: note: 'class parameter' declared here
[INFO] [stderr]      89 | class parameter {
[INFO] [stderr]         |       ^~~~~~~~~
[INFO] [stderr]   c++: fatal error: Killed signal terminated program cc1plus
[INFO] [stderr]   compilation terminated.
[INFO] [stderr]   make[2]: *** [src/ast/CMakeFiles/ast.dir/build.make:238: src/ast/CMakeFiles/ast.dir/bv_decl_plugin.cpp.o] Error 1
[INFO] [stderr]   make[2]: *** Waiting for unfinished jobs....
[INFO] [stderr]   c++: fatal error: Killed signal terminated program cc1plus
[INFO] [stderr]   compilation terminated.
[INFO] [stderr]   make[2]: *** [src/ast/CMakeFiles/ast.dir/build.make:95: src/ast/CMakeFiles/ast.dir/array_decl_plugin.cpp.o] Error 1
[INFO] [stderr]   c++: fatal error: Killed signal terminated program cc1plus
[INFO] [stderr]   compilation terminated.
[INFO] [stderr]   make[2]: *** [src/ast/CMakeFiles/ast.dir/build.make:212: src/ast/CMakeFiles/ast.dir/ast_translation.cpp.o] Error 1
[INFO] [stderr]   In file included from /opt/rustwide/cargo-home/git/checkouts/z3.rs-5e2ffa4244686114/fc39f32/z3-sys/z3/src/util/buffer.h:17,
[INFO] [stderr]                    from /opt/rustwide/cargo-home/git/checkouts/z3.rs-5e2ffa4244686114/fc39f32/z3-sys/z3/src/ast/ast.h:25,
[INFO] [stderr]                    from /opt/rustwide/cargo-home/git/checkouts/z3.rs-5e2ffa4244686114/fc39f32/z3-sys/z3/src/ast/ast.cpp:21:
[INFO] [stderr]   /opt/rustwide/cargo-home/git/checkouts/z3.rs-5e2ffa4244686114/fc39f32/z3-sys/z3/src/util/old_buffer.h: In instantiation of 'void old_buffer<T, CallDestructors, INITIAL_SIZE>::expand() [with T = parameter; bool CallDestructors = true; unsigned int INITIAL_SIZE = 16]':
[INFO] [stderr]   /opt/rustwide/cargo-home/git/checkouts/z3.rs-5e2ffa4244686114/fc39f32/z3-sys/z3/src/util/old_buffer.h:157:13:   required from 'void old_buffer<T, CallDestructors, INITIAL_SIZE>::push_back(T&&) [with T = parameter; bool CallDestructors = true; unsigned int INITIAL_SIZE = 16]'
[INFO] [stderr]   /opt/rustwide/cargo-home/git/checkouts/z3.rs-5e2ffa4244686114/fc39f32/z3-sys/z3/src/ast/ast.cpp:2417:49:   required from here
[INFO] [stderr]   /opt/rustwide/cargo-home/git/checkouts/z3.rs-5e2ffa4244686114/fc39f32/z3-sys/z3/src/util/old_buffer.h:44:15: warning: 'void* memcpy(void*, const void*, size_t)' writing to an object of type 'class parameter' with no trivial copy-assignment; use copy-assignment or copy-initialization instead [-Wclass-memaccess]
[INFO] [stderr]      44 |         memcpy(new_buffer, m_buffer, m_pos * sizeof(T));
[INFO] [stderr]         |         ~~~~~~^~~~~~~~~~~~~~~~~~~~~~~~~~~~~~~~~~~~~~~~~
[INFO] [stderr]   In file included from /opt/rustwide/cargo-home/git/checkouts/z3.rs-5e2ffa4244686114/fc39f32/z3-sys/z3/src/ast/ast.cpp:21:
[INFO] [stderr]   /opt/rustwide/cargo-home/git/checkouts/z3.rs-5e2ffa4244686114/fc39f32/z3-sys/z3/src/ast/ast.h:89:7: note: 'class parameter' declared here
[INFO] [stderr]      89 | class parameter {
[INFO] [stderr]         |       ^~~~~~~~~
[INFO] [stderr]   make[1]: *** [CMakeFiles/Makefile2:1781: src/ast/CMakeFiles/ast.dir/all] Error 2
[INFO] [stderr]   make: *** [Makefile:130: all] Error 2
[INFO] [stderr]   thread 'main' panicked at '
[INFO] [stderr]   command did not execute successfully, got: exit status: 2
[INFO] [stderr] 
[INFO] [stderr]   build script failed, must exit now', /opt/rustwide/cargo-home/registry/src/github.com-1ecc6299db9ec823/cmake-0.1.42/src/lib.rs:861:5
[INFO] [stderr]   stack backtrace:
[INFO] [stderr]      0:     0x5611bc1d4fec - std::backtrace_rs::backtrace::libunwind::trace::h51faa62df48810e4
[INFO] [stderr]                                  at /rustc/58268ff091703ace98c3c2a8c5f2fb2c3aecace2/library/std/src/../../backtrace/src/backtrace/libunwind.rs:90:5
[INFO] [stderr]      1:     0x5611bc1d4fec - std::backtrace_rs::backtrace::trace_unsynchronized::h91de4d8e16d607e4
[INFO] [stderr]                                  at /rustc/58268ff091703ace98c3c2a8c5f2fb2c3aecace2/library/std/src/../../backtrace/src/backtrace/mod.rs:66:5
[INFO] [stderr]      2:     0x5611bc1d4fec - std::sys_common::backtrace::_print_fmt::h71b0935f97e4322c
[INFO] [stderr]                                  at /rustc/58268ff091703ace98c3c2a8c5f2fb2c3aecace2/library/std/src/sys_common/backtrace.rs:67:5
[INFO] [stderr]      3:     0x5611bc1d4fec - <std::sys_common::backtrace::_print::DisplayBacktrace as core::fmt::Display>::fmt::h9a78218788c14e18
[INFO] [stderr]                                  at /rustc/58268ff091703ace98c3c2a8c5f2fb2c3aecace2/library/std/src/sys_common/backtrace.rs:46:22
[INFO] [stderr]      4:     0x5611bc1f52bc - core::fmt::write::h3381b3176fe2b3d3
[INFO] [stderr]                                  at /rustc/58268ff091703ace98c3c2a8c5f2fb2c3aecace2/library/core/src/fmt/mod.rs:1150:17
[INFO] [stderr]      5:     0x5611bc1d1c15 - std::io::Write::write_fmt::h1d5220480c7a2437
[INFO] [stderr]                                  at /rustc/58268ff091703ace98c3c2a8c5f2fb2c3aecace2/library/std/src/io/mod.rs:1667:15
[INFO] [stderr]      6:     0x5611bc1d6ec0 - std::sys_common::backtrace::_print::h4b77abc4d907ed0e
[INFO] [stderr]                                  at /rustc/58268ff091703ace98c3c2a8c5f2fb2c3aecace2/library/std/src/sys_common/backtrace.rs:49:5
[INFO] [stderr]      7:     0x5611bc1d6ec0 - std::sys_common::backtrace::print::hb170c60b542377ad
[INFO] [stderr]                                  at /rustc/58268ff091703ace98c3c2a8c5f2fb2c3aecace2/library/std/src/sys_common/backtrace.rs:36:9
[INFO] [stderr]      8:     0x5611bc1d6ec0 - std::panicking::default_hook::{{closure}}::h12bbda9af8901ee3
[INFO] [stderr]                                  at /rustc/58268ff091703ace98c3c2a8c5f2fb2c3aecace2/library/std/src/panicking.rs:210:50
[INFO] [stderr]      9:     0x5611bc1d6a77 - std::panicking::default_hook::h8c6c66d3f3ba6768
[INFO] [stderr]                                  at /rustc/58268ff091703ace98c3c2a8c5f2fb2c3aecace2/library/std/src/panicking.rs:227:9
[INFO] [stderr]     10:     0x5611bc1d7574 - std::panicking::rust_panic_with_hook::h36f2fa0bb09f4069
[INFO] [stderr]                                  at /rustc/58268ff091703ace98c3c2a8c5f2fb2c3aecace2/library/std/src/panicking.rs:624:17
[INFO] [stderr]     11:     0x5611bc1d7050 - std::panicking::begin_panic_handler::{{closure}}::h9c42b65a42d06a7a
[INFO] [stderr]                                  at /rustc/58268ff091703ace98c3c2a8c5f2fb2c3aecace2/library/std/src/panicking.rs:521:13
[INFO] [stderr]     12:     0x5611bc1d54b4 - std::sys_common::backtrace::__rust_end_short_backtrace::hc791bddfe31e532c
[INFO] [stderr]                                  at /rustc/58268ff091703ace98c3c2a8c5f2fb2c3aecace2/library/std/src/sys_common/backtrace.rs:141:18
[INFO] [stderr]     13:     0x5611bc1d6fb9 - rust_begin_unwind
[INFO] [stderr]                                  at /rustc/58268ff091703ace98c3c2a8c5f2fb2c3aecace2/library/std/src/panicking.rs:517:5
[INFO] [stderr]     14:     0x5611bc162b6b - std::panicking::begin_panic_fmt::h32ac317c038a272d
[INFO] [stderr]                                  at /rustc/58268ff091703ace98c3c2a8c5f2fb2c3aecace2/library/std/src/panicking.rs:460:5
[INFO] [stderr]     15:     0x5611bc16cafb - cmake::fail::h8c1d5c66efcad2b3
[INFO] [stderr]                                  at /opt/rustwide/cargo-home/registry/src/github.com-1ecc6299db9ec823/cmake-0.1.42/src/lib.rs:861:5
[INFO] [stderr]     16:     0x5611bc16c519 - cmake::run::h8d384d91481e8742
[INFO] [stderr]                                  at /opt/rustwide/cargo-home/registry/src/github.com-1ecc6299db9ec823/cmake-0.1.42/src/lib.rs:839:9
[INFO] [stderr]     17:     0x5611bc169783 - cmake::Config::build::h7c18c31376bdce86
[INFO] [stderr]                                  at /opt/rustwide/cargo-home/registry/src/github.com-1ecc6299db9ec823/cmake-0.1.42/src/lib.rs:745:9
[INFO] [stderr]     18:     0x5611bc1641be - build_script_build::build_z3::h063c1d52f45d9dcf
[INFO] [stderr]                                  at /opt/rustwide/cargo-home/git/checkouts/z3.rs-5e2ffa4244686114/fc39f32/z3-sys/build.rs:8:15
[INFO] [stderr]     19:     0x5611bc1640b6 - build_script_build::main::h18fd55937159ab3c
[INFO] [stderr]                                  at /opt/rustwide/cargo-home/git/checkouts/z3.rs-5e2ffa4244686114/fc39f32/z3-sys/build.rs:3:5
[INFO] [stderr]     20:     0x5611bc164bbb - core::ops::function::FnOnce::call_once::h2b3c0851cb041c81
[INFO] [stderr]                                  at /rustc/58268ff091703ace98c3c2a8c5f2fb2c3aecace2/library/core/src/ops/function.rs:227:5
[INFO] [stderr]     21:     0x5611bc164b5e - std::sys_common::backtrace::__rust_begin_short_backtrace::h38b9a88640b354de
[INFO] [stderr]                                  at /rustc/58268ff091703ace98c3c2a8c5f2fb2c3aecace2/library/std/src/sys_common/backtrace.rs:125:18
[INFO] [stderr]     22:     0x5611bc164b31 - std::rt::lang_start::{{closure}}::h36434949425faabb
[INFO] [stderr]                                  at /rustc/58268ff091703ace98c3c2a8c5f2fb2c3aecace2/library/std/src/rt.rs:63:18
[INFO] [stderr]     23:     0x5611bc1d7a7a - core::ops::function::impls::<impl core::ops::function::FnOnce<A> for &F>::call_once::hc590b210ed55e22f
[INFO] [stderr]                                  at /rustc/58268ff091703ace98c3c2a8c5f2fb2c3aecace2/library/core/src/ops/function.rs:259:13
[INFO] [stderr]     24:     0x5611bc1d7a7a - std::panicking::try::do_call::h5f0600b7a33ea1af
[INFO] [stderr]                                  at /rustc/58268ff091703ace98c3c2a8c5f2fb2c3aecace2/library/std/src/panicking.rs:403:40
[INFO] [stderr]     25:     0x5611bc1d7a7a - std::panicking::try::he15826df0f376a33
[INFO] [stderr]                                  at /rustc/58268ff091703ace98c3c2a8c5f2fb2c3aecace2/library/std/src/panicking.rs:367:19
[INFO] [stderr]     26:     0x5611bc1d7a7a - std::panic::catch_unwind::hd8af3a578b6b4c86
[INFO] [stderr]                                  at /rustc/58268ff091703ace98c3c2a8c5f2fb2c3aecace2/library/std/src/panic.rs:129:14
[INFO] [stderr]     27:     0x5611bc1d7a7a - std::rt::lang_start_internal::{{closure}}::h301d1329324ae1f0
[INFO] [stderr]                                  at /rustc/58268ff091703ace98c3c2a8c5f2fb2c3aecace2/library/std/src/rt.rs:45:48
[INFO] [stderr]     28:     0x5611bc1d7a7a - std::panicking::try::do_call::h941e8fdb0bd03655
[INFO] [stderr]                                  at /rustc/58268ff091703ace98c3c2a8c5f2fb2c3aecace2/library/std/src/panicking.rs:403:40
[INFO] [stderr]     29:     0x5611bc1d7a7a - std::panicking::try::ha20a77bf65530f63
[INFO] [stderr]                                  at /rustc/58268ff091703ace98c3c2a8c5f2fb2c3aecace2/library/std/src/panicking.rs:367:19
[INFO] [stderr]     30:     0x5611bc1d7a7a - std::panic::catch_unwind::h33afc061cc69ef90
[INFO] [stderr]                                  at /rustc/58268ff091703ace98c3c2a8c5f2fb2c3aecace2/library/std/src/panic.rs:129:14
[INFO] [stderr]     31:     0x5611bc1d7a7a - std::rt::lang_start_internal::hc05c244593147106
[INFO] [stderr]                                  at /rustc/58268ff091703ace98c3c2a8c5f2fb2c3aecace2/library/std/src/rt.rs:45:20
[INFO] [stderr]     32:     0x5611bc164b00 - std::rt::lang_start::he06f1d27b4f14a0b
[INFO] [stderr]                                  at /rustc/58268ff091703ace98c3c2a8c5f2fb2c3aecace2/library/std/src/rt.rs:62:5
[INFO] [stderr]     33:     0x5611bc164acc - main
[INFO] [stderr]     34:     0x7fbd8bd0b0b3 - __libc_start_main
[INFO] [stderr]     35:     0x5611bc16399e - _start
[INFO] [stderr]     36:                0x0 - <unknown>
[INFO] [stderr] warning: build failed, waiting for other jobs to finish...
[INFO] [stderr] error: build failed
[INFO] running `Command { std: "docker" "inspect" "a70cd9b4fa07877b250d729afb6d6bbdd5a842fa11da14b62a911297dd2d5e8b", kill_on_drop: false }`
[INFO] running `Command { std: "docker" "rm" "-f" "a70cd9b4fa07877b250d729afb6d6bbdd5a842fa11da14b62a911297dd2d5e8b", kill_on_drop: false }`
[INFO] [stdout] a70cd9b4fa07877b250d729afb6d6bbdd5a842fa11da14b62a911297dd2d5e8b
