[INFO] cloning repository https://github.com/intermezzOS/kernel
[INFO] running `Command { std: "git" "-c" "credential.helper=" "-c" "credential.helper=/workspace/cargo-home/bin/git-credential-null" "clone" "--bare" "https://github.com/intermezzOS/kernel" "/workspace/cache/git-repos/https%3A%2F%2Fgithub.com%2FintermezzOS%2Fkernel", kill_on_drop: false }`
[INFO] [stderr] Cloning into bare repository '/workspace/cache/git-repos/https%3A%2F%2Fgithub.com%2FintermezzOS%2Fkernel'...
[INFO] running `Command { std: "git" "rev-parse" "HEAD", kill_on_drop: false }`
[INFO] [stdout] 6b09a4f253d5ce615c7907d9cd4e7d07e15c30be
[INFO] checking intermezzOS/kernel against 1.55.0 for beta-1.56-3
[INFO] running `Command { std: "git" "clone" "/workspace/cache/git-repos/https%3A%2F%2Fgithub.com%2FintermezzOS%2Fkernel" "/workspace/builds/worker-0/source", kill_on_drop: false }`
[INFO] [stderr] Cloning into '/workspace/builds/worker-0/source'...
[INFO] [stderr] done.
[INFO] validating manifest of git repo https://github.com/intermezzOS/kernel on toolchain 1.55.0
[INFO] running `Command { std: "/workspace/cargo-home/bin/cargo" "+1.55.0" "metadata" "--manifest-path" "Cargo.toml" "--no-deps", kill_on_drop: false }`
[INFO] started tweaking git repo https://github.com/intermezzOS/kernel
[INFO] finished tweaking git repo https://github.com/intermezzOS/kernel
[INFO] tweaked toml for git repo https://github.com/intermezzOS/kernel written to /workspace/builds/worker-0/source/Cargo.toml
[INFO] crate git repo https://github.com/intermezzOS/kernel already has a lockfile, it will not be regenerated
[INFO] running `Command { std: "/workspace/cargo-home/bin/cargo" "+1.55.0" "fetch" "--manifest-path" "Cargo.toml", kill_on_drop: false }`
[INFO] running `Command { std: "docker" "create" "-v" "/var/lib/crater-agent-workspace/builds/worker-0/target:/opt/rustwide/target:rw,Z" "-v" "/var/lib/crater-agent-workspace/builds/worker-0/source:/opt/rustwide/workdir:ro,Z" "-v" "/var/lib/crater-agent-workspace/cargo-home:/opt/rustwide/cargo-home:ro,Z" "-v" "/var/lib/crater-agent-workspace/rustup-home:/opt/rustwide/rustup-home:ro,Z" "-e" "SOURCE_DIR=/opt/rustwide/workdir" "-e" "CARGO_TARGET_DIR=/opt/rustwide/target" "-e" "CARGO_HOME=/opt/rustwide/cargo-home" "-e" "RUSTUP_HOME=/opt/rustwide/rustup-home" "-w" "/opt/rustwide/workdir" "-m" "1610612736" "--user" "0:0" "--network" "none" "ghcr.io/rust-lang/crates-build-env/linux@sha256:a89201d6b5b9fd45c15d5952ece0a0129e7e80cb26ec023fd59cf09bc26f1604" "/opt/rustwide/cargo-home/bin/cargo" "+1.55.0" "metadata" "--no-deps" "--format-version=1", kill_on_drop: false }`
[INFO] [stderr] WARNING: Your kernel does not support swap limit capabilities or the cgroup is not mounted. Memory limited without swap.
[INFO] [stdout] 473e3e0d2b25b5107cc6e8033eb15fb8637e49c95887c3eed31e2fa32349ae64
[INFO] running `Command { std: "docker" "start" "-a" "473e3e0d2b25b5107cc6e8033eb15fb8637e49c95887c3eed31e2fa32349ae64", kill_on_drop: false }`
[INFO] running `Command { std: "docker" "inspect" "473e3e0d2b25b5107cc6e8033eb15fb8637e49c95887c3eed31e2fa32349ae64", kill_on_drop: false }`
[INFO] running `Command { std: "docker" "rm" "-f" "473e3e0d2b25b5107cc6e8033eb15fb8637e49c95887c3eed31e2fa32349ae64", kill_on_drop: false }`
[INFO] [stdout] 473e3e0d2b25b5107cc6e8033eb15fb8637e49c95887c3eed31e2fa32349ae64
[INFO] running `Command { std: "docker" "create" "-v" "/var/lib/crater-agent-workspace/builds/worker-0/target:/opt/rustwide/target:rw,Z" "-v" "/var/lib/crater-agent-workspace/builds/worker-0/source:/opt/rustwide/workdir:ro,Z" "-v" "/var/lib/crater-agent-workspace/cargo-home:/opt/rustwide/cargo-home:ro,Z" "-v" "/var/lib/crater-agent-workspace/rustup-home:/opt/rustwide/rustup-home:ro,Z" "-e" "SOURCE_DIR=/opt/rustwide/workdir" "-e" "CARGO_TARGET_DIR=/opt/rustwide/target" "-e" "CARGO_INCREMENTAL=0" "-e" "RUST_BACKTRACE=full" "-e" "RUSTFLAGS=--cap-lints=warn" "-e" "CARGO_HOME=/opt/rustwide/cargo-home" "-e" "RUSTUP_HOME=/opt/rustwide/rustup-home" "-w" "/opt/rustwide/workdir" "-m" "1610612736" "--user" "0:0" "--network" "none" "ghcr.io/rust-lang/crates-build-env/linux@sha256:a89201d6b5b9fd45c15d5952ece0a0129e7e80cb26ec023fd59cf09bc26f1604" "/opt/rustwide/cargo-home/bin/cargo" "+1.55.0" "check" "--frozen" "--all" "--all-targets" "--message-format=json", kill_on_drop: false }`
[INFO] [stderr] WARNING: Your kernel does not support swap limit capabilities or the cgroup is not mounted. Memory limited without swap.
[INFO] [stdout] d9300690362505fc0829ec6b4809bcef939977cf78ae32d78cc18e14f58dd382
[INFO] running `Command { std: "docker" "start" "-a" "d9300690362505fc0829ec6b4809bcef939977cf78ae32d78cc18e14f58dd382", kill_on_drop: false }`
[INFO] [stderr]    Compiling unicode-width v0.1.5
[INFO] [stderr]    Compiling remove_dir_all v0.5.1
[INFO] [stderr]    Compiling llvm-tools v0.1.1
[INFO] [stderr]     Checking bit_field v0.9.0
[INFO] [stderr]     Checking nodrop v0.1.13
[INFO] [stderr]     Checking cast v0.2.2
[INFO] [stderr]     Checking ux v0.1.3
[INFO] [stderr]     Checking zero v0.1.2
[INFO] [stderr]     Checking vga v0.1.0 (/opt/rustwide/workdir/vga)
[INFO] [stderr]     Checking usize_conversions v0.2.0
[INFO] [stderr]     Checking bitflags v1.0.4
[INFO] [stdout] error[E0554]: `#![feature]` may not be used on the stable release channel
[INFO] [stdout]  --> /opt/rustwide/cargo-home/registry/src/github.com-1ecc6299db9ec823/usize_conversions-0.2.0/src/lib.rs:6:1
[INFO] [stdout]   |
[INFO] [stdout] 6 | #![feature(i128_type)]
[INFO] [stdout]   | ^^^^^^^^^^^^^^^^^^^^^^ help: remove the attribute
[INFO] [stdout]   |
[INFO] [stdout]   = help: the feature `i128_type` has been stable since 1.26.0 and no longer requires an attribute to enable
[INFO] [stdout] 
[INFO] [stdout] 
[INFO] [stdout] error[E0554]: `#![feature]` may not be used on the stable release channel
[INFO] [stdout]  --> /opt/rustwide/cargo-home/registry/src/github.com-1ecc6299db9ec823/usize_conversions-0.2.0/src/lib.rs:6:1
[INFO] [stdout]   |
[INFO] [stdout] 6 | #![feature(i128_type)]
[INFO] [stdout]   | ^^^^^^^^^^^^^^^^^^^^^^ help: remove the attribute
[INFO] [stdout]   |
[INFO] [stdout]   = help: the feature `i128_type` has been stable since 1.26.0 and no longer requires an attribute to enable
[INFO] [stdout] 
[INFO] [stdout] 
[INFO] [stdout] error: aborting due to previous error
[INFO] [stdout] 
[INFO] [stdout] 
[INFO] [stdout] For more information about this error, try `rustc --explain E0554`.
[INFO] [stdout] 
[INFO] [stderr] error: could not compile `usize_conversions` due to 2 previous errors
[INFO] [stderr] warning: build failed, waiting for other jobs to finish...
[INFO] [stdout] error: aborting due to previous error
[INFO] [stdout] 
[INFO] [stdout] 
[INFO] [stdout] For more information about this error, try `rustc --explain E0554`.
[INFO] [stdout] 
[INFO] [stdout] error[E0554]: `#![feature]` may not be used on the stable release channel
[INFO] [stdout]  --> vga/src/lib.rs:2:1
[INFO] [stdout]   |
[INFO] [stdout] 2 | #![feature(nll)]
[INFO] [stdout]   | ^^^^^^^^^^^^^^^^
[INFO] [stdout] 
[INFO] [stdout] 
[INFO] [stdout] error: aborting due to previous error
[INFO] [stdout] 
[INFO] [stdout] 
[INFO] [stdout] For more information about this error, try `rustc --explain E0554`.
[INFO] [stdout] 
[INFO] [stderr] error: build failed
[INFO] running `Command { std: "docker" "inspect" "d9300690362505fc0829ec6b4809bcef939977cf78ae32d78cc18e14f58dd382", kill_on_drop: false }`
[INFO] running `Command { std: "docker" "rm" "-f" "d9300690362505fc0829ec6b4809bcef939977cf78ae32d78cc18e14f58dd382", kill_on_drop: false }`
[INFO] [stdout] d9300690362505fc0829ec6b4809bcef939977cf78ae32d78cc18e14f58dd382
