[INFO] cloning repository https://github.com/infinitete/rustont-explorer
[INFO] running `Command { std: "git" "-c" "credential.helper=" "-c" "credential.helper=/workspace/cargo-home/bin/git-credential-null" "clone" "--bare" "https://github.com/infinitete/rustont-explorer" "/workspace/cache/git-repos/https%3A%2F%2Fgithub.com%2Finfinitete%2Frustont-explorer", kill_on_drop: false }`
[INFO] [stderr] Cloning into bare repository '/workspace/cache/git-repos/https%3A%2F%2Fgithub.com%2Finfinitete%2Frustont-explorer'...
[INFO] running `Command { std: "git" "rev-parse" "HEAD", kill_on_drop: false }`
[INFO] [stdout] e310a8a3e11fae122f5e96641e47e83d4da68903
[INFO] checking infinitete/rustont-explorer against 1.55.0 for beta-1.56-3
[INFO] running `Command { std: "git" "clone" "/workspace/cache/git-repos/https%3A%2F%2Fgithub.com%2Finfinitete%2Frustont-explorer" "/workspace/builds/worker-13/source", kill_on_drop: false }`
[INFO] [stderr] Cloning into '/workspace/builds/worker-13/source'...
[INFO] [stderr] done.
[INFO] validating manifest of git repo https://github.com/infinitete/rustont-explorer on toolchain 1.55.0
[INFO] running `Command { std: "/workspace/cargo-home/bin/cargo" "+1.55.0" "metadata" "--manifest-path" "Cargo.toml" "--no-deps", kill_on_drop: false }`
[INFO] started tweaking git repo https://github.com/infinitete/rustont-explorer
[INFO] finished tweaking git repo https://github.com/infinitete/rustont-explorer
[INFO] tweaked toml for git repo https://github.com/infinitete/rustont-explorer written to /workspace/builds/worker-13/source/Cargo.toml
[INFO] crate git repo https://github.com/infinitete/rustont-explorer already has a lockfile, it will not be regenerated
[INFO] running `Command { std: "/workspace/cargo-home/bin/cargo" "+1.55.0" "fetch" "--manifest-path" "Cargo.toml", kill_on_drop: false }`
[INFO] [stderr]     Updating crates.io index
[INFO] running `Command { std: "docker" "create" "-v" "/var/lib/crater-agent-workspace/builds/worker-13/target:/opt/rustwide/target:rw,Z" "-v" "/var/lib/crater-agent-workspace/builds/worker-13/source:/opt/rustwide/workdir:ro,Z" "-v" "/var/lib/crater-agent-workspace/cargo-home:/opt/rustwide/cargo-home:ro,Z" "-v" "/var/lib/crater-agent-workspace/rustup-home:/opt/rustwide/rustup-home:ro,Z" "-e" "SOURCE_DIR=/opt/rustwide/workdir" "-e" "CARGO_TARGET_DIR=/opt/rustwide/target" "-e" "CARGO_HOME=/opt/rustwide/cargo-home" "-e" "RUSTUP_HOME=/opt/rustwide/rustup-home" "-w" "/opt/rustwide/workdir" "-m" "1610612736" "--user" "0:0" "--network" "none" "ghcr.io/rust-lang/crates-build-env/linux@sha256:a89201d6b5b9fd45c15d5952ece0a0129e7e80cb26ec023fd59cf09bc26f1604" "/opt/rustwide/cargo-home/bin/cargo" "+1.55.0" "metadata" "--no-deps" "--format-version=1", kill_on_drop: false }`
[INFO] [stdout] cfb0f47fc5b77c7c81758f1dff923b6ec3ab314635128a59a6a5d4d200a72472
[INFO] [stderr] WARNING: Your kernel does not support swap limit capabilities or the cgroup is not mounted. Memory limited without swap.
[INFO] running `Command { std: "docker" "start" "-a" "cfb0f47fc5b77c7c81758f1dff923b6ec3ab314635128a59a6a5d4d200a72472", kill_on_drop: false }`
[INFO] running `Command { std: "docker" "inspect" "cfb0f47fc5b77c7c81758f1dff923b6ec3ab314635128a59a6a5d4d200a72472", kill_on_drop: false }`
[INFO] running `Command { std: "docker" "rm" "-f" "cfb0f47fc5b77c7c81758f1dff923b6ec3ab314635128a59a6a5d4d200a72472", kill_on_drop: false }`
[INFO] [stdout] cfb0f47fc5b77c7c81758f1dff923b6ec3ab314635128a59a6a5d4d200a72472
[INFO] running `Command { std: "docker" "create" "-v" "/var/lib/crater-agent-workspace/builds/worker-13/target:/opt/rustwide/target:rw,Z" "-v" "/var/lib/crater-agent-workspace/builds/worker-13/source:/opt/rustwide/workdir:ro,Z" "-v" "/var/lib/crater-agent-workspace/cargo-home:/opt/rustwide/cargo-home:ro,Z" "-v" "/var/lib/crater-agent-workspace/rustup-home:/opt/rustwide/rustup-home:ro,Z" "-e" "SOURCE_DIR=/opt/rustwide/workdir" "-e" "CARGO_TARGET_DIR=/opt/rustwide/target" "-e" "CARGO_INCREMENTAL=0" "-e" "RUST_BACKTRACE=full" "-e" "RUSTFLAGS=--cap-lints=warn" "-e" "CARGO_HOME=/opt/rustwide/cargo-home" "-e" "RUSTUP_HOME=/opt/rustwide/rustup-home" "-w" "/opt/rustwide/workdir" "-m" "1610612736" "--user" "0:0" "--network" "none" "ghcr.io/rust-lang/crates-build-env/linux@sha256:a89201d6b5b9fd45c15d5952ece0a0129e7e80cb26ec023fd59cf09bc26f1604" "/opt/rustwide/cargo-home/bin/cargo" "+1.55.0" "check" "--frozen" "--all" "--all-targets" "--message-format=json", kill_on_drop: false }`
[INFO] [stdout] ce3eaa101d513d5013e047bc68c1905c89d98366ae2aa87cff6e90868010a508
[INFO] [stderr] WARNING: Your kernel does not support swap limit capabilities or the cgroup is not mounted. Memory limited without swap.
[INFO] running `Command { std: "docker" "start" "-a" "ce3eaa101d513d5013e047bc68c1905c89d98366ae2aa87cff6e90868010a508", kill_on_drop: false }`
[INFO] [stderr]    Compiling libc v0.2.104
[INFO] [stderr]    Compiling syn v1.0.80
[INFO] [stderr]    Compiling memchr v2.4.1
[INFO] [stderr]    Compiling pkg-config v0.3.20
[INFO] [stderr]    Compiling serde v1.0.130
[INFO] [stderr]    Compiling frunk_core v0.4.0
[INFO] [stderr]    Compiling unicode-width v0.1.9
[INFO] [stderr]     Checking bitflags v1.3.2
[INFO] [stderr]    Compiling humantime v2.1.0
[INFO] [stderr]    Compiling bindgen v0.58.1
[INFO] [stderr]    Compiling httparse v1.5.1
[INFO] [stderr]    Compiling shlex v1.1.0
[INFO] [stderr]    Compiling radium v0.6.2
[INFO] [stderr]    Compiling lexical-core v0.7.6
[INFO] [stderr]     Checking ppv-lite86 v0.2.14
[INFO] [stderr]    Compiling const_fn v0.4.8
[INFO] [stderr]    Compiling openssl v0.10.36
[INFO] [stderr]     Checking funty v1.2.0
[INFO] [stderr]    Compiling native-tls v0.2.8
[INFO] [stderr]     Checking smallvec v1.7.0
[INFO] [stderr]    Compiling mysql v21.0.2
[INFO] [stderr]     Checking saturating v0.1.0
[INFO] [stderr]     Checking uuid v0.8.2
[INFO] [stderr]     Checking route-recognizer v0.1.13
[INFO] [stderr]    Compiling num-bigint v0.3.3
[INFO] [stderr]    Compiling num-bigint v0.4.2
[INFO] [stderr]    Compiling io-enum v1.0.1
[INFO] [stderr]    Compiling nom v5.1.2
[INFO] [stderr]    Compiling ahash v0.7.6
[INFO] [stderr]    Compiling time v0.2.27
[INFO] [stderr]    Compiling cmake v0.1.46
[INFO] [stderr]    Compiling clang-sys v1.2.2
[INFO] [stderr]    Compiling libloading v0.7.1
[INFO] [stderr]     Checking base64 v0.9.3
[INFO] [stderr]     Checking wyz v0.4.0
[INFO] [stderr]    Compiling textwrap v0.11.0
[INFO] [stderr]    Compiling log v0.4.14
[INFO] [stderr]     Checking log v0.3.9
[INFO] [stderr]     Checking idna v0.1.5
[INFO] [stderr]    Compiling openssl-sys v0.9.67
[INFO] [stderr]    Compiling libz-sys v1.1.3
[INFO] [stderr]     Checking bitvec v0.22.3
[INFO] [stderr]     Checking mime v0.2.6
[INFO] [stderr]    Compiling aho-corasick v0.7.18
[INFO] [stderr]     Checking url v1.7.2
[INFO] [stderr]     Checking lexical v5.2.2
[INFO] [stderr]     Checking getrandom v0.2.3
[INFO] [stderr]     Checking time v0.1.44
[INFO] [stderr]     Checking num_cpus v1.13.0
[INFO] [stderr]     Checking flate2 v1.0.22
[INFO] [stderr]     Checking socket2 v0.4.2
[INFO] [stderr]     Checking nix v0.23.0
[INFO] [stderr]     Checking rand_core v0.6.3
[INFO] [stderr]    Compiling regex v1.5.4
[INFO] [stderr]     Checking hyper v0.10.16
[INFO] [stderr]     Checking rand_chacha v0.3.1
[INFO] [stderr]     Checking hashbrown v0.11.2
[INFO] [stderr]     Checking rand v0.8.4
[INFO] [stderr]    Compiling rand_os v0.1.3
[INFO] [stderr]    Compiling atty v0.2.14
[INFO] [stderr]    Compiling which v3.1.1
[INFO] [stderr]    Compiling subprocess v0.2.8
[INFO] [stderr]    Compiling clap v2.33.3
[INFO] [stderr]    Compiling cexpr v0.4.0
[INFO] [stderr]    Compiling rand v0.6.5
[INFO] [stderr]     Checking lru v0.6.6
[INFO] [stderr]     Checking pem v0.8.3
[INFO] [stderr]     Checking twox-hash v1.6.1
[INFO] [stderr]    Compiling env_logger v0.8.4
[INFO] [stderr]    Compiling frunk_proc_macro_helpers v0.1.0
[INFO] [stderr]    Compiling derive_utils v0.11.2
[INFO] [stderr]     Checking serde_json v1.0.68
[INFO] [stderr]     Checking bigdecimal v0.2.2
[INFO] [stderr]     Checking chrono v0.4.19
[INFO] [stderr]     Checking rust_decimal v1.16.0
[INFO] [stderr]     Checking serde_yaml v0.7.5
[INFO] [stderr]    Compiling phf_generator v0.7.24
[INFO] [stderr]    Compiling phf_codegen v0.7.24
[INFO] [stderr]    Compiling mime_guess v1.8.8
[INFO] [stderr]    Compiling time-macros-impl v0.1.2
[INFO] [stderr]    Compiling frunk_proc_macros_impl v0.1.0
[INFO] [stderr]    Compiling frunk_derives v0.4.0
[INFO] [stderr]    Compiling thiserror-impl v1.0.30
[INFO] [stderr]    Compiling serde_derive v1.0.130
[INFO] [stderr]     Checking iron v0.6.1
[INFO] [stderr]     Checking persistent v0.4.0
[INFO] [stderr]     Checking router v0.6.0
[INFO] [stderr]     Checking frunk_proc_macros v0.1.0
[INFO] [stderr]     Checking frunk v0.4.0
[INFO] [stderr]     Checking time-macros v0.1.1
[INFO] [stderr]     Checking thiserror v1.0.30
[INFO] [stderr]    Compiling mysql_common v0.27.5
[INFO] [stderr]     Checking rustont-explorer v0.1.0 (/opt/rustwide/workdir)
[INFO] [stdout] warning: unnecessary parentheses around method argument
[INFO] [stdout]   --> src/model/mod.rs:35:39
[INFO] [stdout]    |
[INFO] [stdout] 35 |     let result = pool.first_exec(sql, (params!{"param" => param}));
[INFO] [stdout]    |                                       ^^^^^^^^^^^^^^^^^^^^^^^^^^^ help: remove these parentheses
[INFO] [stdout]    |
[INFO] [stdout]    = note: `#[warn(unused_parens)]` on by default
[INFO] [stdout] 
[INFO] [stdout] 
[INFO] [stdout] warning: unnecessary parentheses around method argument
[INFO] [stdout]   --> src/model/mod.rs:89:38
[INFO] [stdout]    |
[INFO] [stdout] 89 |     let result = pool.prep_exec(sql, (params!{"height" => height}));
[INFO] [stdout]    |                                      ^^^^^^^^^^^^^^^^^^^^^^^^^^^^^ help: remove these parentheses
[INFO] [stdout] 
[INFO] [stdout] 
[INFO] [stdout] warning: unused import: `std::cmp::Ordering`
[INFO] [stdout]  --> src/datastruct/mod.rs:2:5
[INFO] [stdout]   |
[INFO] [stdout] 2 | use std::cmp::Ordering;
[INFO] [stdout]   |     ^^^^^^^^^^^^^^^^^^
[INFO] [stdout]   |
[INFO] [stdout]   = note: `#[warn(unused_imports)]` on by default
[INFO] [stdout] 
[INFO] [stdout] 
[INFO] [stdout] warning: unused import: `BeforeMiddleware`
[INFO] [stdout]  --> src/middleware/mod.rs:4:35
[INFO] [stdout]   |
[INFO] [stdout] 4 | use self::iron::{AfterMiddleware, BeforeMiddleware};
[INFO] [stdout]   |                                   ^^^^^^^^^^^^^^^^
[INFO] [stdout] 
[INFO] [stdout] 
[INFO] [stdout] warning: unnecessary parentheses around method argument
[INFO] [stdout]   --> src/model/mod.rs:35:39
[INFO] [stdout]    |
[INFO] [stdout] 35 |     let result = pool.first_exec(sql, (params!{"param" => param}));
[INFO] [stdout]    |                                       ^^^^^^^^^^^^^^^^^^^^^^^^^^^ help: remove these parentheses
[INFO] [stdout]    |
[INFO] [stdout]    = note: `#[warn(unused_parens)]` on by default
[INFO] [stdout] 
[INFO] [stdout] 
[INFO] [stdout] warning: unnecessary parentheses around method argument
[INFO] [stdout]   --> src/model/mod.rs:89:38
[INFO] [stdout]    |
[INFO] [stdout] 89 |     let result = pool.prep_exec(sql, (params!{"height" => height}));
[INFO] [stdout]    |                                      ^^^^^^^^^^^^^^^^^^^^^^^^^^^^^ help: remove these parentheses
[INFO] [stdout] 
[INFO] [stdout] 
[INFO] [stdout] warning: unused import: `std::cmp::Ordering`
[INFO] [stdout]  --> src/datastruct/mod.rs:2:5
[INFO] [stdout]   |
[INFO] [stdout] 2 | use std::cmp::Ordering;
[INFO] [stdout]   |     ^^^^^^^^^^^^^^^^^^
[INFO] [stdout]   |
[INFO] [stdout]   = note: `#[warn(unused_imports)]` on by default
[INFO] [stdout] 
[INFO] [stdout] 
[INFO] [stdout] warning: unused import: `BeforeMiddleware`
[INFO] [stdout]  --> src/middleware/mod.rs:4:35
[INFO] [stdout]   |
[INFO] [stdout] 4 | use self::iron::{AfterMiddleware, BeforeMiddleware};
[INFO] [stdout]   |                                   ^^^^^^^^^^^^^^^^
[INFO] [stdout] 
[INFO] [stdout] 
[INFO] [stdout] error[E0599]: no method named `first_exec` found for struct `Arc<Pool>` in the current scope
[INFO] [stdout]   --> src/model/mod.rs:14:23
[INFO] [stdout]    |
[INFO] [stdout] 14 |     let result = pool.first_exec("SELECT height, txncount FROM tbl_ont_current LIMIT 1", ());
[INFO] [stdout]    |                       ^^^^^^^^^^ method not found in `Arc<Pool>`
[INFO] [stdout] 
[INFO] [stdout] 
[INFO] [stdout] error[E0599]: no method named `first_exec` found for struct `Arc<Pool>` in the current scope
[INFO] [stdout]   --> src/model/mod.rs:35:23
[INFO] [stdout]    |
[INFO] [stdout] 35 |     let result = pool.first_exec(sql, (params!{"param" => param}));
[INFO] [stdout]    |                       ^^^^^^^^^^ method not found in `Arc<Pool>`
[INFO] [stdout] 
[INFO] [stdout] 
[INFO] [stdout] error[E0599]: no method named `prep_exec` found for struct `Arc<Pool>` in the current scope
[INFO] [stdout]   --> src/model/mod.rs:89:23
[INFO] [stdout]    |
[INFO] [stdout] 89 |     let result = pool.prep_exec(sql, (params!{"height" => height}));
[INFO] [stdout]    |                       ^^^^^^^^^ method not found in `Arc<Pool>`
[INFO] [stdout] 
[INFO] [stdout] 
[INFO] [stdout] error[E0599]: no method named `first_exec` found for struct `Arc<Pool>` in the current scope
[INFO] [stdout]   --> src/model/mod.rs:14:23
[INFO] [stdout]    |
[INFO] [stdout] 14 |     let result = pool.first_exec("SELECT height, txncount FROM tbl_ont_current LIMIT 1", ());
[INFO] [stdout]    |                       ^^^^^^^^^^ method not found in `Arc<Pool>`
[INFO] [stdout] 
[INFO] [stdout] 
[INFO] [stdout] error[E0599]: no method named `first_exec` found for struct `Arc<Pool>` in the current scope
[INFO] [stdout]   --> src/model/mod.rs:35:23
[INFO] [stdout]    |
[INFO] [stdout] 35 |     let result = pool.first_exec(sql, (params!{"param" => param}));
[INFO] [stdout]    |                       ^^^^^^^^^^ method not found in `Arc<Pool>`
[INFO] [stdout] 
[INFO] [stdout] 
[INFO] [stdout] error: aborting due to 3 previous errors; 4 warnings emitted
[INFO] [stdout] 
[INFO] [stdout] 
[INFO] [stdout] error[E0599]: no method named `prep_exec` found for struct `Arc<Pool>` in the current scope
[INFO] [stdout]   --> src/model/mod.rs:89:23
[INFO] [stdout]    |
[INFO] [stdout] 89 |     let result = pool.prep_exec(sql, (params!{"height" => height}));
[INFO] [stdout]    |                       ^^^^^^^^^ method not found in `Arc<Pool>`
[INFO] [stdout] 
[INFO] [stdout] 
[INFO] [stdout] For more information about this error, try `rustc --explain E0599`.
[INFO] [stdout] 
[INFO] [stderr] error: could not compile `rustont-explorer` due to 4 previous errors; 4 warnings emitted
[INFO] [stderr] warning: build failed, waiting for other jobs to finish...
[INFO] [stdout] error: aborting due to 3 previous errors; 4 warnings emitted
[INFO] [stdout] 
[INFO] [stdout] 
[INFO] [stdout] For more information about this error, try `rustc --explain E0599`.
[INFO] [stdout] 
[INFO] [stderr] error: build failed
[INFO] running `Command { std: "docker" "inspect" "ce3eaa101d513d5013e047bc68c1905c89d98366ae2aa87cff6e90868010a508", kill_on_drop: false }`
[INFO] running `Command { std: "docker" "rm" "-f" "ce3eaa101d513d5013e047bc68c1905c89d98366ae2aa87cff6e90868010a508", kill_on_drop: false }`
[INFO] [stdout] ce3eaa101d513d5013e047bc68c1905c89d98366ae2aa87cff6e90868010a508
