[INFO] cloning repository https://github.com/in0x/trace-rs
[INFO] running `Command { std: "git" "-c" "credential.helper=" "-c" "credential.helper=/workspace/cargo-home/bin/git-credential-null" "clone" "--bare" "https://github.com/in0x/trace-rs" "/workspace/cache/git-repos/https%3A%2F%2Fgithub.com%2Fin0x%2Ftrace-rs", kill_on_drop: false }`
[INFO] [stderr] Cloning into bare repository '/workspace/cache/git-repos/https%3A%2F%2Fgithub.com%2Fin0x%2Ftrace-rs'...
[INFO] running `Command { std: "git" "rev-parse" "HEAD", kill_on_drop: false }`
[INFO] [stdout] 7f0d94fa309d8ea44b526f6376d8cf67dbbfdf2c
[INFO] checking in0x/trace-rs against 1.55.0 for beta-1.56-3
[INFO] running `Command { std: "git" "clone" "/workspace/cache/git-repos/https%3A%2F%2Fgithub.com%2Fin0x%2Ftrace-rs" "/workspace/builds/worker-4/source", kill_on_drop: false }`
[INFO] [stderr] Cloning into '/workspace/builds/worker-4/source'...
[INFO] [stderr] done.
[INFO] validating manifest of git repo https://github.com/in0x/trace-rs on toolchain 1.55.0
[INFO] running `Command { std: "/workspace/cargo-home/bin/cargo" "+1.55.0" "metadata" "--manifest-path" "Cargo.toml" "--no-deps", kill_on_drop: false }`
[INFO] started tweaking git repo https://github.com/in0x/trace-rs
[INFO] finished tweaking git repo https://github.com/in0x/trace-rs
[INFO] tweaked toml for git repo https://github.com/in0x/trace-rs written to /workspace/builds/worker-4/source/Cargo.toml
[INFO] crate git repo https://github.com/in0x/trace-rs already has a lockfile, it will not be regenerated
[INFO] running `Command { std: "/workspace/cargo-home/bin/cargo" "+1.55.0" "fetch" "--manifest-path" "Cargo.toml", kill_on_drop: false }`
[INFO] running `Command { std: "docker" "create" "-v" "/var/lib/crater-agent-workspace/builds/worker-4/target:/opt/rustwide/target:rw,Z" "-v" "/var/lib/crater-agent-workspace/builds/worker-4/source:/opt/rustwide/workdir:ro,Z" "-v" "/var/lib/crater-agent-workspace/cargo-home:/opt/rustwide/cargo-home:ro,Z" "-v" "/var/lib/crater-agent-workspace/rustup-home:/opt/rustwide/rustup-home:ro,Z" "-e" "SOURCE_DIR=/opt/rustwide/workdir" "-e" "CARGO_TARGET_DIR=/opt/rustwide/target" "-e" "CARGO_HOME=/opt/rustwide/cargo-home" "-e" "RUSTUP_HOME=/opt/rustwide/rustup-home" "-w" "/opt/rustwide/workdir" "-m" "1610612736" "--user" "0:0" "--network" "none" "ghcr.io/rust-lang/crates-build-env/linux@sha256:a89201d6b5b9fd45c15d5952ece0a0129e7e80cb26ec023fd59cf09bc26f1604" "/opt/rustwide/cargo-home/bin/cargo" "+1.55.0" "metadata" "--no-deps" "--format-version=1", kill_on_drop: false }`
[INFO] [stderr] WARNING: Your kernel does not support swap limit capabilities or the cgroup is not mounted. Memory limited without swap.
[INFO] [stdout] 48f93e2fe11d798df76cd7ed2f8bf3a46f5e34db1d8bb130431ab56c03f4e6e0
[INFO] running `Command { std: "docker" "start" "-a" "48f93e2fe11d798df76cd7ed2f8bf3a46f5e34db1d8bb130431ab56c03f4e6e0", kill_on_drop: false }`
[INFO] running `Command { std: "docker" "inspect" "48f93e2fe11d798df76cd7ed2f8bf3a46f5e34db1d8bb130431ab56c03f4e6e0", kill_on_drop: false }`
[INFO] running `Command { std: "docker" "rm" "-f" "48f93e2fe11d798df76cd7ed2f8bf3a46f5e34db1d8bb130431ab56c03f4e6e0", kill_on_drop: false }`
[INFO] [stdout] 48f93e2fe11d798df76cd7ed2f8bf3a46f5e34db1d8bb130431ab56c03f4e6e0
[INFO] running `Command { std: "docker" "create" "-v" "/var/lib/crater-agent-workspace/builds/worker-4/target:/opt/rustwide/target:rw,Z" "-v" "/var/lib/crater-agent-workspace/builds/worker-4/source:/opt/rustwide/workdir:ro,Z" "-v" "/var/lib/crater-agent-workspace/cargo-home:/opt/rustwide/cargo-home:ro,Z" "-v" "/var/lib/crater-agent-workspace/rustup-home:/opt/rustwide/rustup-home:ro,Z" "-e" "SOURCE_DIR=/opt/rustwide/workdir" "-e" "CARGO_TARGET_DIR=/opt/rustwide/target" "-e" "CARGO_INCREMENTAL=0" "-e" "RUST_BACKTRACE=full" "-e" "RUSTFLAGS=--cap-lints=warn" "-e" "CARGO_HOME=/opt/rustwide/cargo-home" "-e" "RUSTUP_HOME=/opt/rustwide/rustup-home" "-w" "/opt/rustwide/workdir" "-m" "1610612736" "--user" "0:0" "--network" "none" "ghcr.io/rust-lang/crates-build-env/linux@sha256:a89201d6b5b9fd45c15d5952ece0a0129e7e80cb26ec023fd59cf09bc26f1604" "/opt/rustwide/cargo-home/bin/cargo" "+1.55.0" "check" "--frozen" "--all" "--all-targets" "--message-format=json", kill_on_drop: false }`
[INFO] [stdout] 176c43660d54c0d3eaf54daa7e7f5afa7d6045333d095c2313e2b1e1e1cedf4d
[INFO] [stderr] WARNING: Your kernel does not support swap limit capabilities or the cgroup is not mounted. Memory limited without swap.
[INFO] running `Command { std: "docker" "start" "-a" "176c43660d54c0d3eaf54daa7e7f5afa7d6045333d095c2313e2b1e1e1cedf4d", kill_on_drop: false }`
[INFO] [stderr]    Compiling libc v0.2.81
[INFO] [stderr]    Compiling getrandom v0.2.1
[INFO] [stderr]     Checking weezl v0.1.3
[INFO] [stderr]     Checking color_quant v1.1.0
[INFO] [stderr]    Compiling trace_rs v0.1.0 (/opt/rustwide/workdir)
[INFO] [stderr]     Checking bytemuck v1.4.1
[INFO] [stderr]    Compiling num-traits v0.2.14
[INFO] [stderr]    Compiling num-integer v0.1.44
[INFO] [stderr]    Compiling miniz_oxide v0.4.3
[INFO] [stderr]    Compiling num-rational v0.3.2
[INFO] [stderr]    Compiling num-iter v0.1.42
[INFO] [stderr]     Checking png v0.16.8
[INFO] [stderr]     Checking gif v0.11.1
[INFO] [stderr]     Checking num_cpus v1.13.0
[INFO] [stderr]     Checking rand_core v0.6.1
[INFO] [stderr]     Checking rayon-core v1.9.0
[INFO] [stderr]     Checking rand_chacha v0.3.0
[INFO] [stderr]     Checking rayon v1.5.0
[INFO] [stderr]     Checking rand v0.8.1
[INFO] [stderr]     Checking jpeg-decoder v0.1.20
[INFO] [stderr]     Checking tiff v0.6.1
[INFO] [stderr]     Checking image v0.23.12
[INFO] [stdout] error[E0554]: `#![feature]` may not be used on the stable release channel
[INFO] [stdout]  --> src/main.rs:1:1
[INFO] [stdout]   |
[INFO] [stdout] 1 | #![feature(stdsimd)]
[INFO] [stdout]   | ^^^^^^^^^^^^^^^^^^^^
[INFO] [stdout] 
[INFO] [stdout] 
[INFO] [stdout] error[E0554]: `#![feature]` may not be used on the stable release channel
[INFO] [stdout]  --> src/main.rs:2:1
[INFO] [stdout]   |
[INFO] [stdout] 2 | #![feature(platform_intrinsics)]
[INFO] [stdout]   | ^^^^^^^^^^^^^^^^^^^^^^^^^^^^^^^^
[INFO] [stdout] 
[INFO] [stdout] 
[INFO] [stdout] error[E0554]: `#![feature]` may not be used on the stable release channel
[INFO] [stdout]  --> src/main.rs:3:1
[INFO] [stdout]   |
[INFO] [stdout] 3 | #![feature(link_llvm_intrinsics)]
[INFO] [stdout]   | ^^^^^^^^^^^^^^^^^^^^^^^^^^^^^^^^^
[INFO] [stdout] 
[INFO] [stdout] 
[INFO] [stdout] error[E0554]: `#![feature]` may not be used on the stable release channel
[INFO] [stdout]  --> src/main.rs:4:1
[INFO] [stdout]   |
[INFO] [stdout] 4 | #![feature(simd_ffi)]
[INFO] [stdout]   | ^^^^^^^^^^^^^^^^^^^^^
[INFO] [stdout] 
[INFO] [stdout] 
[INFO] [stdout] warning: unused import: `super::vec3`
[INFO] [stdout]  --> src/world.rs:2:5
[INFO] [stdout]   |
[INFO] [stdout] 2 | use super::vec3;
[INFO] [stdout]   |     ^^^^^^^^^^^
[INFO] [stdout]   |
[INFO] [stdout]   = note: `#[warn(unused_imports)]` on by default
[INFO] [stdout] 
[INFO] [stdout] 
[INFO] [stdout] warning: unused import: `core::num`
[INFO] [stdout]   --> src/main.rs:16:5
[INFO] [stdout]    |
[INFO] [stdout] 16 | use core::num;
[INFO] [stdout]    |     ^^^^^^^^^
[INFO] [stdout] 
[INFO] [stdout] 
[INFO] [stdout] error[E0425]: cannot find function `simd_extract` in this scope
[INFO] [stdout]   --> src/simd/mod.rs:21:35
[INFO] [stdout]    |
[INFO] [stdout] 21 |             let channel_0 : f32 = simd_extract(v.m, 0);
[INFO] [stdout]    |                                   ^^^^^^^^^^^^ not found in this scope
[INFO] [stdout] 
[INFO] [stdout] 
[INFO] [stdout] error[E0425]: cannot find function `simd_extract` in this scope
[INFO] [stdout]   --> src/simd/mod.rs:22:35
[INFO] [stdout]    |
[INFO] [stdout] 22 |             let channel_1 : f32 = simd_extract(v.m, 1);
[INFO] [stdout]    |                                   ^^^^^^^^^^^^ not found in this scope
[INFO] [stdout] 
[INFO] [stdout] 
[INFO] [stdout] error[E0425]: cannot find function `simd_extract` in this scope
[INFO] [stdout]   --> src/simd/mod.rs:23:35
[INFO] [stdout]    |
[INFO] [stdout] 23 |             let channel_2 : f32 = simd_extract(v.m, 2);
[INFO] [stdout]    |                                   ^^^^^^^^^^^^ not found in this scope
[INFO] [stdout] 
[INFO] [stdout] 
[INFO] [stdout] error[E0425]: cannot find function `simd_extract` in this scope
[INFO] [stdout]   --> src/simd/mod.rs:24:35
[INFO] [stdout]    |
[INFO] [stdout] 24 |             let channel_3 : f32 = simd_extract(v.m, 3);
[INFO] [stdout]    |                                   ^^^^^^^^^^^^ not found in this scope
[INFO] [stdout] 
[INFO] [stdout] 
[INFO] [stdout] error[E0425]: cannot find function `simd_extract` in this scope
[INFO] [stdout]   --> src/simd/mod.rs:37:35
[INFO] [stdout]    |
[INFO] [stdout] 37 |             let channel_0 : f32 = simd_extract(v.m, 0);
[INFO] [stdout]    |                                   ^^^^^^^^^^^^ not found in this scope
[INFO] [stdout] 
[INFO] [stdout] 
[INFO] [stdout] error[E0425]: cannot find function `simd_extract` in this scope
[INFO] [stdout]   --> src/simd/mod.rs:38:35
[INFO] [stdout]    |
[INFO] [stdout] 38 |             let channel_1 : f32 = simd_extract(v.m, 1);
[INFO] [stdout]    |                                   ^^^^^^^^^^^^ not found in this scope
[INFO] [stdout] 
[INFO] [stdout] 
[INFO] [stdout] error[E0425]: cannot find function `simd_extract` in this scope
[INFO] [stdout]   --> src/simd/mod.rs:39:35
[INFO] [stdout]    |
[INFO] [stdout] 39 |             let channel_2 : f32 = simd_extract(v.m, 2);
[INFO] [stdout]    |                                   ^^^^^^^^^^^^ not found in this scope
[INFO] [stdout] 
[INFO] [stdout] 
[INFO] [stdout] error[E0425]: cannot find function `simd_extract` in this scope
[INFO] [stdout]   --> src/simd/mod.rs:40:35
[INFO] [stdout]    |
[INFO] [stdout] 40 |             let channel_3 : f32 = simd_extract(v.m, 3);
[INFO] [stdout]    |                                   ^^^^^^^^^^^^ not found in this scope
[INFO] [stdout] 
[INFO] [stdout] 
[INFO] [stdout] error[E0425]: cannot find function `simd_extract` in this scope
[INFO] [stdout]   --> src/simd/mod.rs:58:35
[INFO] [stdout]    |
[INFO] [stdout] 58 |             let channel_0 : f32 = simd_extract(blend.m, 0);
[INFO] [stdout]    |                                   ^^^^^^^^^^^^ not found in this scope
[INFO] [stdout] 
[INFO] [stdout] 
[INFO] [stdout] error[E0425]: cannot find function `simd_extract` in this scope
[INFO] [stdout]   --> src/simd/mod.rs:59:35
[INFO] [stdout]    |
[INFO] [stdout] 59 |             let channel_1 : f32 = simd_extract(blend.m, 1);
[INFO] [stdout]    |                                   ^^^^^^^^^^^^ not found in this scope
[INFO] [stdout] 
[INFO] [stdout] 
[INFO] [stdout] error[E0425]: cannot find function `simd_extract` in this scope
[INFO] [stdout]   --> src/simd/mod.rs:60:35
[INFO] [stdout]    |
[INFO] [stdout] 60 |             let channel_2 : f32 = simd_extract(blend.m, 2);
[INFO] [stdout]    |                                   ^^^^^^^^^^^^ not found in this scope
[INFO] [stdout] 
[INFO] [stdout] 
[INFO] [stdout] error[E0425]: cannot find function `simd_extract` in this scope
[INFO] [stdout]   --> src/simd/mod.rs:61:35
[INFO] [stdout]    |
[INFO] [stdout] 61 |             let channel_3 : f32 = simd_extract(blend.m, 3);
[INFO] [stdout]    |                                   ^^^^^^^^^^^^ not found in this scope
[INFO] [stdout] 
[INFO] [stdout] 
[INFO] [stdout] error[E0425]: cannot find function `simd_extract` in this scope
[INFO] [stdout]   --> src/simd/mod.rs:72:27
[INFO] [stdout]    |
[INFO] [stdout] 72 |             let x : f32 = simd_extract(v.m, 0);
[INFO] [stdout]    |                           ^^^^^^^^^^^^ not found in this scope
[INFO] [stdout] 
[INFO] [stdout] 
[INFO] [stdout] error[E0425]: cannot find function `simd_extract` in this scope
[INFO] [stdout]   --> src/simd/mod.rs:73:27
[INFO] [stdout]    |
[INFO] [stdout] 73 |             let y : f32 = simd_extract(v.m, 1);
[INFO] [stdout]    |                           ^^^^^^^^^^^^ not found in this scope
[INFO] [stdout] 
[INFO] [stdout] 
[INFO] [stdout] error[E0425]: cannot find function `simd_extract` in this scope
[INFO] [stdout]   --> src/simd/mod.rs:74:27
[INFO] [stdout]    |
[INFO] [stdout] 74 |             let z : f32 = simd_extract(v.m, 2);
[INFO] [stdout]    |                           ^^^^^^^^^^^^ not found in this scope
[INFO] [stdout] 
[INFO] [stdout] 
[INFO] [stdout] error[E0425]: cannot find function `simd_extract` in this scope
[INFO] [stdout]   --> src/simd/mod.rs:75:27
[INFO] [stdout]    |
[INFO] [stdout] 75 |             let w : f32 = simd_extract(v.m, 3);
[INFO] [stdout]    |                           ^^^^^^^^^^^^ not found in this scope
[INFO] [stdout] 
[INFO] [stdout] 
[INFO] [stdout] error[E0425]: cannot find function `simd_extract` in this scope
[INFO] [stdout]    --> src/simd/mod.rs:133:27
[INFO] [stdout]     |
[INFO] [stdout] 133 |             let x : i64 = simd_extract(v.m, 0);
[INFO] [stdout]     |                           ^^^^^^^^^^^^ not found in this scope
[INFO] [stdout] 
[INFO] [stdout] 
[INFO] [stdout] error[E0425]: cannot find function `simd_extract` in this scope
[INFO] [stdout]    --> src/simd/mod.rs:134:27
[INFO] [stdout]     |
[INFO] [stdout] 134 |             let y : i64 = simd_extract(v.m, 1);
[INFO] [stdout]     |                           ^^^^^^^^^^^^ not found in this scope
[INFO] [stdout] 
[INFO] [stdout] 
[INFO] [stdout] error[E0425]: cannot find function `simd_extract` in this scope
[INFO] [stdout]    --> src/simd/mod.rs:135:27
[INFO] [stdout]     |
[INFO] [stdout] 135 |             let z : i64 = simd_extract(v.m, 2);
[INFO] [stdout]     |                           ^^^^^^^^^^^^ not found in this scope
[INFO] [stdout] 
[INFO] [stdout] 
[INFO] [stdout] error[E0425]: cannot find function `simd_extract` in this scope
[INFO] [stdout]    --> src/simd/mod.rs:136:27
[INFO] [stdout]     |
[INFO] [stdout] 136 |             let w : i64 = simd_extract(v.m, 3);
[INFO] [stdout]     |                           ^^^^^^^^^^^^ not found in this scope
[INFO] [stdout] 
[INFO] [stdout] 
[INFO] [stdout] error[E0554]: `#![feature]` may not be used on the stable release channel
[INFO] [stdout]  --> src/main.rs:1:1
[INFO] [stdout]   |
[INFO] [stdout] 1 | #![feature(stdsimd)]
[INFO] [stdout]   | ^^^^^^^^^^^^^^^^^^^^
[INFO] [stdout] 
[INFO] [stdout] 
[INFO] [stdout] error[E0554]: `#![feature]` may not be used on the stable release channel
[INFO] [stdout]  --> src/main.rs:2:1
[INFO] [stdout]   |
[INFO] [stdout] 2 | #![feature(platform_intrinsics)]
[INFO] [stdout]   | ^^^^^^^^^^^^^^^^^^^^^^^^^^^^^^^^
[INFO] [stdout] 
[INFO] [stdout] 
[INFO] [stdout] error[E0554]: `#![feature]` may not be used on the stable release channel
[INFO] [stdout]  --> src/main.rs:3:1
[INFO] [stdout]   |
[INFO] [stdout] 3 | #![feature(link_llvm_intrinsics)]
[INFO] [stdout]   | ^^^^^^^^^^^^^^^^^^^^^^^^^^^^^^^^^
[INFO] [stdout] 
[INFO] [stdout] 
[INFO] [stdout] error[E0554]: `#![feature]` may not be used on the stable release channel
[INFO] [stdout]  --> src/main.rs:4:1
[INFO] [stdout]   |
[INFO] [stdout] 4 | #![feature(simd_ffi)]
[INFO] [stdout]   | ^^^^^^^^^^^^^^^^^^^^^
[INFO] [stdout] 
[INFO] [stdout] 
[INFO] [stdout] warning: unused import: `super::vec3`
[INFO] [stdout]  --> src/world.rs:2:5
[INFO] [stdout]   |
[INFO] [stdout] 2 | use super::vec3;
[INFO] [stdout]   |     ^^^^^^^^^^^
[INFO] [stdout]   |
[INFO] [stdout]   = note: `#[warn(unused_imports)]` on by default
[INFO] [stdout] 
[INFO] [stdout] 
[INFO] [stdout] warning: unused import: `core::num`
[INFO] [stdout]   --> src/main.rs:16:5
[INFO] [stdout]    |
[INFO] [stdout] 16 | use core::num;
[INFO] [stdout]    |     ^^^^^^^^^
[INFO] [stdout] 
[INFO] [stdout] 
[INFO] [stdout] error: aborting due to 4 previous errors; 2 warnings emitted
[INFO] [stdout] 
[INFO] [stdout] 
[INFO] [stdout] For more information about this error, try `rustc --explain E0554`.
[INFO] [stdout] 
[INFO] [stderr] error: could not compile `trace_rs` due to 5 previous errors; 2 warnings emitted
[INFO] [stderr] warning: build failed, waiting for other jobs to finish...
[INFO] [stdout] error[E0308]: mismatched types
[INFO] [stdout]    --> src/simd/mod.rs:156:23
[INFO] [stdout]     |
[INFO] [stdout] 156 |             print_ux4(mask);
[INFO] [stdout]     |                       ^^^^ expected struct `x86::u32x4`, found struct `x86::f32x4`
[INFO] [stdout] 
[INFO] [stdout] 
[INFO] [stdout] error[E0599]: no method named `any` found for struct `x86::f32x4` in the current scope
[INFO] [stdout]    --> src/simd/mod.rs:157:29
[INFO] [stdout]     |
[INFO] [stdout] 157 |             assert_eq!(mask.any(), true);
[INFO] [stdout]     |                             ^^^ method not found in `x86::f32x4`
[INFO] [stdout]     | 
[INFO] [stdout]    ::: src/simd/x86.rs:5:1
[INFO] [stdout]     |
[INFO] [stdout] 5   | pub struct f32x4 { pub m: __m128 }
[INFO] [stdout]     | ---------------- method `any` not found for this
[INFO] [stdout]     |
[INFO] [stdout]     = help: items from traits can only be used if the trait is implemented and in scope
[INFO] [stdout]     = note: the following traits define an item `any`, perhaps you need to implement one of them:
[INFO] [stdout]             candidate #1: `Iterator`
[INFO] [stdout]             candidate #2: `rayon::iter::ParallelIterator`
[INFO] [stdout] 
[INFO] [stdout] 
[INFO] [stdout] error: aborting due to 26 previous errors; 2 warnings emitted
[INFO] [stdout] 
[INFO] [stdout] 
[INFO] [stdout] Some errors have detailed explanations: E0308, E0425, E0554, E0599.
[INFO] [stdout] 
[INFO] [stdout] For more information about an error, try `rustc --explain E0308`.
[INFO] [stdout] 
[INFO] [stderr] error: build failed
[INFO] running `Command { std: "docker" "inspect" "176c43660d54c0d3eaf54daa7e7f5afa7d6045333d095c2313e2b1e1e1cedf4d", kill_on_drop: false }`
[INFO] running `Command { std: "docker" "rm" "-f" "176c43660d54c0d3eaf54daa7e7f5afa7d6045333d095c2313e2b1e1e1cedf4d", kill_on_drop: false }`
[INFO] [stdout] 176c43660d54c0d3eaf54daa7e7f5afa7d6045333d095c2313e2b1e1e1cedf4d
