[INFO] cloning repository https://github.com/importcjj/remote-shortcuts
[INFO] running `Command { std: "git" "-c" "credential.helper=" "-c" "credential.helper=/workspace/cargo-home/bin/git-credential-null" "clone" "--bare" "https://github.com/importcjj/remote-shortcuts" "/workspace/cache/git-repos/https%3A%2F%2Fgithub.com%2Fimportcjj%2Fremote-shortcuts", kill_on_drop: false }`
[INFO] [stderr] Cloning into bare repository '/workspace/cache/git-repos/https%3A%2F%2Fgithub.com%2Fimportcjj%2Fremote-shortcuts'...
[INFO] running `Command { std: "git" "rev-parse" "HEAD", kill_on_drop: false }`
[INFO] [stdout] c599274c94fe3b45fa2a985576406d17a54324f3
[INFO] checking importcjj/remote-shortcuts against beta-2021-10-15 for beta-1.56-3
[INFO] running `Command { std: "git" "clone" "/workspace/cache/git-repos/https%3A%2F%2Fgithub.com%2Fimportcjj%2Fremote-shortcuts" "/workspace/builds/worker-3/source", kill_on_drop: false }`
[INFO] [stderr] Cloning into '/workspace/builds/worker-3/source'...
[INFO] [stderr] done.
[INFO] validating manifest of git repo https://github.com/importcjj/remote-shortcuts on toolchain beta-2021-10-15
[INFO] running `Command { std: "/workspace/cargo-home/bin/cargo" "+beta-2021-10-15" "metadata" "--manifest-path" "Cargo.toml" "--no-deps", kill_on_drop: false }`
[INFO] started tweaking git repo https://github.com/importcjj/remote-shortcuts
[INFO] finished tweaking git repo https://github.com/importcjj/remote-shortcuts
[INFO] tweaked toml for git repo https://github.com/importcjj/remote-shortcuts written to /workspace/builds/worker-3/source/Cargo.toml
[INFO] crate git repo https://github.com/importcjj/remote-shortcuts already has a lockfile, it will not be regenerated
[INFO] running `Command { std: "/workspace/cargo-home/bin/cargo" "+beta-2021-10-15" "fetch" "--manifest-path" "Cargo.toml", kill_on_drop: false }`
[INFO] [stderr]  Downloading crates ...
[INFO] [stderr]   Downloaded infer v0.1.6
[INFO] [stderr]   Downloaded async-sse v2.1.0
[INFO] [stderr]   Downloaded wepoll-binding v2.0.0
[INFO] [stderr]   Downloaded smol v0.1.4
[INFO] [stderr]   Downloaded byte-pool v0.2.1
[INFO] [stderr]   Downloaded http-types v1.2.0
[INFO] [stderr]   Downloaded async-h1 v1.1.2
[INFO] [stderr]   Downloaded piper v0.1.1
[INFO] [stderr]   Downloaded pin-project-internal v0.4.13
[INFO] [stderr]   Downloaded pin-project v0.4.13
[INFO] [stderr]   Downloaded tide v0.8.1
[INFO] [stderr]   Downloaded kv-log-macro v1.0.5
[INFO] [stderr]   Downloaded http-service-h1 v0.1.0
[INFO] running `Command { std: "docker" "create" "-v" "/var/lib/crater-agent-workspace/builds/worker-3/target:/opt/rustwide/target:rw,Z" "-v" "/var/lib/crater-agent-workspace/builds/worker-3/source:/opt/rustwide/workdir:ro,Z" "-v" "/var/lib/crater-agent-workspace/cargo-home:/opt/rustwide/cargo-home:ro,Z" "-v" "/var/lib/crater-agent-workspace/rustup-home:/opt/rustwide/rustup-home:ro,Z" "-e" "SOURCE_DIR=/opt/rustwide/workdir" "-e" "CARGO_TARGET_DIR=/opt/rustwide/target" "-e" "CARGO_HOME=/opt/rustwide/cargo-home" "-e" "RUSTUP_HOME=/opt/rustwide/rustup-home" "-w" "/opt/rustwide/workdir" "-m" "1610612736" "--user" "0:0" "--network" "none" "ghcr.io/rust-lang/crates-build-env/linux@sha256:a89201d6b5b9fd45c15d5952ece0a0129e7e80cb26ec023fd59cf09bc26f1604" "/opt/rustwide/cargo-home/bin/cargo" "+beta-2021-10-15" "metadata" "--no-deps" "--format-version=1", kill_on_drop: false }`
[INFO] [stdout] 0757885502d21eccc4485ccfa7348a517f95a4aed5d636b516b84e8511e16d06
[INFO] [stderr] WARNING: Your kernel does not support swap limit capabilities or the cgroup is not mounted. Memory limited without swap.
[INFO] running `Command { std: "docker" "start" "-a" "0757885502d21eccc4485ccfa7348a517f95a4aed5d636b516b84e8511e16d06", kill_on_drop: false }`
[INFO] running `Command { std: "docker" "inspect" "0757885502d21eccc4485ccfa7348a517f95a4aed5d636b516b84e8511e16d06", kill_on_drop: false }`
[INFO] running `Command { std: "docker" "rm" "-f" "0757885502d21eccc4485ccfa7348a517f95a4aed5d636b516b84e8511e16d06", kill_on_drop: false }`
[INFO] [stdout] 0757885502d21eccc4485ccfa7348a517f95a4aed5d636b516b84e8511e16d06
[INFO] running `Command { std: "docker" "create" "-v" "/var/lib/crater-agent-workspace/builds/worker-3/target:/opt/rustwide/target:rw,Z" "-v" "/var/lib/crater-agent-workspace/builds/worker-3/source:/opt/rustwide/workdir:ro,Z" "-v" "/var/lib/crater-agent-workspace/cargo-home:/opt/rustwide/cargo-home:ro,Z" "-v" "/var/lib/crater-agent-workspace/rustup-home:/opt/rustwide/rustup-home:ro,Z" "-e" "SOURCE_DIR=/opt/rustwide/workdir" "-e" "CARGO_TARGET_DIR=/opt/rustwide/target" "-e" "CARGO_INCREMENTAL=0" "-e" "RUST_BACKTRACE=full" "-e" "RUSTFLAGS=--cap-lints=warn" "-e" "CARGO_HOME=/opt/rustwide/cargo-home" "-e" "RUSTUP_HOME=/opt/rustwide/rustup-home" "-w" "/opt/rustwide/workdir" "-m" "1610612736" "--user" "0:0" "--network" "none" "ghcr.io/rust-lang/crates-build-env/linux@sha256:a89201d6b5b9fd45c15d5952ece0a0129e7e80cb26ec023fd59cf09bc26f1604" "/opt/rustwide/cargo-home/bin/cargo" "+beta-2021-10-15" "check" "--frozen" "--all" "--all-targets" "--message-format=json", kill_on_drop: false }`
[INFO] [stdout] 6a9697a92e3fc125dc8794b1ddf4946f6a8db95601b904cfa72e86c94a580927
[INFO] [stderr] WARNING: Your kernel does not support swap limit capabilities or the cgroup is not mounted. Memory limited without swap.
[INFO] running `Command { std: "docker" "start" "-a" "6a9697a92e3fc125dc8794b1ddf4946f6a8db95601b904cfa72e86c94a580927", kill_on_drop: false }`
[INFO] [stderr]     Blocking waiting for file lock on package cache
[INFO] [stderr]    Compiling libc v0.2.69
[INFO] [stderr]    Compiling proc-macro2 v1.0.12
[INFO] [stderr]    Compiling syn v1.0.19
[INFO] [stderr]    Compiling memchr v2.3.3
[INFO] [stderr]    Compiling proc-macro-hack v0.5.15
[INFO] [stderr]    Compiling log v0.4.8
[INFO] [stderr]    Compiling version_check v0.9.1
[INFO] [stderr]    Compiling anyhow v1.0.28
[INFO] [stderr]    Compiling cc v1.0.52
[INFO] [stderr]    Compiling serde v1.0.107
[INFO] [stderr]     Checking data-encoding v2.2.0
[INFO] [stderr]     Checking bytemuck v1.2.0
[INFO] [stderr]     Checking checked_int_cast v1.0.0
[INFO] [stderr]     Checking scoped-tls-hkt v0.1.2
[INFO] [stderr]     Checking route-recognizer v0.1.13
[INFO] [stderr]     Checking async-task v3.0.0
[INFO] [stderr]    Compiling num-integer v0.1.42
[INFO] [stderr]    Compiling num-rational v0.2.4
[INFO] [stderr]     Checking futures-task v0.3.5
[INFO] [stderr]     Checking idna v0.1.5
[INFO] [stderr]     Checking infer v0.1.6
[INFO] [stderr]     Checking crossbeam-channel v0.4.2
[INFO] [stderr]     Checking crossbeam-queue v0.2.1
[INFO] [stderr]     Checking crossbeam-epoch v0.8.2
[INFO] [stderr]    Compiling unicase v2.6.0
[INFO] [stderr]    Compiling error-chain v0.12.2
[INFO] [stderr]     Checking byte-pool v0.2.1
[INFO] [stderr]     Checking kv-log-macro v1.0.5
[INFO] [stderr]     Checking crossbeam-deque v0.7.3
[INFO] [stderr]     Checking url v1.7.2
[INFO] [stderr]     Checking omnom v2.1.2
[INFO] [stderr]     Checking crossbeam v0.7.3
[INFO] [stderr]    Compiling backtrace-sys v0.1.37
[INFO] [stderr]    Compiling quote v1.0.4
[INFO] [stderr]     Checking num-iter v0.1.40
[INFO] [stderr]    Compiling mime_guess v2.0.3
[INFO] [stderr]     Checking image v0.23.4
[INFO] [stderr]     Checking parking_lot_core v0.7.2
[INFO] [stderr]     Checking net2 v0.2.34
[INFO] [stderr]     Checking iovec v0.1.4
[INFO] [stderr]     Checking time v0.1.43
[INFO] [stderr]     Checking async-task v1.3.1
[INFO] [stderr]     Checking num_cpus v1.13.0
[INFO] [stderr]     Checking socket2 v0.3.12
[INFO] [stderr]     Checking nix v0.17.0
[INFO] [stderr]     Checking get_if_addrs v0.5.3
[INFO] [stderr]     Checking backtrace v0.3.46
[INFO] [stderr]     Checking mio v0.6.22
[INFO] [stderr]     Checking parking_lot v0.10.2
[INFO] [stderr]     Checking cookie v0.12.0
[INFO] [stderr]     Checking qrcode v0.12.0
[INFO] [stderr]     Checking mio-uds v0.6.8
[INFO] [stderr]    Compiling pin-project-internal v0.4.13
[INFO] [stderr]    Compiling futures-macro v0.3.5
[INFO] [stderr]    Compiling serde_derive v1.0.107
[INFO] [stderr]    Compiling auto_array v0.1.0 (/opt/rustwide/workdir/autoarray)
[INFO] [stderr]     Checking pin-project v0.4.13
[INFO] [stderr]     Checking futures-util v0.3.5
[INFO] [stderr]     Checking broadcaster v1.0.0
[INFO] [stderr]     Checking futures v0.3.5
[INFO] [stderr]     Checking piper v0.1.1
[INFO] [stderr]     Checking async-std v1.5.0
[INFO] [stderr]     Checking smol v0.1.4
[INFO] [stderr]     Checking serde_qs v0.5.2
[INFO] [stderr]     Checking serde_json v1.0.52
[INFO] [stderr]     Checking http-types v1.2.0
[INFO] [stderr]     Checking async-h1 v1.1.2
[INFO] [stderr]     Checking http-service v0.5.0
[INFO] [stderr]     Checking async-sse v2.1.0
[INFO] [stderr]     Checking http-service-h1 v0.1.0
[INFO] [stderr]     Checking tide v0.8.1
[INFO] [stderr]     Checking webcontrol v0.1.0 (/opt/rustwide/workdir)
[INFO] [stdout] error[E0433]: failed to resolve: use of undeclared crate or module `winapi`
[INFO] [stdout]  --> src/main.rs:6:5
[INFO] [stdout]   |
[INFO] [stdout] 6 | use winapi::shared::minwindef::DWORD;
[INFO] [stdout]   |     ^^^^^^ use of undeclared crate or module `winapi`
[INFO] [stdout] 
[INFO] [stdout] 
[INFO] [stdout] error[E0433]: failed to resolve: use of undeclared crate or module `winapi`
[INFO] [stdout]  --> src/main.rs:7:5
[INFO] [stdout]   |
[INFO] [stdout] 7 | use winapi::um::winuser::keybd_event;
[INFO] [stdout]   |     ^^^^^^ use of undeclared crate or module `winapi`
[INFO] [stdout] 
[INFO] [stdout] 
[INFO] [stdout] error[E0433]: failed to resolve: use of undeclared crate or module `winapi`
[INFO] [stdout]  --> src/main.rs:6:5
[INFO] [stdout]   |
[INFO] [stdout] 6 | use winapi::shared::minwindef::DWORD;
[INFO] [stdout]   |     ^^^^^^ use of undeclared crate or module `winapi`
[INFO] [stdout] 
[INFO] [stdout] 
[INFO] [stdout] error[E0433]: failed to resolve: use of undeclared crate or module `winapi`
[INFO] [stdout]  --> src/main.rs:7:5
[INFO] [stdout]   |
[INFO] [stdout] 7 | use winapi::um::winuser::keybd_event;
[INFO] [stdout]   |     ^^^^^^ use of undeclared crate or module `winapi`
[INFO] [stdout] 
[INFO] [stdout] 
[INFO] [stdout] error[E0412]: cannot find type `DWORD` in this scope
[INFO] [stdout]   --> src/main.rs:13:26
[INFO] [stdout]    |
[INFO] [stdout] 13 | const KEYEVENTF_KEYDOWN: DWORD = 0x0000;
[INFO] [stdout]    |                          ^^^^^ not found in this scope
[INFO] [stdout] 
[INFO] [stdout] 
[INFO] [stdout] error[E0412]: cannot find type `DWORD` in this scope
[INFO] [stdout]   --> src/main.rs:13:26
[INFO] [stdout]    |
[INFO] [stdout] 13 | const KEYEVENTF_KEYDOWN: DWORD = 0x0000;
[INFO] [stdout]    |                          ^^^^^ not found in this scope
[INFO] [stdout] 
[INFO] [stdout] 
[INFO] [stdout] error[E0412]: cannot find type `DWORD` in this scope
[INFO] [stdout]   --> src/main.rs:14:24
[INFO] [stdout]    |
[INFO] [stdout] 14 | const KEYEVENTF_KEYUP: DWORD = 0x0002;
[INFO] [stdout]    |                        ^^^^^ not found in this scope
[INFO] [stdout] 
[INFO] [stdout] 
[INFO] [stdout] error[E0425]: cannot find function `keybd_event` in this scope
[INFO] [stdout]   --> src/main.rs:18:9
[INFO] [stdout]    |
[INFO] [stdout] 18 |         keybd_event(kc, 0, KEYEVENTF_KEYDOWN, 0);
[INFO] [stdout]    |         ^^^^^^^^^^^ not found in this scope
[INFO] [stdout] 
[INFO] [stdout] 
[INFO] [stdout] error[E0425]: cannot find function `keybd_event` in this scope
[INFO] [stdout]   --> src/main.rs:24:9
[INFO] [stdout]    |
[INFO] [stdout] 24 |         keybd_event(kc, 0, KEYEVENTF_KEYUP, 0);
[INFO] [stdout]    |         ^^^^^^^^^^^ not found in this scope
[INFO] [stdout] 
[INFO] [stdout] 
[INFO] [stdout] error[E0412]: cannot find type `DWORD` in this scope
[INFO] [stdout]   --> src/main.rs:14:24
[INFO] [stdout]    |
[INFO] [stdout] 14 | const KEYEVENTF_KEYUP: DWORD = 0x0002;
[INFO] [stdout]    |                        ^^^^^ not found in this scope
[INFO] [stdout] 
[INFO] [stdout] 
[INFO] [stdout] error[E0425]: cannot find function `keybd_event` in this scope
[INFO] [stdout]   --> src/main.rs:18:9
[INFO] [stdout]    |
[INFO] [stdout] 18 |         keybd_event(kc, 0, KEYEVENTF_KEYDOWN, 0);
[INFO] [stdout]    |         ^^^^^^^^^^^ not found in this scope
[INFO] [stdout] 
[INFO] [stdout] 
[INFO] [stdout] error[E0425]: cannot find function `keybd_event` in this scope
[INFO] [stdout]   --> src/main.rs:24:9
[INFO] [stdout]    |
[INFO] [stdout] 24 |         keybd_event(kc, 0, KEYEVENTF_KEYUP, 0);
[INFO] [stdout]    |         ^^^^^^^^^^^ not found in this scope
[INFO] [stdout] 
[INFO] [stdout] 
[INFO] [stdout] warning: unused import: `auto_array::auto_array`
[INFO] [stdout]  --> src/main.rs:1:5
[INFO] [stdout]   |
[INFO] [stdout] 1 | use auto_array::auto_array;
[INFO] [stdout]   |     ^^^^^^^^^^^^^^^^^^^^^^
[INFO] [stdout]   |
[INFO] [stdout]   = note: `#[warn(unused_imports)]` on by default
[INFO] [stdout] 
[INFO] [stdout] 
[INFO] [stdout] warning: unused import: `crate::keys`
[INFO] [stdout]  --> src/server.rs:1:5
[INFO] [stdout]   |
[INFO] [stdout] 1 | use crate::keys;
[INFO] [stdout]   |     ^^^^^^^^^^^
[INFO] [stdout] 
[INFO] [stdout] 
[INFO] [stdout] warning: unused import: `std::iter`
[INFO] [stdout]  --> src/utils.rs:2:5
[INFO] [stdout]   |
[INFO] [stdout] 2 | use std::iter;
[INFO] [stdout]   |     ^^^^^^^^^
[INFO] [stdout] 
[INFO] [stdout] 
[INFO] [stdout] warning: unused macro definition
[INFO] [stdout]   --> src/main.rs:44:1
[INFO] [stdout]    |
[INFO] [stdout] 44 | / macro_rules! hot_key {
[INFO] [stdout] 45 | |     ($dur:expr, [$first:tt $($rest: tt)*]) => {{
[INFO] [stdout] 46 | |         keydown($first);
[INFO] [stdout] 47 | |         $(
[INFO] [stdout] ...  |
[INFO] [stdout] 61 | |     }
[INFO] [stdout] 62 | | }
[INFO] [stdout]    | |_^
[INFO] [stdout]    |
[INFO] [stdout]    = note: `#[warn(unused_macros)]` on by default
[INFO] [stdout] 
[INFO] [stdout] 
[INFO] [stdout] warning: unused import: `auto_array::auto_array`
[INFO] [stdout]  --> src/main.rs:1:5
[INFO] [stdout]   |
[INFO] [stdout] 1 | use auto_array::auto_array;
[INFO] [stdout]   |     ^^^^^^^^^^^^^^^^^^^^^^
[INFO] [stdout]   |
[INFO] [stdout]   = note: `#[warn(unused_imports)]` on by default
[INFO] [stdout] 
[INFO] [stdout] 
[INFO] [stdout] warning: unused import: `crate::keys`
[INFO] [stdout]  --> src/server.rs:1:5
[INFO] [stdout]   |
[INFO] [stdout] 1 | use crate::keys;
[INFO] [stdout]   |     ^^^^^^^^^^^
[INFO] [stdout] 
[INFO] [stdout] 
[INFO] [stdout] warning: unused import: `std::iter`
[INFO] [stdout]  --> src/utils.rs:2:5
[INFO] [stdout]   |
[INFO] [stdout] 2 | use std::iter;
[INFO] [stdout]   |     ^^^^^^^^^
[INFO] [stdout] 
[INFO] [stdout] 
[INFO] [stdout] warning: unused macro definition
[INFO] [stdout]   --> src/main.rs:44:1
[INFO] [stdout]    |
[INFO] [stdout] 44 | / macro_rules! hot_key {
[INFO] [stdout] 45 | |     ($dur:expr, [$first:tt $($rest: tt)*]) => {{
[INFO] [stdout] 46 | |         keydown($first);
[INFO] [stdout] 47 | |         $(
[INFO] [stdout] ...  |
[INFO] [stdout] 61 | |     }
[INFO] [stdout] 62 | | }
[INFO] [stdout]    | |_^
[INFO] [stdout]    |
[INFO] [stdout]    = note: `#[warn(unused_macros)]` on by default
[INFO] [stdout] 
[INFO] [stdout] 
[INFO] [stdout] error: aborting due to 6 previous errors; 4 warnings emitted
[INFO] [stdout] 
[INFO] [stdout] 
[INFO] [stdout] Some errors have detailed explanations: E0412, E0425, E0433.
[INFO] [stdout] 
[INFO] [stdout] For more information about an error, try `rustc --explain E0412`.
[INFO] [stdout] 
[INFO] [stderr] error: could not compile `webcontrol` due to 7 previous errors; 4 warnings emitted
[INFO] [stderr] warning: build failed, waiting for other jobs to finish...
[INFO] [stdout] error: aborting due to 6 previous errors; 4 warnings emitted
[INFO] [stdout] 
[INFO] [stdout] 
[INFO] [stdout] Some errors have detailed explanations: E0412, E0425, E0433.
[INFO] [stdout] 
[INFO] [stdout] For more information about an error, try `rustc --explain E0412`.
[INFO] [stdout] 
[INFO] [stderr] error: build failed
[INFO] running `Command { std: "docker" "inspect" "6a9697a92e3fc125dc8794b1ddf4946f6a8db95601b904cfa72e86c94a580927", kill_on_drop: false }`
[INFO] running `Command { std: "docker" "rm" "-f" "6a9697a92e3fc125dc8794b1ddf4946f6a8db95601b904cfa72e86c94a580927", kill_on_drop: false }`
[INFO] [stdout] 6a9697a92e3fc125dc8794b1ddf4946f6a8db95601b904cfa72e86c94a580927
