[INFO] cloning repository https://github.com/ilblackdragon/near-eth-gateway
[INFO] running `Command { std: "git" "-c" "credential.helper=" "-c" "credential.helper=/workspace/cargo-home/bin/git-credential-null" "clone" "--bare" "https://github.com/ilblackdragon/near-eth-gateway" "/workspace/cache/git-repos/https%3A%2F%2Fgithub.com%2Filblackdragon%2Fnear-eth-gateway", kill_on_drop: false }`
[INFO] [stderr] Cloning into bare repository '/workspace/cache/git-repos/https%3A%2F%2Fgithub.com%2Filblackdragon%2Fnear-eth-gateway'...
[INFO] running `Command { std: "git" "rev-parse" "HEAD", kill_on_drop: false }`
[INFO] [stdout] 4d81f9af0e8499d4c7731d5166999e94cc624504
[INFO] checking ilblackdragon/near-eth-gateway against 1.55.0 for beta-1.56-3
[INFO] running `Command { std: "git" "clone" "/workspace/cache/git-repos/https%3A%2F%2Fgithub.com%2Filblackdragon%2Fnear-eth-gateway" "/workspace/builds/worker-11/source", kill_on_drop: false }`
[INFO] [stderr] Cloning into '/workspace/builds/worker-11/source'...
[INFO] [stderr] done.
[INFO] validating manifest of git repo https://github.com/ilblackdragon/near-eth-gateway on toolchain 1.55.0
[INFO] running `Command { std: "/workspace/cargo-home/bin/cargo" "+1.55.0" "metadata" "--manifest-path" "Cargo.toml" "--no-deps", kill_on_drop: false }`
[INFO] started tweaking git repo https://github.com/ilblackdragon/near-eth-gateway
[INFO] finished tweaking git repo https://github.com/ilblackdragon/near-eth-gateway
[INFO] tweaked toml for git repo https://github.com/ilblackdragon/near-eth-gateway written to /workspace/builds/worker-11/source/Cargo.toml
[INFO] crate git repo https://github.com/ilblackdragon/near-eth-gateway already has a lockfile, it will not be regenerated
[INFO] running `Command { std: "/workspace/cargo-home/bin/cargo" "+1.55.0" "fetch" "--manifest-path" "Cargo.toml", kill_on_drop: false }`
[INFO] [stderr]     Blocking waiting for file lock on package cache
[INFO] running `Command { std: "docker" "create" "-v" "/var/lib/crater-agent-workspace/builds/worker-11/target:/opt/rustwide/target:rw,Z" "-v" "/var/lib/crater-agent-workspace/builds/worker-11/source:/opt/rustwide/workdir:ro,Z" "-v" "/var/lib/crater-agent-workspace/cargo-home:/opt/rustwide/cargo-home:ro,Z" "-v" "/var/lib/crater-agent-workspace/rustup-home:/opt/rustwide/rustup-home:ro,Z" "-e" "SOURCE_DIR=/opt/rustwide/workdir" "-e" "CARGO_TARGET_DIR=/opt/rustwide/target" "-e" "CARGO_HOME=/opt/rustwide/cargo-home" "-e" "RUSTUP_HOME=/opt/rustwide/rustup-home" "-w" "/opt/rustwide/workdir" "-m" "1610612736" "--user" "0:0" "--network" "none" "ghcr.io/rust-lang/crates-build-env/linux@sha256:a89201d6b5b9fd45c15d5952ece0a0129e7e80cb26ec023fd59cf09bc26f1604" "/opt/rustwide/cargo-home/bin/cargo" "+1.55.0" "metadata" "--no-deps" "--format-version=1", kill_on_drop: false }`
[INFO] [stdout] 245a50b0a8d74edd8fbadd5810c4275ab8230167226bc84c7ecb3a7640f5b083
[INFO] [stderr] WARNING: Your kernel does not support swap limit capabilities or the cgroup is not mounted. Memory limited without swap.
[INFO] running `Command { std: "docker" "start" "-a" "245a50b0a8d74edd8fbadd5810c4275ab8230167226bc84c7ecb3a7640f5b083", kill_on_drop: false }`
[INFO] running `Command { std: "docker" "inspect" "245a50b0a8d74edd8fbadd5810c4275ab8230167226bc84c7ecb3a7640f5b083", kill_on_drop: false }`
[INFO] running `Command { std: "docker" "rm" "-f" "245a50b0a8d74edd8fbadd5810c4275ab8230167226bc84c7ecb3a7640f5b083", kill_on_drop: false }`
[INFO] [stdout] 245a50b0a8d74edd8fbadd5810c4275ab8230167226bc84c7ecb3a7640f5b083
[INFO] running `Command { std: "docker" "create" "-v" "/var/lib/crater-agent-workspace/builds/worker-11/target:/opt/rustwide/target:rw,Z" "-v" "/var/lib/crater-agent-workspace/builds/worker-11/source:/opt/rustwide/workdir:ro,Z" "-v" "/var/lib/crater-agent-workspace/cargo-home:/opt/rustwide/cargo-home:ro,Z" "-v" "/var/lib/crater-agent-workspace/rustup-home:/opt/rustwide/rustup-home:ro,Z" "-e" "SOURCE_DIR=/opt/rustwide/workdir" "-e" "CARGO_TARGET_DIR=/opt/rustwide/target" "-e" "CARGO_INCREMENTAL=0" "-e" "RUST_BACKTRACE=full" "-e" "RUSTFLAGS=--cap-lints=warn" "-e" "CARGO_HOME=/opt/rustwide/cargo-home" "-e" "RUSTUP_HOME=/opt/rustwide/rustup-home" "-w" "/opt/rustwide/workdir" "-m" "1610612736" "--user" "0:0" "--network" "none" "ghcr.io/rust-lang/crates-build-env/linux@sha256:a89201d6b5b9fd45c15d5952ece0a0129e7e80cb26ec023fd59cf09bc26f1604" "/opt/rustwide/cargo-home/bin/cargo" "+1.55.0" "check" "--frozen" "--all" "--all-targets" "--message-format=json", kill_on_drop: false }`
[INFO] [stdout] 03ee33de034288a36ef4428d677f22149e24d4d3beff6e2aa2b0a12be8fbede3
[INFO] [stderr] WARNING: Your kernel does not support swap limit capabilities or the cgroup is not mounted. Memory limited without swap.
[INFO] running `Command { std: "docker" "start" "-a" "03ee33de034288a36ef4428d677f22149e24d4d3beff6e2aa2b0a12be8fbede3", kill_on_drop: false }`
[INFO] [stderr]    Compiling syn v1.0.57
[INFO] [stderr]    Compiling serde_derive v1.0.118
[INFO] [stderr]    Compiling serde v1.0.118
[INFO] [stderr]    Compiling memchr v2.4.0
[INFO] [stderr]     Checking byteorder v1.4.3
[INFO] [stderr]    Compiling target-lexicon v0.11.2
[INFO] [stderr]     Checking fallible-iterator v0.2.0
[INFO] [stderr]     Checking stable_deref_trait v1.2.0
[INFO] [stderr]     Checking more-asserts v0.2.1
[INFO] [stderr]    Compiling serde_json v1.0.64
[INFO] [stderr]    Compiling cranelift-codegen-shared v0.67.0
[INFO] [stderr]     Checking gimli v0.24.0
[INFO] [stderr]     Checking subtle v2.4.0
[INFO] [stderr]     Checking rustc-demangle v0.1.19
[INFO] [stderr]    Compiling strsim v0.10.0
[INFO] [stderr]    Compiling crunchy v0.2.2
[INFO] [stderr]     Checking bytes v1.0.1
[INFO] [stderr]     Checking funty v1.1.0
[INFO] [stderr]     Checking byte-slice-cast v1.0.0
[INFO] [stderr]     Checking wasmparser v0.59.0
[INFO] [stderr]    Compiling futures-core v0.3.15
[INFO] [stderr]     Checking wasmparser v0.65.0
[INFO] [stderr]     Checking bs58 v0.4.0
[INFO] [stderr]    Compiling fs_extra v1.2.0
[INFO] [stderr]    Compiling futures-channel v0.3.15
[INFO] [stderr]    Compiling rayon-core v1.9.1
[INFO] [stderr]    Compiling cranelift-codegen-shared v0.68.0
[INFO] [stderr]    Compiling arrayref v0.3.6
[INFO] [stderr]     Checking signature v1.3.0
[INFO] [stderr]     Checking futures-sink v0.3.15
[INFO] [stderr]    Compiling target-lexicon v0.10.0
[INFO] [stderr]    Compiling reed-solomon-erasure v4.0.2
[INFO] [stderr]     Checking wasmparser v0.57.0
[INFO] [stderr]     Checking leb128 v0.2.4
[INFO] [stderr]    Compiling wee_alloc v0.4.5
[INFO] [stderr]     Checking validator_types v0.12.0
[INFO] [stderr]    Compiling heapsize v0.4.2
[INFO] [stderr]     Checking wasmparser v0.51.4
[INFO] [stderr]    Compiling protobuf v2.23.0
[INFO] [stderr]     Checking memory_units v0.4.0
[INFO] [stderr]    Compiling cached_proc_macro_types v0.1.0
[INFO] [stderr]    Compiling wasmer-compiler-cranelift v1.0.2
[INFO] [stderr]    Compiling prometheus v0.11.0
[INFO] [stderr]    Compiling Inflector v0.11.4
[INFO] [stderr]     Checking unicode-xid v0.2.2
[INFO] [stderr]    Compiling once_cell v1.7.2
[INFO] [stderr]    Compiling indexmap v1.6.2
[INFO] [stderr]    Compiling num-bigint v0.3.2
[INFO] [stderr]    Compiling num-rational v0.3.2
[INFO] [stderr]    Compiling futures-util v0.3.15
[INFO] [stderr]    Compiling rayon v1.5.1
[INFO] [stderr]     Checking rlp v0.5.0
[INFO] [stderr]     Checking ed25519 v1.1.1
[INFO] [stderr]     Checking wast v35.0.2
[INFO] [stderr]    Compiling heck v0.3.3
[INFO] [stderr]    Compiling libc v0.2.94
[INFO] [stderr]    Compiling typenum v1.13.0
[INFO] [stderr]     Checking proc-macro2 v1.0.27
[INFO] [stderr]     Checking getrandom v0.2.3
[INFO] [stderr]     Checking getrandom v0.1.16
[INFO] [stderr]     Checking memmap2 v0.2.3
[INFO] [stderr]     Checking time v0.1.43
[INFO] [stderr]     Checking page_size v0.4.2
[INFO] [stderr]     Checking errno v0.2.7
[INFO] [stderr]     Checking parking_lot_core v0.8.3
[INFO] [stderr]     Checking which v4.1.0
[INFO] [stderr]     Checking memmap v0.7.0
[INFO] [stderr]     Checking region v2.2.0
[INFO] [stderr]     Checking nix v0.15.0
[INFO] [stderr]     Checking regalloc v0.0.30
[INFO] [stderr]     Checking regalloc v0.0.31
[INFO] [stderr]     Checking pwasm-utils v0.12.0
[INFO] [stderr]     Checking bitvec v0.20.4
[INFO] [stderr]     Checking crossbeam-channel v0.5.1
[INFO] [stderr]     Checking uint v0.9.0
[INFO] [stderr]     Checking tiny-keccak v2.0.2
[INFO] [stderr]    Compiling proc-macro-error-attr v1.0.4
[INFO] [stderr]     Checking impl-rlp v0.3.0
[INFO] [stderr]     Checking parking_lot v0.10.2
[INFO] [stderr]     Checking addr2line v0.15.2
[INFO] [stderr]     Checking rand_core v0.6.2
[INFO] [stderr]     Checking quote v1.0.9
[INFO] [stderr]     Checking rand_core v0.5.1
[INFO] [stderr]     Checking object v0.25.2
[INFO] [stderr]     Checking aho-corasick v0.7.18
[INFO] [stderr]     Checking digest v0.8.1
[INFO] [stderr]     Checking block-buffer v0.9.0
[INFO] [stderr]     Checking crypto-mac v0.8.0
[INFO] [stderr]     Checking cipher v0.2.5
[INFO] [stderr]     Checking crossbeam-epoch v0.9.5
[INFO] [stderr]    Compiling nom v5.1.2
[INFO] [stderr]     Checking parking_lot v0.11.1
[INFO] [stderr]     Checking proxy v0.1.0 (/opt/rustwide/workdir/proxy)
[INFO] [stdout] error[E0554]: `#![feature]` may not be used on the stable release channel
[INFO] [stdout]  --> proxy/src/lib.rs:2:1
[INFO] [stdout]   |
[INFO] [stdout] 2 | #![feature(core_intrinsics)]
[INFO] [stdout]   | ^^^^^^^^^^^^^^^^^^^^^^^^^^^^
[INFO] [stdout] 
[INFO] [stdout] 
[INFO] [stdout] error[E0554]: `#![feature]` may not be used on the stable release channel
[INFO] [stdout]  --> proxy/src/lib.rs:3:1
[INFO] [stdout]   |
[INFO] [stdout] 3 | #![feature(alloc_error_handler)]
[INFO] [stdout]   | ^^^^^^^^^^^^^^^^^^^^^^^^^^^^^^^^
[INFO] [stdout] 
[INFO] [stdout] 
[INFO] [stdout] error[E0152]: found duplicate lang item `panic_impl`
[INFO] [stdout]   --> proxy/src/lib.rs:14:1
[INFO] [stdout]    |
[INFO] [stdout] 14 | pub unsafe fn on_panic(_info: &::core::panic::PanicInfo) -> ! {
[INFO] [stdout]    | ^^^^^^^^^^^^^^^^^^^^^^^^^^^^^^^^^^^^^^^^^^^^^^^^^^^^^^^^^^^^^
[INFO] [stdout]    |
[INFO] [stdout]    = note: the lang item is first defined in crate `std` (which `test` depends on)
[INFO] [stdout]    = note: first definition in `std` loaded from /opt/rustwide/rustup-home/toolchains/1.55.0-x86_64-unknown-linux-gnu/lib/rustlib/x86_64-unknown-linux-gnu/lib/libstd-008055cc7d873802.rlib
[INFO] [stdout]    = note: second definition in the local crate (`proxy`)
[INFO] [stdout] 
[INFO] [stdout] 
[INFO] [stdout] error[E0152]: found duplicate lang item `oom`
[INFO] [stdout]   --> proxy/src/lib.rs:20:1
[INFO] [stdout]    |
[INFO] [stdout] 20 | pub unsafe fn on_alloc_error(_: core::alloc::Layout) -> ! {
[INFO] [stdout]    | ^^^^^^^^^^^^^^^^^^^^^^^^^^^^^^^^^^^^^^^^^^^^^^^^^^^^^^^^^
[INFO] [stdout]    |
[INFO] [stdout]    = note: the lang item is first defined in crate `std` (which `test` depends on)
[INFO] [stdout]    = note: first definition in `std` loaded from /opt/rustwide/rustup-home/toolchains/1.55.0-x86_64-unknown-linux-gnu/lib/rustlib/x86_64-unknown-linux-gnu/lib/libstd-008055cc7d873802.rlib
[INFO] [stdout]    = note: second definition in the local crate (`proxy`)
[INFO] [stdout] 
[INFO] [stdout] 
[INFO] [stdout] error: aborting due to 4 previous errors
[INFO] [stdout] 
[INFO] [stdout] 
[INFO] [stdout] Some errors have detailed explanations: E0152, E0554.
[INFO] [stdout] 
[INFO] [stdout] For more information about an error, try `rustc --explain E0152`.
[INFO] [stdout] 
[INFO] [stderr] error: could not compile `proxy` due to 5 previous errors
[INFO] [stderr] warning: build failed, waiting for other jobs to finish...
[INFO] [stdout] error[E0554]: `#![feature]` may not be used on the stable release channel
[INFO] [stdout]  --> proxy/src/lib.rs:2:1
[INFO] [stdout]   |
[INFO] [stdout] 2 | #![feature(core_intrinsics)]
[INFO] [stdout]   | ^^^^^^^^^^^^^^^^^^^^^^^^^^^^
[INFO] [stdout] 
[INFO] [stdout] 
[INFO] [stdout] error[E0554]: `#![feature]` may not be used on the stable release channel
[INFO] [stdout]  --> proxy/src/lib.rs:3:1
[INFO] [stdout]   |
[INFO] [stdout] 3 | #![feature(alloc_error_handler)]
[INFO] [stdout]   | ^^^^^^^^^^^^^^^^^^^^^^^^^^^^^^^^
[INFO] [stdout] 
[INFO] [stdout] 
[INFO] [stdout] error: language item required, but not found: `eh_personality`
[INFO] [stdout] 
[INFO] [stdout] 
[INFO] [stdout] error: aborting due to 3 previous errors
[INFO] [stdout] 
[INFO] [stdout] 
[INFO] [stdout] For more information about this error, try `rustc --explain E0554`.
[INFO] [stdout] 
[INFO] [stderr] error: build failed
[INFO] running `Command { std: "docker" "inspect" "03ee33de034288a36ef4428d677f22149e24d4d3beff6e2aa2b0a12be8fbede3", kill_on_drop: false }`
[INFO] running `Command { std: "docker" "rm" "-f" "03ee33de034288a36ef4428d677f22149e24d4d3beff6e2aa2b0a12be8fbede3", kill_on_drop: false }`
[INFO] [stdout] 03ee33de034288a36ef4428d677f22149e24d4d3beff6e2aa2b0a12be8fbede3
