[INFO] cloning repository https://github.com/ikaros/learn-rust-actors
[INFO] running `Command { std: "git" "-c" "credential.helper=" "-c" "credential.helper=/workspace/cargo-home/bin/git-credential-null" "clone" "--bare" "https://github.com/ikaros/learn-rust-actors" "/workspace/cache/git-repos/https%3A%2F%2Fgithub.com%2Fikaros%2Flearn-rust-actors", kill_on_drop: false }`
[INFO] [stderr] Cloning into bare repository '/workspace/cache/git-repos/https%3A%2F%2Fgithub.com%2Fikaros%2Flearn-rust-actors'...
[INFO] running `Command { std: "git" "rev-parse" "HEAD", kill_on_drop: false }`
[INFO] [stdout] 2a3369025a83c07f482daab64fe4e6f747b4c1c8
[INFO] checking ikaros/learn-rust-actors against 1.55.0 for beta-1.56-3
[INFO] running `Command { std: "git" "clone" "/workspace/cache/git-repos/https%3A%2F%2Fgithub.com%2Fikaros%2Flearn-rust-actors" "/workspace/builds/worker-6/source", kill_on_drop: false }`
[INFO] [stderr] Cloning into '/workspace/builds/worker-6/source'...
[INFO] [stderr] done.
[INFO] validating manifest of git repo https://github.com/ikaros/learn-rust-actors on toolchain 1.55.0
[INFO] running `Command { std: "/workspace/cargo-home/bin/cargo" "+1.55.0" "metadata" "--manifest-path" "Cargo.toml" "--no-deps", kill_on_drop: false }`
[INFO] started tweaking git repo https://github.com/ikaros/learn-rust-actors
[INFO] finished tweaking git repo https://github.com/ikaros/learn-rust-actors
[INFO] tweaked toml for git repo https://github.com/ikaros/learn-rust-actors written to /workspace/builds/worker-6/source/Cargo.toml
[INFO] crate git repo https://github.com/ikaros/learn-rust-actors already has a lockfile, it will not be regenerated
[INFO] running `Command { std: "/workspace/cargo-home/bin/cargo" "+1.55.0" "fetch" "--manifest-path" "Cargo.toml", kill_on_drop: false }`
[INFO] running `Command { std: "docker" "create" "-v" "/var/lib/crater-agent-workspace/builds/worker-6/target:/opt/rustwide/target:rw,Z" "-v" "/var/lib/crater-agent-workspace/builds/worker-6/source:/opt/rustwide/workdir:ro,Z" "-v" "/var/lib/crater-agent-workspace/cargo-home:/opt/rustwide/cargo-home:ro,Z" "-v" "/var/lib/crater-agent-workspace/rustup-home:/opt/rustwide/rustup-home:ro,Z" "-e" "SOURCE_DIR=/opt/rustwide/workdir" "-e" "CARGO_TARGET_DIR=/opt/rustwide/target" "-e" "CARGO_HOME=/opt/rustwide/cargo-home" "-e" "RUSTUP_HOME=/opt/rustwide/rustup-home" "-w" "/opt/rustwide/workdir" "-m" "1610612736" "--user" "0:0" "--network" "none" "ghcr.io/rust-lang/crates-build-env/linux@sha256:a89201d6b5b9fd45c15d5952ece0a0129e7e80cb26ec023fd59cf09bc26f1604" "/opt/rustwide/cargo-home/bin/cargo" "+1.55.0" "metadata" "--no-deps" "--format-version=1", kill_on_drop: false }`
[INFO] [stdout] 1af5a360a8bf69571c3962330e619876f266acb06c6d8cdb65e6bddf4996f070
[INFO] [stderr] WARNING: Your kernel does not support swap limit capabilities or the cgroup is not mounted. Memory limited without swap.
[INFO] running `Command { std: "docker" "start" "-a" "1af5a360a8bf69571c3962330e619876f266acb06c6d8cdb65e6bddf4996f070", kill_on_drop: false }`
[INFO] running `Command { std: "docker" "inspect" "1af5a360a8bf69571c3962330e619876f266acb06c6d8cdb65e6bddf4996f070", kill_on_drop: false }`
[INFO] running `Command { std: "docker" "rm" "-f" "1af5a360a8bf69571c3962330e619876f266acb06c6d8cdb65e6bddf4996f070", kill_on_drop: false }`
[INFO] [stdout] 1af5a360a8bf69571c3962330e619876f266acb06c6d8cdb65e6bddf4996f070
[INFO] running `Command { std: "docker" "create" "-v" "/var/lib/crater-agent-workspace/builds/worker-6/target:/opt/rustwide/target:rw,Z" "-v" "/var/lib/crater-agent-workspace/builds/worker-6/source:/opt/rustwide/workdir:ro,Z" "-v" "/var/lib/crater-agent-workspace/cargo-home:/opt/rustwide/cargo-home:ro,Z" "-v" "/var/lib/crater-agent-workspace/rustup-home:/opt/rustwide/rustup-home:ro,Z" "-e" "SOURCE_DIR=/opt/rustwide/workdir" "-e" "CARGO_TARGET_DIR=/opt/rustwide/target" "-e" "CARGO_INCREMENTAL=0" "-e" "RUST_BACKTRACE=full" "-e" "RUSTFLAGS=--cap-lints=warn" "-e" "CARGO_HOME=/opt/rustwide/cargo-home" "-e" "RUSTUP_HOME=/opt/rustwide/rustup-home" "-w" "/opt/rustwide/workdir" "-m" "1610612736" "--user" "0:0" "--network" "none" "ghcr.io/rust-lang/crates-build-env/linux@sha256:a89201d6b5b9fd45c15d5952ece0a0129e7e80cb26ec023fd59cf09bc26f1604" "/opt/rustwide/cargo-home/bin/cargo" "+1.55.0" "check" "--frozen" "--all" "--all-targets" "--message-format=json", kill_on_drop: false }`
[INFO] [stdout] 67bf333c0111ce4ee2d86b234f5474cac4cb56e8bd81ea7351999851feccbdd6
[INFO] [stderr] WARNING: Your kernel does not support swap limit capabilities or the cgroup is not mounted. Memory limited without swap.
[INFO] running `Command { std: "docker" "start" "-a" "67bf333c0111ce4ee2d86b234f5474cac4cb56e8bd81ea7351999851feccbdd6", kill_on_drop: false }`
[INFO] [stderr]    Compiling libc v0.2.80
[INFO] [stderr]    Compiling syn v1.0.53
[INFO] [stderr]     Checking futures-core v0.3.8
[INFO] [stderr]     Checking futures-sink v0.3.8
[INFO] [stderr]     Checking futures-io v0.3.8
[INFO] [stderr]     Checking smallvec v1.5.1
[INFO] [stderr]    Compiling serde v1.0.118
[INFO] [stderr]    Compiling serde_json v1.0.60
[INFO] [stderr]     Checking match_cfg v0.1.0
[INFO] [stderr]    Compiling openssl v0.10.30
[INFO] [stderr]    Compiling anyhow v1.0.34
[INFO] [stderr]     Checking tinyvec v1.1.0
[INFO] [stderr]     Checking futures-task v0.3.8
[INFO] [stderr]    Compiling openssl-sys v0.9.58
[INFO] [stderr]     Checking addr2line v0.14.0
[INFO] [stderr]    Compiling proc-macro2 v0.2.3
[INFO] [stderr]     Checking lru-cache v0.1.2
[INFO] [stderr]     Checking combine v4.4.0
[INFO] [stderr]     Checking crossbeam-channel v0.4.4
[INFO] [stderr]     Checking futures-channel v0.3.8
[INFO] [stderr]    Compiling quote v0.4.2
[INFO] [stderr]    Compiling syn v0.12.15
[INFO] [stderr]     Checking unicode-normalization v0.1.16
[INFO] [stderr]     Checking net2 v0.2.36
[INFO] [stderr]     Checking iovec v0.1.4
[INFO] [stderr]     Checking getrandom v0.1.15
[INFO] [stderr]     Checking signal-hook-registry v1.2.2
[INFO] [stderr]     Checking parking_lot_core v0.8.1
[INFO] [stderr]     Checking num_cpus v1.13.0
[INFO] [stderr]     Checking hostname v0.3.1
[INFO] [stderr]     Checking backtrace v0.3.55
[INFO] [stderr]     Checking time v0.1.44
[INFO] [stderr]     Checking resolv-conf v0.7.0
[INFO] [stderr]     Checking rand_core v0.5.1
[INFO] [stderr]     Checking threadpool v1.8.1
[INFO] [stderr]     Checking parking_lot v0.11.1
[INFO] [stderr]     Checking mio v0.6.23
[INFO] [stderr]     Checking rand_chacha v0.2.2
[INFO] [stderr]     Checking idna v0.2.0
[INFO] [stderr]     Checking rand v0.7.3
[INFO] [stderr]     Checking mio-uds v0.6.8
[INFO] [stderr]     Checking url v2.2.0
[INFO] [stderr]     Checking tokio v0.2.23
[INFO] [stderr]    Compiling eventsourcing-derive v0.1.3
[INFO] [stderr]     Checking chrono v0.4.19
[INFO] [stderr]     Checking tokio-util v0.3.1
[INFO] [stderr]     Checking nats v0.3.3
[INFO] [stderr]    Compiling pin-project-internal v1.0.2
[INFO] [stderr]    Compiling thiserror-impl v1.0.22
[INFO] [stderr]    Compiling async-trait v0.1.42
[INFO] [stderr]    Compiling derive_more v0.99.11
[INFO] [stderr]    Compiling enum-as-inner v0.3.3
[INFO] [stderr]    Compiling pin-project-internal v0.4.27
[INFO] [stderr]    Compiling actix-macros v0.1.3
[INFO] [stderr]    Compiling actix_derive v0.5.0
[INFO] [stderr]    Compiling serde_derive v1.0.118
[INFO] [stderr]     Checking thiserror v1.0.22
[INFO] [stderr]     Checking pin-project v1.0.2
[INFO] [stderr]     Checking redis v0.18.0
[INFO] [stderr]     Checking futures-util v0.3.8
[INFO] [stderr]     Checking pin-project v0.4.27
[INFO] [stderr]     Checking actix-threadpool v0.3.3
[INFO] [stderr]     Checking eventsourcing v0.1.5
[INFO] [stderr]     Checking futures v0.3.8
[INFO] [stderr]     Checking actix-rt v1.1.1
[INFO] [stderr]     Checking trust-dns-proto v0.19.6
[INFO] [stderr]     Checking trust-dns-resolver v0.19.6
[INFO] [stderr]     Checking actix v0.10.0
[INFO] [stderr]     Checking actor-ping v0.1.0 (/opt/rustwide/workdir)
[INFO] [stdout] error[E0432]: unresolved import `eventsourcing::eventstore::MemoryEventStore`
[INFO] [stdout]   --> src/main.rs:14:21
[INFO] [stdout]    |
[INFO] [stdout] 14 | use eventsourcing::{eventstore::MemoryEventStore, prelude::*, Result as EsResult};
[INFO] [stdout]    |                     ^^^^^^^^^^^^^^^^^^^^^^^^^^^^ no `MemoryEventStore` in `eventstore`
[INFO] [stdout] 
[INFO] [stdout] 
[INFO] [stdout] warning: unused import: `anyhow::anyhow`
[INFO] [stdout]  --> src/main.rs:2:5
[INFO] [stdout]   |
[INFO] [stdout] 2 | use anyhow::anyhow;
[INFO] [stdout]   |     ^^^^^^^^^^^^^^
[INFO] [stdout]   |
[INFO] [stdout]   = note: `#[warn(unused_imports)]` on by default
[INFO] [stdout] 
[INFO] [stdout] 
[INFO] [stdout] warning: unused imports: `Deserialize`, `Serialize`
[INFO] [stdout]  --> src/main.rs:3:13
[INFO] [stdout]   |
[INFO] [stdout] 3 | use serde::{Deserialize, Serialize};
[INFO] [stdout]   |             ^^^^^^^^^^^  ^^^^^^^^^
[INFO] [stdout] 
[INFO] [stdout] 
[INFO] [stdout] error[E0432]: unresolved import `eventsourcing::eventstore::MemoryEventStore`
[INFO] [stdout]   --> src/main.rs:14:21
[INFO] [stdout]    |
[INFO] [stdout] 14 | use eventsourcing::{eventstore::MemoryEventStore, prelude::*, Result as EsResult};
[INFO] [stdout]    |                     ^^^^^^^^^^^^^^^^^^^^^^^^^^^^ no `MemoryEventStore` in `eventstore`
[INFO] [stdout] 
[INFO] [stdout] 
[INFO] [stdout] warning: unused import: `anyhow::anyhow`
[INFO] [stdout]  --> src/main.rs:2:5
[INFO] [stdout]   |
[INFO] [stdout] 2 | use anyhow::anyhow;
[INFO] [stdout]   |     ^^^^^^^^^^^^^^
[INFO] [stdout]   |
[INFO] [stdout]   = note: `#[warn(unused_imports)]` on by default
[INFO] [stdout] 
[INFO] [stdout] 
[INFO] [stdout] warning: unused imports: `Deserialize`, `Serialize`
[INFO] [stdout]  --> src/main.rs:3:13
[INFO] [stdout]   |
[INFO] [stdout] 3 | use serde::{Deserialize, Serialize};
[INFO] [stdout]   |             ^^^^^^^^^^^  ^^^^^^^^^
[INFO] [stdout] 
[INFO] [stdout] 
[INFO] [stdout] error[E0599]: no method named `handle_command` found for mutable reference `&mut Organization` in the current scope
[INFO] [stdout]    --> src/main.rs:47:14
[INFO] [stdout]     |
[INFO] [stdout] 47  |         self.handle_command(self)
[INFO] [stdout]     |              ^^^^^^^^^^^^^^ this is an associated function, not a method
[INFO] [stdout]     |
[INFO] [stdout]     = note: found the following associated functions; to be used as methods, functions must have a `self` parameter
[INFO] [stdout] note: the candidate is defined in the trait `eventsourcing::Aggregate`
[INFO] [stdout]    --> /opt/rustwide/cargo-home/registry/src/github.com-1ecc6299db9ec823/eventsourcing-0.1.5/src/lib.rs:196:5
[INFO] [stdout]     |
[INFO] [stdout] 196 |     fn handle_command(state: &Self::State, cmd: &Self::Command) -> Result<Vec<Self::Event>>;
[INFO] [stdout]     |     ^^^^^^^^^^^^^^^^^^^^^^^^^^^^^^^^^^^^^^^^^^^^^^^^^^^^^^^^^^^^^^^^^^^^^^^^^^^^^^^^^^^^^^^^
[INFO] [stdout]     = help: items from traits can only be used if the trait is implemented and in scope
[INFO] [stdout]     = note: the following trait defines an item `handle_command`, perhaps you need to implement it:
[INFO] [stdout]             candidate #1: `eventsourcing::Aggregate`
[INFO] [stdout] help: use associated function syntax instead
[INFO] [stdout]     |
[INFO] [stdout] 47  |         Organization::handle_command(self)
[INFO] [stdout]     |         ^^^^^^^^^^^^^^^^^^^^^^^^^^^^
[INFO] [stdout] help: disambiguate the associated function for the candidate
[INFO] [stdout]     |
[INFO] [stdout] 47  |         eventsourcing::Aggregate::handle_command(&mut self, self)
[INFO] [stdout]     |
[INFO] [stdout] 
[INFO] [stdout] 
[INFO] [stdout] error: aborting due to 2 previous errors; 2 warnings emitted
[INFO] [stdout] 
[INFO] [stdout] 
[INFO] [stdout] Some errors have detailed explanations: E0432, E0599.
[INFO] [stdout] 
[INFO] [stdout] For more information about an error, try `rustc --explain E0432`.
[INFO] [stdout] 
[INFO] [stderr] error: could not compile `actor-ping` due to 3 previous errors; 2 warnings emitted
[INFO] [stdout] error[E0599]: no method named `handle_command` found for mutable reference `&mut Organization` in the current scope
[INFO] [stdout]    --> src/main.rs:47:14
[INFO] [stdout]     |
[INFO] [stdout] 47  |         self.handle_command(self)
[INFO] [stdout]     |              ^^^^^^^^^^^^^^ this is an associated function, not a method
[INFO] [stdout]     |
[INFO] [stdout]     = note: found the following associated functions; to be used as methods, functions must have a `self` parameter
[INFO] [stdout] note: the candidate is defined in the trait `eventsourcing::Aggregate`
[INFO] [stdout]    --> /opt/rustwide/cargo-home/registry/src/github.com-1ecc6299db9ec823/eventsourcing-0.1.5/src/lib.rs:196:5
[INFO] [stdout]     |
[INFO] [stdout] 196 |     fn handle_command(state: &Self::State, cmd: &Self::Command) -> Result<Vec<Self::Event>>;
[INFO] [stdout]     |     ^^^^^^^^^^^^^^^^^^^^^^^^^^^^^^^^^^^^^^^^^^^^^^^^^^^^^^^^^^^^^^^^^^^^^^^^^^^^^^^^^^^^^^^^
[INFO] [stdout]     = help: items from traits can only be used if the trait is implemented and in scope
[INFO] [stdout]     = note: the following trait defines an item `handle_command`, perhaps you need to implement it:
[INFO] [stdout]             candidate #1: `eventsourcing::Aggregate`
[INFO] [stdout] help: use associated function syntax instead
[INFO] [stdout]     |
[INFO] [stdout] 47  |         Organization::handle_command(self)
[INFO] [stdout]     |         ^^^^^^^^^^^^^^^^^^^^^^^^^^^^
[INFO] [stdout] help: disambiguate the associated function for the candidate
[INFO] [stdout]     |
[INFO] [stdout] 47  |         eventsourcing::Aggregate::handle_command(&mut self, self)
[INFO] [stdout]     |
[INFO] [stdout] 
[INFO] [stdout] 
[INFO] [stderr] warning: build failed, waiting for other jobs to finish...
[INFO] [stdout] error: aborting due to 2 previous errors; 2 warnings emitted
[INFO] [stdout] 
[INFO] [stdout] 
[INFO] [stdout] Some errors have detailed explanations: E0432, E0599.
[INFO] [stdout] 
[INFO] [stdout] For more information about an error, try `rustc --explain E0432`.
[INFO] [stdout] 
[INFO] [stderr] error: build failed
[INFO] running `Command { std: "docker" "inspect" "67bf333c0111ce4ee2d86b234f5474cac4cb56e8bd81ea7351999851feccbdd6", kill_on_drop: false }`
[INFO] running `Command { std: "docker" "rm" "-f" "67bf333c0111ce4ee2d86b234f5474cac4cb56e8bd81ea7351999851feccbdd6", kill_on_drop: false }`
[INFO] [stdout] 67bf333c0111ce4ee2d86b234f5474cac4cb56e8bd81ea7351999851feccbdd6
