[INFO] cloning repository https://github.com/idoberko2/telegram-calc-bot
[INFO] running `Command { std: "git" "-c" "credential.helper=" "-c" "credential.helper=/workspace/cargo-home/bin/git-credential-null" "clone" "--bare" "https://github.com/idoberko2/telegram-calc-bot" "/workspace/cache/git-repos/https%3A%2F%2Fgithub.com%2Fidoberko2%2Ftelegram-calc-bot", kill_on_drop: false }`
[INFO] [stderr] Cloning into bare repository '/workspace/cache/git-repos/https%3A%2F%2Fgithub.com%2Fidoberko2%2Ftelegram-calc-bot'...
[INFO] running `Command { std: "git" "rev-parse" "HEAD", kill_on_drop: false }`
[INFO] [stdout] 332c4353075ebb82d85966f724548752dd2f86ac
[INFO] checking idoberko2/telegram-calc-bot against beta-2021-10-15 for beta-1.56-3
[INFO] running `Command { std: "git" "clone" "/workspace/cache/git-repos/https%3A%2F%2Fgithub.com%2Fidoberko2%2Ftelegram-calc-bot" "/workspace/builds/worker-3/source", kill_on_drop: false }`
[INFO] [stderr] Cloning into '/workspace/builds/worker-3/source'...
[INFO] [stderr] done.
[INFO] validating manifest of git repo https://github.com/idoberko2/telegram-calc-bot on toolchain beta-2021-10-15
[INFO] running `Command { std: "/workspace/cargo-home/bin/cargo" "+beta-2021-10-15" "metadata" "--manifest-path" "Cargo.toml" "--no-deps", kill_on_drop: false }`
[INFO] started tweaking git repo https://github.com/idoberko2/telegram-calc-bot
[INFO] finished tweaking git repo https://github.com/idoberko2/telegram-calc-bot
[INFO] tweaked toml for git repo https://github.com/idoberko2/telegram-calc-bot written to /workspace/builds/worker-3/source/Cargo.toml
[INFO] crate git repo https://github.com/idoberko2/telegram-calc-bot already has a lockfile, it will not be regenerated
[INFO] running `Command { std: "/workspace/cargo-home/bin/cargo" "+beta-2021-10-15" "fetch" "--manifest-path" "Cargo.toml", kill_on_drop: false }`
[INFO] [stderr]     Blocking waiting for file lock on package cache
[INFO] running `Command { std: "docker" "create" "-v" "/var/lib/crater-agent-workspace/builds/worker-3/target:/opt/rustwide/target:rw,Z" "-v" "/var/lib/crater-agent-workspace/builds/worker-3/source:/opt/rustwide/workdir:ro,Z" "-v" "/var/lib/crater-agent-workspace/cargo-home:/opt/rustwide/cargo-home:ro,Z" "-v" "/var/lib/crater-agent-workspace/rustup-home:/opt/rustwide/rustup-home:ro,Z" "-e" "SOURCE_DIR=/opt/rustwide/workdir" "-e" "CARGO_TARGET_DIR=/opt/rustwide/target" "-e" "CARGO_HOME=/opt/rustwide/cargo-home" "-e" "RUSTUP_HOME=/opt/rustwide/rustup-home" "-w" "/opt/rustwide/workdir" "-m" "1610612736" "--user" "0:0" "--network" "none" "ghcr.io/rust-lang/crates-build-env/linux@sha256:a89201d6b5b9fd45c15d5952ece0a0129e7e80cb26ec023fd59cf09bc26f1604" "/opt/rustwide/cargo-home/bin/cargo" "+beta-2021-10-15" "metadata" "--no-deps" "--format-version=1", kill_on_drop: false }`
[INFO] [stderr] WARNING: Your kernel does not support swap limit capabilities or the cgroup is not mounted. Memory limited without swap.
[INFO] [stdout] b9116a1ea9563503016b6daa6223e58f8e10fe60cae60ffee58bd8141c5134b8
[INFO] running `Command { std: "docker" "start" "-a" "b9116a1ea9563503016b6daa6223e58f8e10fe60cae60ffee58bd8141c5134b8", kill_on_drop: false }`
[INFO] running `Command { std: "docker" "inspect" "b9116a1ea9563503016b6daa6223e58f8e10fe60cae60ffee58bd8141c5134b8", kill_on_drop: false }`
[INFO] running `Command { std: "docker" "rm" "-f" "b9116a1ea9563503016b6daa6223e58f8e10fe60cae60ffee58bd8141c5134b8", kill_on_drop: false }`
[INFO] [stdout] b9116a1ea9563503016b6daa6223e58f8e10fe60cae60ffee58bd8141c5134b8
[INFO] running `Command { std: "docker" "create" "-v" "/var/lib/crater-agent-workspace/builds/worker-3/target:/opt/rustwide/target:rw,Z" "-v" "/var/lib/crater-agent-workspace/builds/worker-3/source:/opt/rustwide/workdir:ro,Z" "-v" "/var/lib/crater-agent-workspace/cargo-home:/opt/rustwide/cargo-home:ro,Z" "-v" "/var/lib/crater-agent-workspace/rustup-home:/opt/rustwide/rustup-home:ro,Z" "-e" "SOURCE_DIR=/opt/rustwide/workdir" "-e" "CARGO_TARGET_DIR=/opt/rustwide/target" "-e" "CARGO_INCREMENTAL=0" "-e" "RUST_BACKTRACE=full" "-e" "RUSTFLAGS=--cap-lints=warn" "-e" "CARGO_HOME=/opt/rustwide/cargo-home" "-e" "RUSTUP_HOME=/opt/rustwide/rustup-home" "-w" "/opt/rustwide/workdir" "-m" "1610612736" "--user" "0:0" "--network" "none" "ghcr.io/rust-lang/crates-build-env/linux@sha256:a89201d6b5b9fd45c15d5952ece0a0129e7e80cb26ec023fd59cf09bc26f1604" "/opt/rustwide/cargo-home/bin/cargo" "+beta-2021-10-15" "check" "--frozen" "--all" "--all-targets" "--message-format=json", kill_on_drop: false }`
[INFO] [stdout] 55a233434ff6071635f9814dde00bbf6fb461039ac4e236dedf0d172b63481ad
[INFO] [stderr] WARNING: Your kernel does not support swap limit capabilities or the cgroup is not mounted. Memory limited without swap.
[INFO] running `Command { std: "docker" "start" "-a" "55a233434ff6071635f9814dde00bbf6fb461039ac4e236dedf0d172b63481ad", kill_on_drop: false }`
[INFO] [stderr]    Compiling syn v1.0.5
[INFO] [stderr]     Checking indexmap v1.2.0
[INFO] [stderr]    Compiling rand v0.6.5
[INFO] [stderr]     Checking tokio-sync v0.1.6
[INFO] [stderr]    Compiling openssl-sys v0.9.49
[INFO] [stderr]     Checking tokio-executor v0.1.8
[INFO] [stderr]     Checking bytes v0.4.12
[INFO] [stderr]     Checking rand_chacha v0.1.1
[INFO] [stderr]    Compiling hyper v0.12.35
[INFO] [stderr]     Checking want v0.2.0
[INFO] [stderr]     Checking mio v0.6.19
[INFO] [stderr]     Checking backtrace-sys v0.1.31
[INFO] [stderr]     Checking ordered-float v1.0.2
[INFO] [stderr]     Checking backtrace v0.3.37
[INFO] [stderr]     Checking tokio-timer v0.2.11
[INFO] [stderr]     Checking tokio-current-thread v0.1.6
[INFO] [stderr]     Checking tokio-io v0.1.12
[INFO] [stderr]     Checking http v0.1.18
[INFO] [stderr]     Checking string v0.2.1
[INFO] [stderr]     Checking tokio-buf v0.1.1
[INFO] [stderr]     Checking mio-uds v0.6.7
[INFO] [stderr]     Checking error-chain v0.11.0
[INFO] [stderr]     Checking tokio-codec v0.1.1
[INFO] [stderr]    Compiling openssl v0.10.24
[INFO] [stderr]    Compiling native-tls v0.2.3
[INFO] [stderr]     Checking parking_lot_core v0.4.0
[INFO] [stderr]     Checking tokio-threadpool v0.1.15
[INFO] [stderr]     Checking parking_lot v0.7.1
[INFO] [stderr]     Checking tokio-reactor v0.1.9
[INFO] [stderr]     Checking tokio-fs v0.1.6
[INFO] [stderr]     Checking tokio-udp v0.1.5
[INFO] [stderr]     Checking tokio-uds v0.2.5
[INFO] [stderr]     Checking tokio-tcp v0.1.3
[INFO] [stderr]     Checking h2 v0.1.26
[INFO] [stderr]     Checking http-body v0.1.0
[INFO] [stderr]     Checking tokio v0.1.22
[INFO] [stderr]     Checking tokio-core v0.1.17
[INFO] [stderr]    Compiling serde_derive v1.0.101
[INFO] [stderr]     Checking hyper-tls v0.3.2
[INFO] [stderr]     Checking serde v1.0.101
[INFO] [stderr]     Checking serde_json v1.0.40
[INFO] [stderr]     Checking serde-value v0.5.3
[INFO] [stderr]     Checking telegram-bot-raw v0.6.3
[INFO] [stderr]     Checking telegram-bot v0.6.3
[INFO] [stderr]     Checking telegram-calc-bot v0.1.0 (/opt/rustwide/workdir)
[INFO] [stdout] error[E0432]: unresolved import `futures`
[INFO] [stdout]  --> src/main.rs:3:5
[INFO] [stdout]   |
[INFO] [stdout] 3 | use futures::StreamExt;
[INFO] [stdout]   |     ^^^^^^^ use of undeclared crate or module `futures`
[INFO] [stdout] 
[INFO] [stdout] 
[INFO] [stdout] error[E0433]: failed to resolve: use of undeclared crate or module `tokio`
[INFO] [stdout]  --> src/main.rs:6:3
[INFO] [stdout]   |
[INFO] [stdout] 6 | #[tokio::main]
[INFO] [stdout]   |   ^^^^^ use of undeclared crate or module `tokio`
[INFO] [stdout] 
[INFO] [stdout] 
[INFO] [stdout] error[E0432]: unresolved import `futures`
[INFO] [stdout]  --> src/main.rs:3:5
[INFO] [stdout]   |
[INFO] [stdout] 3 | use futures::StreamExt;
[INFO] [stdout]   |     ^^^^^^^ use of undeclared crate or module `futures`
[INFO] [stdout] 
[INFO] [stdout] 
[INFO] [stdout] error[E0433]: failed to resolve: use of undeclared crate or module `tokio`
[INFO] [stdout]  --> src/main.rs:6:3
[INFO] [stdout]   |
[INFO] [stdout] 6 | #[tokio::main]
[INFO] [stdout]   |   ^^^^^ use of undeclared crate or module `tokio`
[INFO] [stdout] 
[INFO] [stdout] 
[INFO] [stdout] error[E0599]: no function or associated item named `new` found for struct `telegram_bot::Api` in the current scope
[INFO] [stdout]  --> src/main.rs:9:20
[INFO] [stdout]   |
[INFO] [stdout] 9 |     let api = Api::new(token);
[INFO] [stdout]   |                    ^^^ function or associated item not found in `telegram_bot::Api`
[INFO] [stdout] 
[INFO] [stdout] 
[INFO] [stdout] error: aborting due to 3 previous errors
[INFO] [stdout] 
[INFO] [stdout] 
[INFO] [stdout] Some errors have detailed explanations: E0432, E0433, E0599.
[INFO] [stdout] 
[INFO] [stdout] For more information about an error, try `rustc --explain E0432`.
[INFO] [stdout] 
[INFO] [stderr] error: could not compile `telegram-calc-bot` due to 4 previous errors
[INFO] [stderr] warning: build failed, waiting for other jobs to finish...
[INFO] [stdout] error[E0599]: no function or associated item named `new` found for struct `telegram_bot::Api` in the current scope
[INFO] [stdout]  --> src/main.rs:9:20
[INFO] [stdout]   |
[INFO] [stdout] 9 |     let api = Api::new(token);
[INFO] [stdout]   |                    ^^^ function or associated item not found in `telegram_bot::Api`
[INFO] [stdout] 
[INFO] [stdout] 
[INFO] [stdout] error[E0752]: `main` function is not allowed to be `async`
[INFO] [stdout]  --> src/main.rs:7:1
[INFO] [stdout]   |
[INFO] [stdout] 7 | async fn main() -> Result<(), Error> {
[INFO] [stdout]   | ^^^^^^^^^^^^^^^^^^^^^^^^^^^^^^^^^^^^ `main` function is not allowed to be `async`
[INFO] [stdout] 
[INFO] [stdout] 
[INFO] [stdout] error: aborting due to 4 previous errors
[INFO] [stdout] 
[INFO] [stdout] 
[INFO] [stdout] Some errors have detailed explanations: E0432, E0433, E0599, E0752.
[INFO] [stdout] 
[INFO] [stdout] For more information about an error, try `rustc --explain E0432`.
[INFO] [stdout] 
[INFO] [stderr] error: build failed
[INFO] running `Command { std: "docker" "inspect" "55a233434ff6071635f9814dde00bbf6fb461039ac4e236dedf0d172b63481ad", kill_on_drop: false }`
[INFO] running `Command { std: "docker" "rm" "-f" "55a233434ff6071635f9814dde00bbf6fb461039ac4e236dedf0d172b63481ad", kill_on_drop: false }`
[INFO] [stdout] 55a233434ff6071635f9814dde00bbf6fb461039ac4e236dedf0d172b63481ad
