[INFO] cloning repository https://github.com/idlesong/myeditor
[INFO] running `Command { std: "git" "-c" "credential.helper=" "-c" "credential.helper=/workspace/cargo-home/bin/git-credential-null" "clone" "--bare" "https://github.com/idlesong/myeditor" "/workspace/cache/git-repos/https%3A%2F%2Fgithub.com%2Fidlesong%2Fmyeditor", kill_on_drop: false }`
[INFO] [stderr] Cloning into bare repository '/workspace/cache/git-repos/https%3A%2F%2Fgithub.com%2Fidlesong%2Fmyeditor'...
[INFO] running `Command { std: "git" "rev-parse" "HEAD", kill_on_drop: false }`
[INFO] [stdout] eb6a29c5b06d04e3c9a1a82f062ea76d38472648
[INFO] checking idlesong/myeditor against beta-2021-10-15 for beta-1.56-3
[INFO] running `Command { std: "git" "clone" "/workspace/cache/git-repos/https%3A%2F%2Fgithub.com%2Fidlesong%2Fmyeditor" "/workspace/builds/worker-10/source", kill_on_drop: false }`
[INFO] [stderr] Cloning into '/workspace/builds/worker-10/source'...
[INFO] [stderr] done.
[INFO] validating manifest of git repo https://github.com/idlesong/myeditor on toolchain beta-2021-10-15
[INFO] running `Command { std: "/workspace/cargo-home/bin/cargo" "+beta-2021-10-15" "metadata" "--manifest-path" "Cargo.toml" "--no-deps", kill_on_drop: false }`
[INFO] started tweaking git repo https://github.com/idlesong/myeditor
[INFO] finished tweaking git repo https://github.com/idlesong/myeditor
[INFO] tweaked toml for git repo https://github.com/idlesong/myeditor written to /workspace/builds/worker-10/source/Cargo.toml
[INFO] crate git repo https://github.com/idlesong/myeditor already has a lockfile, it will not be regenerated
[INFO] running `Command { std: "/workspace/cargo-home/bin/cargo" "+beta-2021-10-15" "fetch" "--manifest-path" "Cargo.toml", kill_on_drop: false }`
[INFO] running `Command { std: "docker" "create" "-v" "/var/lib/crater-agent-workspace/builds/worker-10/target:/opt/rustwide/target:rw,Z" "-v" "/var/lib/crater-agent-workspace/builds/worker-10/source:/opt/rustwide/workdir:ro,Z" "-v" "/var/lib/crater-agent-workspace/cargo-home:/opt/rustwide/cargo-home:ro,Z" "-v" "/var/lib/crater-agent-workspace/rustup-home:/opt/rustwide/rustup-home:ro,Z" "-e" "SOURCE_DIR=/opt/rustwide/workdir" "-e" "CARGO_TARGET_DIR=/opt/rustwide/target" "-e" "CARGO_HOME=/opt/rustwide/cargo-home" "-e" "RUSTUP_HOME=/opt/rustwide/rustup-home" "-w" "/opt/rustwide/workdir" "-m" "1610612736" "--user" "0:0" "--network" "none" "ghcr.io/rust-lang/crates-build-env/linux@sha256:a89201d6b5b9fd45c15d5952ece0a0129e7e80cb26ec023fd59cf09bc26f1604" "/opt/rustwide/cargo-home/bin/cargo" "+beta-2021-10-15" "metadata" "--no-deps" "--format-version=1", kill_on_drop: false }`
[INFO] [stdout] 20cb31acee6f571a1fb5dd33cc17918b07f8f73c581d1c72d2d1f19f895f34dc
[INFO] [stderr] WARNING: Your kernel does not support swap limit capabilities or the cgroup is not mounted. Memory limited without swap.
[INFO] running `Command { std: "docker" "start" "-a" "20cb31acee6f571a1fb5dd33cc17918b07f8f73c581d1c72d2d1f19f895f34dc", kill_on_drop: false }`
[INFO] running `Command { std: "docker" "inspect" "20cb31acee6f571a1fb5dd33cc17918b07f8f73c581d1c72d2d1f19f895f34dc", kill_on_drop: false }`
[INFO] running `Command { std: "docker" "rm" "-f" "20cb31acee6f571a1fb5dd33cc17918b07f8f73c581d1c72d2d1f19f895f34dc", kill_on_drop: false }`
[INFO] [stdout] 20cb31acee6f571a1fb5dd33cc17918b07f8f73c581d1c72d2d1f19f895f34dc
[INFO] running `Command { std: "docker" "create" "-v" "/var/lib/crater-agent-workspace/builds/worker-10/target:/opt/rustwide/target:rw,Z" "-v" "/var/lib/crater-agent-workspace/builds/worker-10/source:/opt/rustwide/workdir:ro,Z" "-v" "/var/lib/crater-agent-workspace/cargo-home:/opt/rustwide/cargo-home:ro,Z" "-v" "/var/lib/crater-agent-workspace/rustup-home:/opt/rustwide/rustup-home:ro,Z" "-e" "SOURCE_DIR=/opt/rustwide/workdir" "-e" "CARGO_TARGET_DIR=/opt/rustwide/target" "-e" "CARGO_INCREMENTAL=0" "-e" "RUST_BACKTRACE=full" "-e" "RUSTFLAGS=--cap-lints=warn" "-e" "CARGO_HOME=/opt/rustwide/cargo-home" "-e" "RUSTUP_HOME=/opt/rustwide/rustup-home" "-w" "/opt/rustwide/workdir" "-m" "1610612736" "--user" "0:0" "--network" "none" "ghcr.io/rust-lang/crates-build-env/linux@sha256:a89201d6b5b9fd45c15d5952ece0a0129e7e80cb26ec023fd59cf09bc26f1604" "/opt/rustwide/cargo-home/bin/cargo" "+beta-2021-10-15" "check" "--frozen" "--all" "--all-targets" "--message-format=json", kill_on_drop: false }`
[INFO] [stderr] WARNING: Your kernel does not support swap limit capabilities or the cgroup is not mounted. Memory limited without swap.
[INFO] [stdout] d179722a6feb151caacea3c1784e7bce26a7a786a0ebb9c8b8261dddb3767691
[INFO] running `Command { std: "docker" "start" "-a" "d179722a6feb151caacea3c1784e7bce26a7a786a0ebb9c8b8261dddb3767691", kill_on_drop: false }`
[INFO] [stderr]    Compiling proc-macro2 v1.0.7
[INFO] [stderr]    Compiling syn v1.0.13
[INFO] [stderr]    Compiling serde v1.0.114
[INFO] [stderr]    Compiling version-compare v0.0.10
[INFO] [stderr]    Compiling strum v0.18.0
[INFO] [stderr]    Compiling libc v0.2.59
[INFO] [stderr]    Compiling pin-project-internal v0.4.22
[INFO] [stderr]     Checking once_cell v1.4.0
[INFO] [stderr]    Compiling anyhow v1.0.31
[INFO] [stderr]     Checking futures-io v0.3.5
[INFO] [stderr]    Compiling gio v0.9.0
[INFO] [stderr]    Compiling pango v0.9.0
[INFO] [stderr]    Compiling cairo-rs v0.9.1
[INFO] [stderr]    Compiling gdk-pixbuf v0.9.0
[INFO] [stderr]    Compiling regex v1.1.9
[INFO] [stderr]    Compiling atk v0.9.0
[INFO] [stderr]     Checking utf8-ranges v1.0.3
[INFO] [stderr]    Compiling gdk v0.13.0
[INFO] [stderr]    Compiling log v0.4.7
[INFO] [stderr]    Compiling proc-macro-error-attr v1.0.3
[INFO] [stderr]     Checking futures-channel v0.3.5
[INFO] [stderr]    Compiling proc-macro-error v1.0.3
[INFO] [stderr]    Compiling gtk v0.9.0
[INFO] [stderr]    Compiling itertools v0.9.0
[INFO] [stderr]     Checking regex-syntax v0.6.8
[INFO] [stderr]    Compiling gettext-sys v0.19.8
[INFO] [stderr]     Checking futures-task v0.3.5
[INFO] [stderr]     Checking aho-corasick v0.7.4
[INFO] [stderr]    Compiling quote v1.0.2
[INFO] [stderr]     Checking locale_config v0.2.3
[INFO] [stderr]     Checking gettext-rs v0.4.1
[INFO] [stderr]    Compiling toml v0.5.6
[INFO] [stderr]    Compiling proc-macro-crate v0.1.5
[INFO] [stderr]    Compiling syn-mid v0.5.0
[INFO] [stderr]    Compiling thiserror-impl v1.0.20
[INFO] [stderr]    Compiling strum_macros v0.18.0
[INFO] [stderr]    Compiling proc-macro-hack v0.5.11
[INFO] [stderr]    Compiling glib-macros v0.10.1
[INFO] [stderr]    Compiling futures-macro v0.3.5
[INFO] [stderr]    Compiling thiserror v1.0.20
[INFO] [stderr]    Compiling system-deps v1.3.2
[INFO] [stderr]     Checking pin-project v0.4.22
[INFO] [stderr]     Checking futures-util v0.3.5
[INFO] [stderr]    Compiling glib-sys v0.10.0
[INFO] [stderr]    Compiling gobject-sys v0.10.0
[INFO] [stderr]    Compiling gio-sys v0.10.0
[INFO] [stderr]    Compiling gdk-pixbuf-sys v0.10.0
[INFO] [stderr]    Compiling pango-sys v0.10.0
[INFO] [stderr]    Compiling cairo-sys-rs v0.10.0
[INFO] [stderr]    Compiling gdk-sys v0.10.0
[INFO] [stderr]    Compiling atk-sys v0.10.0
[INFO] [stderr]    Compiling gtk-sys v0.10.0
[INFO] [stderr]     Checking futures-executor v0.3.5
[INFO] [stderr]     Checking glib v0.10.1
[INFO] [stderr]     Checking futures v0.3.5
[INFO] [stderr]     Checking myeditor v0.1.0 (/opt/rustwide/workdir)
[INFO] [stdout] error[E0583]: file not found for module `config`
[INFO] [stdout]   --> src/main.rs:13:1
[INFO] [stdout]    |
[INFO] [stdout] 13 | mod config;
[INFO] [stdout]    | ^^^^^^^^^^^
[INFO] [stdout]    |
[INFO] [stdout]    = help: to create the module `config`, create file "src/config.rs" or "src/config/mod.rs"
[INFO] [stdout] 
[INFO] [stdout] 
[INFO] [stdout] error[E0583]: file not found for module `static_resources`
[INFO] [stdout]   --> src/main.rs:15:1
[INFO] [stdout]    |
[INFO] [stdout] 15 | mod static_resources;
[INFO] [stdout]    | ^^^^^^^^^^^^^^^^^^^^^
[INFO] [stdout]    |
[INFO] [stdout]    = help: to create the module `static_resources`, create file "src/static_resources.rs" or "src/static_resources/mod.rs"
[INFO] [stdout] 
[INFO] [stdout] 
[INFO] [stdout] error[E0432]: unresolved imports `crate::config::APP_ID`, `crate::config::PROFILE`
[INFO] [stdout]  --> src/window.rs:3:21
[INFO] [stdout]   |
[INFO] [stdout] 3 | use crate::config::{APP_ID, PROFILE};
[INFO] [stdout]   |                     ^^^^^^  ^^^^^^^ no `PROFILE` in `config`
[INFO] [stdout]   |                     |
[INFO] [stdout]   |                     no `APP_ID` in `config`
[INFO] [stdout] 
[INFO] [stdout] 
[INFO] [stdout] error[E0432]: unresolved imports `config::GETTEXT_PACKAGE`, `config::LOCALEDIR`
[INFO] [stdout]   --> src/main.rs:20:14
[INFO] [stdout]    |
[INFO] [stdout] 20 | use config::{GETTEXT_PACKAGE, LOCALEDIR};
[INFO] [stdout]    |              ^^^^^^^^^^^^^^^  ^^^^^^^^^ no `LOCALEDIR` in `config`
[INFO] [stdout]    |              |
[INFO] [stdout]    |              no `GETTEXT_PACKAGE` in `config`
[INFO] [stdout] 
[INFO] [stdout] 
[INFO] [stdout] error[E0583]: file not found for module `config`
[INFO] [stdout]   --> src/main.rs:13:1
[INFO] [stdout]    |
[INFO] [stdout] 13 | mod config;
[INFO] [stdout]    | ^^^^^^^^^^^
[INFO] [stdout]    |
[INFO] [stdout]    = help: to create the module `config`, create file "src/config.rs" or "src/config/mod.rs"
[INFO] [stdout] 
[INFO] [stdout] 
[INFO] [stdout] error[E0583]: file not found for module `static_resources`
[INFO] [stdout]   --> src/main.rs:15:1
[INFO] [stdout]    |
[INFO] [stdout] 15 | mod static_resources;
[INFO] [stdout]    | ^^^^^^^^^^^^^^^^^^^^^
[INFO] [stdout]    |
[INFO] [stdout]    = help: to create the module `static_resources`, create file "src/static_resources.rs" or "src/static_resources/mod.rs"
[INFO] [stdout] 
[INFO] [stdout] 
[INFO] [stdout] error[E0432]: unresolved imports `crate::config::APP_ID`, `crate::config::PROFILE`
[INFO] [stdout]  --> src/window.rs:3:21
[INFO] [stdout]   |
[INFO] [stdout] 3 | use crate::config::{APP_ID, PROFILE};
[INFO] [stdout]   |                     ^^^^^^  ^^^^^^^ no `PROFILE` in `config`
[INFO] [stdout]   |                     |
[INFO] [stdout]   |                     no `APP_ID` in `config`
[INFO] [stdout] 
[INFO] [stdout] 
[INFO] [stdout] error[E0432]: unresolved imports `config::GETTEXT_PACKAGE`, `config::LOCALEDIR`
[INFO] [stdout]   --> src/main.rs:20:14
[INFO] [stdout]    |
[INFO] [stdout] 20 | use config::{GETTEXT_PACKAGE, LOCALEDIR};
[INFO] [stdout]    |              ^^^^^^^^^^^^^^^  ^^^^^^^^^ no `LOCALEDIR` in `config`
[INFO] [stdout]    |              |
[INFO] [stdout]    |              no `GETTEXT_PACKAGE` in `config`
[INFO] [stdout] 
[INFO] [stdout] 
[INFO] [stdout] error[E0425]: cannot find value `APP_ID` in module `config`
[INFO] [stdout]   --> src/application.rs:16:48
[INFO] [stdout]    |
[INFO] [stdout] 16 |             gtk::Application::new(Some(config::APP_ID), gio::ApplicationFlags::FLAGS_NONE).unwrap();
[INFO] [stdout]    |                                                ^^^^^^ not found in `config`
[INFO] [stdout] 
[INFO] [stdout] 
[INFO] [stdout] error[E0425]: cannot find value `NAME_SUFFIX` in module `config`
[INFO] [stdout]   --> src/application.rs:87:21
[INFO] [stdout]    |
[INFO] [stdout] 87 |             config::NAME_SUFFIX,
[INFO] [stdout]    |                     ^^^^^^^^^^^ not found in `config`
[INFO] [stdout] 
[INFO] [stdout] 
[INFO] [stdout] error[E0425]: cannot find value `APP_ID` in module `config`
[INFO] [stdout]   --> src/application.rs:88:21
[INFO] [stdout]    |
[INFO] [stdout] 88 |             config::APP_ID
[INFO] [stdout]    |                     ^^^^^^ not found in `config`
[INFO] [stdout] 
[INFO] [stdout] 
[INFO] [stdout] error[E0425]: cannot find value `VERSION` in module `config`
[INFO] [stdout]   --> src/application.rs:90:43
[INFO] [stdout]    |
[INFO] [stdout] 90 |         info!("Version: {} ({})", config::VERSION, config::PROFILE);
[INFO] [stdout]    |                                           ^^^^^^^ not found in `config`
[INFO] [stdout] 
[INFO] [stdout] 
[INFO] [stdout] error[E0425]: cannot find value `PROFILE` in module `config`
[INFO] [stdout]   --> src/application.rs:90:60
[INFO] [stdout]    |
[INFO] [stdout] 90 |         info!("Version: {} ({})", config::VERSION, config::PROFILE);
[INFO] [stdout]    |                                                            ^^^^^^^ not found in `config`
[INFO] [stdout] 
[INFO] [stdout] 
[INFO] [stdout] error[E0425]: cannot find value `PKGDATADIR` in module `config`
[INFO] [stdout]   --> src/application.rs:91:38
[INFO] [stdout]    |
[INFO] [stdout] 91 |         info!("Datadir: {}", config::PKGDATADIR);
[INFO] [stdout]    |                                      ^^^^^^^^^^ not found in `config`
[INFO] [stdout] 
[INFO] [stdout] 
[INFO] [stdout] error[E0425]: cannot find value `NAME_SUFFIX` in module `config`
[INFO] [stdout]   --> src/main.rs:28:63
[INFO] [stdout]    |
[INFO] [stdout] 28 |     glib::set_application_name(&format!("myeditor{}", config::NAME_SUFFIX));
[INFO] [stdout]    |                                                               ^^^^^^^^^^^ not found in `config`
[INFO] [stdout] 
[INFO] [stdout] 
[INFO] [stdout] error[E0425]: cannot find function `init` in module `static_resources`
[INFO] [stdout]   --> src/main.rs:33:23
[INFO] [stdout]    |
[INFO] [stdout] 33 |     static_resources::init().expect("Failed to initialize the resource file.");
[INFO] [stdout]    |                       ^^^^ not found in `static_resources`
[INFO] [stdout]    |
[INFO] [stdout] help: consider importing one of these items
[INFO] [stdout]    |
[INFO] [stdout] 6  | use gdk::init;
[INFO] [stdout]    |
[INFO] [stdout] 6  | use gtk::init;
[INFO] [stdout]    |
[INFO] [stdout] 
[INFO] [stdout] 
[INFO] [stdout] error[E0425]: cannot find value `APP_ID` in module `config`
[INFO] [stdout]   --> src/application.rs:16:48
[INFO] [stdout]    |
[INFO] [stdout] 16 |             gtk::Application::new(Some(config::APP_ID), gio::ApplicationFlags::FLAGS_NONE).unwrap();
[INFO] [stdout]    |                                                ^^^^^^ not found in `config`
[INFO] [stdout] 
[INFO] [stdout] 
[INFO] [stdout] error[E0425]: cannot find value `NAME_SUFFIX` in module `config`
[INFO] [stdout]   --> src/application.rs:87:21
[INFO] [stdout]    |
[INFO] [stdout] 87 |             config::NAME_SUFFIX,
[INFO] [stdout]    |                     ^^^^^^^^^^^ not found in `config`
[INFO] [stdout] 
[INFO] [stdout] 
[INFO] [stdout] error[E0425]: cannot find value `APP_ID` in module `config`
[INFO] [stdout]   --> src/application.rs:88:21
[INFO] [stdout]    |
[INFO] [stdout] 88 |             config::APP_ID
[INFO] [stdout]    |                     ^^^^^^ not found in `config`
[INFO] [stdout] 
[INFO] [stdout] 
[INFO] [stdout] error[E0425]: cannot find value `VERSION` in module `config`
[INFO] [stdout]   --> src/application.rs:90:43
[INFO] [stdout]    |
[INFO] [stdout] 90 |         info!("Version: {} ({})", config::VERSION, config::PROFILE);
[INFO] [stdout]    |                                           ^^^^^^^ not found in `config`
[INFO] [stdout] 
[INFO] [stdout] 
[INFO] [stdout] error[E0425]: cannot find value `PROFILE` in module `config`
[INFO] [stdout]   --> src/application.rs:90:60
[INFO] [stdout]    |
[INFO] [stdout] 90 |         info!("Version: {} ({})", config::VERSION, config::PROFILE);
[INFO] [stdout]    |                                                            ^^^^^^^ not found in `config`
[INFO] [stdout] 
[INFO] [stdout] 
[INFO] [stdout] error[E0425]: cannot find value `PKGDATADIR` in module `config`
[INFO] [stdout]   --> src/application.rs:91:38
[INFO] [stdout]    |
[INFO] [stdout] 91 |         info!("Datadir: {}", config::PKGDATADIR);
[INFO] [stdout]    |                                      ^^^^^^^^^^ not found in `config`
[INFO] [stdout] 
[INFO] [stdout] 
[INFO] [stdout] error[E0425]: cannot find value `NAME_SUFFIX` in module `config`
[INFO] [stdout]   --> src/main.rs:28:63
[INFO] [stdout]    |
[INFO] [stdout] 28 |     glib::set_application_name(&format!("myeditor{}", config::NAME_SUFFIX));
[INFO] [stdout]    |                                                               ^^^^^^^^^^^ not found in `config`
[INFO] [stdout] 
[INFO] [stdout] 
[INFO] [stdout] error[E0425]: cannot find function `init` in module `static_resources`
[INFO] [stdout]   --> src/main.rs:33:23
[INFO] [stdout]    |
[INFO] [stdout] 33 |     static_resources::init().expect("Failed to initialize the resource file.");
[INFO] [stdout]    |                       ^^^^ not found in `static_resources`
[INFO] [stdout]    |
[INFO] [stdout] help: consider importing one of these items
[INFO] [stdout]    |
[INFO] [stdout] 6  | use gdk::init;
[INFO] [stdout]    |
[INFO] [stdout] 6  | use gtk::init;
[INFO] [stdout]    |
[INFO] [stdout] 
[INFO] [stdout] 
[INFO] [stdout] error: aborting due to 12 previous errors
[INFO] [stdout] 
[INFO] [stdout] 
[INFO] [stdout] Some errors have detailed explanations: E0425, E0432, E0583.
[INFO] [stdout] 
[INFO] [stdout] For more information about an error, try `rustc --explain E0425`.
[INFO] [stdout] 
[INFO] [stderr] error: could not compile `myeditor` due to 13 previous errors
[INFO] [stderr] warning: build failed, waiting for other jobs to finish...
[INFO] [stdout] error: aborting due to 12 previous errors
[INFO] [stdout] 
[INFO] [stdout] 
[INFO] [stdout] Some errors have detailed explanations: E0425, E0432, E0583.
[INFO] [stdout] 
[INFO] [stdout] For more information about an error, try `rustc --explain E0425`.
[INFO] [stdout] 
[INFO] [stderr] error: build failed
[INFO] running `Command { std: "docker" "inspect" "d179722a6feb151caacea3c1784e7bce26a7a786a0ebb9c8b8261dddb3767691", kill_on_drop: false }`
[INFO] running `Command { std: "docker" "rm" "-f" "d179722a6feb151caacea3c1784e7bce26a7a786a0ebb9c8b8261dddb3767691", kill_on_drop: false }`
[INFO] [stdout] d179722a6feb151caacea3c1784e7bce26a7a786a0ebb9c8b8261dddb3767691
