[INFO] cloning repository https://github.com/ibigbug/windows-rs-CreateProcessW
[INFO] running `Command { std: "git" "-c" "credential.helper=" "-c" "credential.helper=/workspace/cargo-home/bin/git-credential-null" "clone" "--bare" "https://github.com/ibigbug/windows-rs-CreateProcessW" "/workspace/cache/git-repos/https%3A%2F%2Fgithub.com%2Fibigbug%2Fwindows-rs-CreateProcessW", kill_on_drop: false }`
[INFO] [stderr] Cloning into bare repository '/workspace/cache/git-repos/https%3A%2F%2Fgithub.com%2Fibigbug%2Fwindows-rs-CreateProcessW'...
[INFO] running `Command { std: "git" "rev-parse" "HEAD", kill_on_drop: false }`
[INFO] [stdout] 49f49352596d2a37d831b9656b65638f5535a254
[INFO] checking ibigbug/windows-rs-CreateProcessW against beta-2021-10-15 for beta-1.56-3
[INFO] running `Command { std: "git" "clone" "/workspace/cache/git-repos/https%3A%2F%2Fgithub.com%2Fibigbug%2Fwindows-rs-CreateProcessW" "/workspace/builds/worker-9/source", kill_on_drop: false }`
[INFO] [stderr] Cloning into '/workspace/builds/worker-9/source'...
[INFO] [stderr] done.
[INFO] validating manifest of git repo https://github.com/ibigbug/windows-rs-CreateProcessW on toolchain beta-2021-10-15
[INFO] running `Command { std: "/workspace/cargo-home/bin/cargo" "+beta-2021-10-15" "metadata" "--manifest-path" "Cargo.toml" "--no-deps", kill_on_drop: false }`
[INFO] started tweaking git repo https://github.com/ibigbug/windows-rs-CreateProcessW
[INFO] finished tweaking git repo https://github.com/ibigbug/windows-rs-CreateProcessW
[INFO] tweaked toml for git repo https://github.com/ibigbug/windows-rs-CreateProcessW written to /workspace/builds/worker-9/source/Cargo.toml
[INFO] crate git repo https://github.com/ibigbug/windows-rs-CreateProcessW already has a lockfile, it will not be regenerated
[INFO] running `Command { std: "/workspace/cargo-home/bin/cargo" "+beta-2021-10-15" "fetch" "--manifest-path" "Cargo.toml", kill_on_drop: false }`
[INFO] running `Command { std: "docker" "create" "-v" "/var/lib/crater-agent-workspace/builds/worker-9/target:/opt/rustwide/target:rw,Z" "-v" "/var/lib/crater-agent-workspace/builds/worker-9/source:/opt/rustwide/workdir:ro,Z" "-v" "/var/lib/crater-agent-workspace/cargo-home:/opt/rustwide/cargo-home:ro,Z" "-v" "/var/lib/crater-agent-workspace/rustup-home:/opt/rustwide/rustup-home:ro,Z" "-e" "SOURCE_DIR=/opt/rustwide/workdir" "-e" "CARGO_TARGET_DIR=/opt/rustwide/target" "-e" "CARGO_HOME=/opt/rustwide/cargo-home" "-e" "RUSTUP_HOME=/opt/rustwide/rustup-home" "-w" "/opt/rustwide/workdir" "-m" "1610612736" "--user" "0:0" "--network" "none" "ghcr.io/rust-lang/crates-build-env/linux@sha256:a89201d6b5b9fd45c15d5952ece0a0129e7e80cb26ec023fd59cf09bc26f1604" "/opt/rustwide/cargo-home/bin/cargo" "+beta-2021-10-15" "metadata" "--no-deps" "--format-version=1", kill_on_drop: false }`
[INFO] [stdout] e3b47ffcb05c165932426766d0d97d3c13db3c5b33b3b34cc12fe05f08d384c5
[INFO] [stderr] WARNING: Your kernel does not support swap limit capabilities or the cgroup is not mounted. Memory limited without swap.
[INFO] running `Command { std: "docker" "start" "-a" "e3b47ffcb05c165932426766d0d97d3c13db3c5b33b3b34cc12fe05f08d384c5", kill_on_drop: false }`
[INFO] running `Command { std: "docker" "inspect" "e3b47ffcb05c165932426766d0d97d3c13db3c5b33b3b34cc12fe05f08d384c5", kill_on_drop: false }`
[INFO] running `Command { std: "docker" "rm" "-f" "e3b47ffcb05c165932426766d0d97d3c13db3c5b33b3b34cc12fe05f08d384c5", kill_on_drop: false }`
[INFO] [stdout] e3b47ffcb05c165932426766d0d97d3c13db3c5b33b3b34cc12fe05f08d384c5
[INFO] running `Command { std: "docker" "create" "-v" "/var/lib/crater-agent-workspace/builds/worker-9/target:/opt/rustwide/target:rw,Z" "-v" "/var/lib/crater-agent-workspace/builds/worker-9/source:/opt/rustwide/workdir:ro,Z" "-v" "/var/lib/crater-agent-workspace/cargo-home:/opt/rustwide/cargo-home:ro,Z" "-v" "/var/lib/crater-agent-workspace/rustup-home:/opt/rustwide/rustup-home:ro,Z" "-e" "SOURCE_DIR=/opt/rustwide/workdir" "-e" "CARGO_TARGET_DIR=/opt/rustwide/target" "-e" "CARGO_INCREMENTAL=0" "-e" "RUST_BACKTRACE=full" "-e" "RUSTFLAGS=--cap-lints=warn" "-e" "CARGO_HOME=/opt/rustwide/cargo-home" "-e" "RUSTUP_HOME=/opt/rustwide/rustup-home" "-w" "/opt/rustwide/workdir" "-m" "1610612736" "--user" "0:0" "--network" "none" "ghcr.io/rust-lang/crates-build-env/linux@sha256:a89201d6b5b9fd45c15d5952ece0a0129e7e80cb26ec023fd59cf09bc26f1604" "/opt/rustwide/cargo-home/bin/cargo" "+beta-2021-10-15" "check" "--frozen" "--all" "--all-targets" "--message-format=json", kill_on_drop: false }`
[INFO] [stderr] WARNING: Your kernel does not support swap limit capabilities or the cgroup is not mounted. Memory limited without swap.
[INFO] [stdout] 4bf81dc83b404a817598fc347baf37af9bc88842c6a5bbff34c8ce54a37f5028
[INFO] running `Command { std: "docker" "start" "-a" "4bf81dc83b404a817598fc347baf37af9bc88842c6a5bbff34c8ce54a37f5028", kill_on_drop: false }`
[INFO] [stderr]    Compiling proc-macro2 v1.0.29
[INFO] [stderr]    Compiling syn v1.0.76
[INFO] [stderr]    Compiling windows_quote v0.19.0
[INFO] [stderr]    Compiling windows_reader v0.19.0
[INFO] [stderr]    Compiling const-sha1 v0.2.0
[INFO] [stderr]     Checking windows_gen v0.19.0
[INFO] [stderr]    Compiling quote v1.0.9
[INFO] [stderr]    Compiling windows_macros v0.19.0
[INFO] [stderr]    Compiling windows v0.19.0
[INFO] [stderr]    Compiling win-rs v0.1.0 (/opt/rustwide/workdir)
[INFO] [stdout] error[E0433]: failed to resolve: could not find `windows` in `os`
[INFO] [stdout]  --> src/main.rs:7:14
[INFO] [stdout]   |
[INFO] [stdout] 7 | use std::os::windows::io::FromRawHandle;
[INFO] [stdout]   |              ^^^^^^^ could not find `windows` in `os`
[INFO] [stdout] 
[INFO] [stdout] 
[INFO] [stdout] error[E0433]: failed to resolve: could not find `windows` in `os`
[INFO] [stdout]  --> src/main.rs:8:14
[INFO] [stdout]   |
[INFO] [stdout] 8 | use std::os::windows::io::RawHandle;
[INFO] [stdout]   |              ^^^^^^^ could not find `windows` in `os`
[INFO] [stdout] 
[INFO] [stdout] 
[INFO] [stdout] error[E0433]: failed to resolve: could not find `windows` in `os`
[INFO] [stdout]  --> src/main.rs:7:14
[INFO] [stdout]   |
[INFO] [stdout] 7 | use std::os::windows::io::FromRawHandle;
[INFO] [stdout]   |              ^^^^^^^ could not find `windows` in `os`
[INFO] [stdout] 
[INFO] [stdout] 
[INFO] [stdout] error[E0433]: failed to resolve: could not find `windows` in `os`
[INFO] [stdout]  --> src/main.rs:8:14
[INFO] [stdout]   |
[INFO] [stdout] 8 | use std::os::windows::io::RawHandle;
[INFO] [stdout]   |              ^^^^^^^ could not find `windows` in `os`
[INFO] [stdout] 
[INFO] [stdout] 
[INFO] [stdout] error[E0599]: no function or associated item named `from_raw_handle` found for struct `File` in the current scope
[INFO] [stdout]   --> src/main.rs:50:33
[INFO] [stdout]    |
[INFO] [stdout] 50 |         let mut file_in = File::from_raw_handle((&mut stdin as *mut HANDLE).cast::<_>());
[INFO] [stdout]    |                                 ^^^^^^^^^^^^^^^ function or associated item not found in `File`
[INFO] [stdout] 
[INFO] [stdout] 
[INFO] [stdout] error[E0599]: no function or associated item named `from_raw_handle` found for struct `File` in the current scope
[INFO] [stdout]   --> src/main.rs:51:34
[INFO] [stdout]    |
[INFO] [stdout] 51 |         let mut file_out = File::from_raw_handle((&mut stdout as *mut HANDLE).cast::<_>());
[INFO] [stdout]    |                                  ^^^^^^^^^^^^^^^ function or associated item not found in `File`
[INFO] [stdout] 
[INFO] [stdout] 
[INFO] [stdout] error[E0599]: no function or associated item named `from_raw_handle` found for struct `File` in the current scope
[INFO] [stdout]   --> src/main.rs:50:33
[INFO] [stdout]    |
[INFO] [stdout] 50 |         let mut file_in = File::from_raw_handle((&mut stdin as *mut HANDLE).cast::<_>());
[INFO] [stdout]    |                                 ^^^^^^^^^^^^^^^ function or associated item not found in `File`
[INFO] [stdout] 
[INFO] [stdout] 
[INFO] [stdout] error[E0599]: no function or associated item named `from_raw_handle` found for struct `File` in the current scope
[INFO] [stdout]   --> src/main.rs:51:34
[INFO] [stdout]    |
[INFO] [stdout] 51 |         let mut file_out = File::from_raw_handle((&mut stdout as *mut HANDLE).cast::<_>());
[INFO] [stdout]    |                                  ^^^^^^^^^^^^^^^ function or associated item not found in `File`
[INFO] [stdout] 
[INFO] [stdout] 
[INFO] [stdout] warning: unused import: `std::io::Read`
[INFO] [stdout]  --> src/main.rs:5:5
[INFO] [stdout]   |
[INFO] [stdout] 5 | use std::io::Read;
[INFO] [stdout]   |     ^^^^^^^^^^^^^
[INFO] [stdout]   |
[INFO] [stdout]   = note: `#[warn(unused_imports)]` on by default
[INFO] [stdout] 
[INFO] [stdout] 
[INFO] [stdout] error: aborting due to 4 previous errors; 1 warning emitted
[INFO] [stdout] 
[INFO] [stdout] 
[INFO] [stdout] Some errors have detailed explanations: E0433, E0599.
[INFO] [stdout] 
[INFO] [stdout] For more information about an error, try `rustc --explain E0433`.
[INFO] [stdout] 
[INFO] [stderr] error: could not compile `win-rs` due to 5 previous errors; 1 warning emitted
[INFO] [stderr] warning: build failed, waiting for other jobs to finish...
[INFO] [stdout] warning: unused import: `std::io::Read`
[INFO] [stdout]  --> src/main.rs:5:5
[INFO] [stdout]   |
[INFO] [stdout] 5 | use std::io::Read;
[INFO] [stdout]   |     ^^^^^^^^^^^^^
[INFO] [stdout]   |
[INFO] [stdout]   = note: `#[warn(unused_imports)]` on by default
[INFO] [stdout] 
[INFO] [stdout] 
[INFO] [stdout] error: aborting due to 4 previous errors; 1 warning emitted
[INFO] [stdout] 
[INFO] [stdout] 
[INFO] [stdout] Some errors have detailed explanations: E0433, E0599.
[INFO] [stdout] 
[INFO] [stdout] For more information about an error, try `rustc --explain E0433`.
[INFO] [stdout] 
[INFO] [stderr] error: build failed
[INFO] running `Command { std: "docker" "inspect" "4bf81dc83b404a817598fc347baf37af9bc88842c6a5bbff34c8ce54a37f5028", kill_on_drop: false }`
[INFO] running `Command { std: "docker" "rm" "-f" "4bf81dc83b404a817598fc347baf37af9bc88842c6a5bbff34c8ce54a37f5028", kill_on_drop: false }`
[INFO] [stdout] 4bf81dc83b404a817598fc347baf37af9bc88842c6a5bbff34c8ce54a37f5028
