[INFO] cloning repository https://github.com/iRaiko/hidtest
[INFO] running `Command { std: "git" "-c" "credential.helper=" "-c" "credential.helper=/workspace/cargo-home/bin/git-credential-null" "clone" "--bare" "https://github.com/iRaiko/hidtest" "/workspace/cache/git-repos/https%3A%2F%2Fgithub.com%2FiRaiko%2Fhidtest", kill_on_drop: false }`
[INFO] [stderr] Cloning into bare repository '/workspace/cache/git-repos/https%3A%2F%2Fgithub.com%2FiRaiko%2Fhidtest'...
[INFO] running `Command { std: "git" "rev-parse" "HEAD", kill_on_drop: false }`
[INFO] [stdout] d7ffb93b91a3a1e36415cba8906e1d0b0f2d792a
[INFO] checking iRaiko/hidtest against 1.55.0 for beta-1.56-3
[INFO] running `Command { std: "git" "clone" "/workspace/cache/git-repos/https%3A%2F%2Fgithub.com%2FiRaiko%2Fhidtest" "/workspace/builds/worker-7/source", kill_on_drop: false }`
[INFO] [stderr] Cloning into '/workspace/builds/worker-7/source'...
[INFO] [stderr] done.
[INFO] validating manifest of git repo https://github.com/iRaiko/hidtest on toolchain 1.55.0
[INFO] running `Command { std: "/workspace/cargo-home/bin/cargo" "+1.55.0" "metadata" "--manifest-path" "Cargo.toml" "--no-deps", kill_on_drop: false }`
[INFO] started tweaking git repo https://github.com/iRaiko/hidtest
[INFO] finished tweaking git repo https://github.com/iRaiko/hidtest
[INFO] tweaked toml for git repo https://github.com/iRaiko/hidtest written to /workspace/builds/worker-7/source/Cargo.toml
[INFO] crate git repo https://github.com/iRaiko/hidtest already has a lockfile, it will not be regenerated
[INFO] running `Command { std: "/workspace/cargo-home/bin/cargo" "+1.55.0" "fetch" "--manifest-path" "Cargo.toml", kill_on_drop: false }`
[INFO] running `Command { std: "docker" "create" "-v" "/var/lib/crater-agent-workspace/builds/worker-7/target:/opt/rustwide/target:rw,Z" "-v" "/var/lib/crater-agent-workspace/builds/worker-7/source:/opt/rustwide/workdir:ro,Z" "-v" "/var/lib/crater-agent-workspace/cargo-home:/opt/rustwide/cargo-home:ro,Z" "-v" "/var/lib/crater-agent-workspace/rustup-home:/opt/rustwide/rustup-home:ro,Z" "-e" "SOURCE_DIR=/opt/rustwide/workdir" "-e" "CARGO_TARGET_DIR=/opt/rustwide/target" "-e" "CARGO_HOME=/opt/rustwide/cargo-home" "-e" "RUSTUP_HOME=/opt/rustwide/rustup-home" "-w" "/opt/rustwide/workdir" "-m" "1610612736" "--user" "0:0" "--network" "none" "ghcr.io/rust-lang/crates-build-env/linux@sha256:a89201d6b5b9fd45c15d5952ece0a0129e7e80cb26ec023fd59cf09bc26f1604" "/opt/rustwide/cargo-home/bin/cargo" "+1.55.0" "metadata" "--no-deps" "--format-version=1", kill_on_drop: false }`
[INFO] [stdout] c19c640288bdbe1389d64283c5e7d27c627b13e216aa3430fee941657f06d171
[INFO] [stderr] WARNING: Your kernel does not support swap limit capabilities or the cgroup is not mounted. Memory limited without swap.
[INFO] running `Command { std: "docker" "start" "-a" "c19c640288bdbe1389d64283c5e7d27c627b13e216aa3430fee941657f06d171", kill_on_drop: false }`
[INFO] running `Command { std: "docker" "inspect" "c19c640288bdbe1389d64283c5e7d27c627b13e216aa3430fee941657f06d171", kill_on_drop: false }`
[INFO] running `Command { std: "docker" "rm" "-f" "c19c640288bdbe1389d64283c5e7d27c627b13e216aa3430fee941657f06d171", kill_on_drop: false }`
[INFO] [stdout] c19c640288bdbe1389d64283c5e7d27c627b13e216aa3430fee941657f06d171
[INFO] running `Command { std: "docker" "create" "-v" "/var/lib/crater-agent-workspace/builds/worker-7/target:/opt/rustwide/target:rw,Z" "-v" "/var/lib/crater-agent-workspace/builds/worker-7/source:/opt/rustwide/workdir:ro,Z" "-v" "/var/lib/crater-agent-workspace/cargo-home:/opt/rustwide/cargo-home:ro,Z" "-v" "/var/lib/crater-agent-workspace/rustup-home:/opt/rustwide/rustup-home:ro,Z" "-e" "SOURCE_DIR=/opt/rustwide/workdir" "-e" "CARGO_TARGET_DIR=/opt/rustwide/target" "-e" "CARGO_INCREMENTAL=0" "-e" "RUST_BACKTRACE=full" "-e" "RUSTFLAGS=--cap-lints=warn" "-e" "CARGO_HOME=/opt/rustwide/cargo-home" "-e" "RUSTUP_HOME=/opt/rustwide/rustup-home" "-w" "/opt/rustwide/workdir" "-m" "1610612736" "--user" "0:0" "--network" "none" "ghcr.io/rust-lang/crates-build-env/linux@sha256:a89201d6b5b9fd45c15d5952ece0a0129e7e80cb26ec023fd59cf09bc26f1604" "/opt/rustwide/cargo-home/bin/cargo" "+1.55.0" "check" "--frozen" "--all" "--all-targets" "--message-format=json", kill_on_drop: false }`
[INFO] [stdout] 878cdd57ce0cee3e665f7d4c0fdb734f567211ed107c1493b247d0e5b4c55c63
[INFO] [stderr] WARNING: Your kernel does not support swap limit capabilities or the cgroup is not mounted. Memory limited without swap.
[INFO] running `Command { std: "docker" "start" "-a" "878cdd57ce0cee3e665f7d4c0fdb734f567211ed107c1493b247d0e5b4c55c63", kill_on_drop: false }`
[INFO] [stderr]     Checking hidtest v0.1.0 (/opt/rustwide/workdir)
[INFO] [stdout] error[E0433]: failed to resolve: could not find `windows` in `os`
[INFO] [stdout]   --> src/main.rs:39:14
[INFO] [stdout]    |
[INFO] [stdout] 39 | use std::os::windows::ffi::OsStrExt;
[INFO] [stdout]    |              ^^^^^^^ could not find `windows` in `os`
[INFO] [stdout] 
[INFO] [stdout] 
[INFO] [stdout] error[E0433]: failed to resolve: could not find `windows` in `os`
[INFO] [stdout]   --> src/main.rs:39:14
[INFO] [stdout]    |
[INFO] [stdout] 39 | use std::os::windows::ffi::OsStrExt;
[INFO] [stdout]    |              ^^^^^^^ could not find `windows` in `os`
[INFO] [stdout] 
[INFO] [stdout] 
[INFO] [stdout] error[E0308]: mismatched types
[INFO] [stdout]    --> src/main.rs:518:34
[INFO] [stdout]     |
[INFO] [stdout] 518 |     let p_max_data: *const u32 = &max_data;
[INFO] [stdout]     |                     ----------   ^^^^^^^^^ expected `u32`, found `u64`
[INFO] [stdout]     |                     |
[INFO] [stdout]     |                     expected due to this
[INFO] [stdout]     |
[INFO] [stdout]     = note: expected raw pointer `*const u32`
[INFO] [stdout]                  found reference `&u64`
[INFO] [stdout] 
[INFO] [stdout] 
[INFO] [stdout] error[E0308]: mismatched types
[INFO] [stdout]    --> src/main.rs:518:34
[INFO] [stdout]     |
[INFO] [stdout] 518 |     let p_max_data: *const u32 = &max_data;
[INFO] [stdout]     |                     ----------   ^^^^^^^^^ expected `u32`, found `u64`
[INFO] [stdout]     |                     |
[INFO] [stdout]     |                     expected due to this
[INFO] [stdout]     |
[INFO] [stdout]     = note: expected raw pointer `*const u32`
[INFO] [stdout]                  found reference `&u64`
[INFO] [stdout] 
[INFO] [stdout] 
[INFO] [stdout] error[E0599]: no method named `encode_wide` found for reference `&OsStr` in the current scope
[INFO] [stdout]    --> src/main.rs:530:10
[INFO] [stdout]     |
[INFO] [stdout] 530 |         .encode_wide()
[INFO] [stdout]     |          ^^^^^^^^^^^ method not found in `&OsStr`
[INFO] [stdout] 
[INFO] [stdout] 
[INFO] [stdout] error: aborting due to 3 previous errors
[INFO] [stdout] 
[INFO] [stdout] 
[INFO] [stdout] Some errors have detailed explanations: E0308, E0433, E0599.
[INFO] [stdout] 
[INFO] [stdout] For more information about an error, try `rustc --explain E0308`.
[INFO] [stdout] 
[INFO] [stdout] error[E0599]: no method named `encode_wide` found for reference `&OsStr` in the current scope
[INFO] [stdout]    --> src/main.rs:530:10
[INFO] [stdout]     |
[INFO] [stdout] 530 |         .encode_wide()
[INFO] [stdout]     |          ^^^^^^^^^^^ method not found in `&OsStr`
[INFO] [stdout] 
[INFO] [stdout] 
[INFO] [stderr] error: could not compile `hidtest` due to 4 previous errors
[INFO] [stderr] warning: build failed, waiting for other jobs to finish...
[INFO] [stdout] error: aborting due to 3 previous errors
[INFO] [stdout] 
[INFO] [stdout] 
[INFO] [stdout] Some errors have detailed explanations: E0308, E0433, E0599.
[INFO] [stdout] 
[INFO] [stdout] For more information about an error, try `rustc --explain E0308`.
[INFO] [stdout] 
[INFO] [stderr] error: build failed
[INFO] running `Command { std: "docker" "inspect" "878cdd57ce0cee3e665f7d4c0fdb734f567211ed107c1493b247d0e5b4c55c63", kill_on_drop: false }`
[INFO] running `Command { std: "docker" "rm" "-f" "878cdd57ce0cee3e665f7d4c0fdb734f567211ed107c1493b247d0e5b4c55c63", kill_on_drop: false }`
[INFO] [stdout] 878cdd57ce0cee3e665f7d4c0fdb734f567211ed107c1493b247d0e5b4c55c63
