[INFO] cloning repository https://github.com/iKakProsto2/storage_max_loader
[INFO] running `Command { std: "git" "-c" "credential.helper=" "-c" "credential.helper=/workspace/cargo-home/bin/git-credential-null" "clone" "--bare" "https://github.com/iKakProsto2/storage_max_loader" "/workspace/cache/git-repos/https%3A%2F%2Fgithub.com%2FiKakProsto2%2Fstorage_max_loader", kill_on_drop: false }`
[INFO] [stderr] Cloning into bare repository '/workspace/cache/git-repos/https%3A%2F%2Fgithub.com%2FiKakProsto2%2Fstorage_max_loader'...
[INFO] running `Command { std: "git" "rev-parse" "HEAD", kill_on_drop: false }`
[INFO] [stdout] 6b30ae0b685f0589dc2a76fdd39fdde536468096
[INFO] checking iKakProsto2/storage_max_loader against 1.55.0 for beta-1.56-3
[INFO] running `Command { std: "git" "clone" "/workspace/cache/git-repos/https%3A%2F%2Fgithub.com%2FiKakProsto2%2Fstorage_max_loader" "/workspace/builds/worker-2/source", kill_on_drop: false }`
[INFO] [stderr] Cloning into '/workspace/builds/worker-2/source'...
[INFO] [stderr] done.
[INFO] validating manifest of git repo https://github.com/iKakProsto2/storage_max_loader on toolchain 1.55.0
[INFO] running `Command { std: "/workspace/cargo-home/bin/cargo" "+1.55.0" "metadata" "--manifest-path" "Cargo.toml" "--no-deps", kill_on_drop: false }`
[INFO] started tweaking git repo https://github.com/iKakProsto2/storage_max_loader
[INFO] finished tweaking git repo https://github.com/iKakProsto2/storage_max_loader
[INFO] tweaked toml for git repo https://github.com/iKakProsto2/storage_max_loader written to /workspace/builds/worker-2/source/Cargo.toml
[INFO] crate git repo https://github.com/iKakProsto2/storage_max_loader already has a lockfile, it will not be regenerated
[INFO] running `Command { std: "/workspace/cargo-home/bin/cargo" "+1.55.0" "fetch" "--manifest-path" "Cargo.toml", kill_on_drop: false }`
[INFO] running `Command { std: "docker" "create" "-v" "/var/lib/crater-agent-workspace/builds/worker-2/target:/opt/rustwide/target:rw,Z" "-v" "/var/lib/crater-agent-workspace/builds/worker-2/source:/opt/rustwide/workdir:ro,Z" "-v" "/var/lib/crater-agent-workspace/cargo-home:/opt/rustwide/cargo-home:ro,Z" "-v" "/var/lib/crater-agent-workspace/rustup-home:/opt/rustwide/rustup-home:ro,Z" "-e" "SOURCE_DIR=/opt/rustwide/workdir" "-e" "CARGO_TARGET_DIR=/opt/rustwide/target" "-e" "CARGO_HOME=/opt/rustwide/cargo-home" "-e" "RUSTUP_HOME=/opt/rustwide/rustup-home" "-w" "/opt/rustwide/workdir" "-m" "1610612736" "--user" "0:0" "--network" "none" "ghcr.io/rust-lang/crates-build-env/linux@sha256:a89201d6b5b9fd45c15d5952ece0a0129e7e80cb26ec023fd59cf09bc26f1604" "/opt/rustwide/cargo-home/bin/cargo" "+1.55.0" "metadata" "--no-deps" "--format-version=1", kill_on_drop: false }`
[INFO] [stderr] WARNING: Your kernel does not support swap limit capabilities or the cgroup is not mounted. Memory limited without swap.
[INFO] [stdout] 1ca3901c350f3c2624c4c8e091b75f74982c8ff2b95811d3ec66947d916aad05
[INFO] running `Command { std: "docker" "start" "-a" "1ca3901c350f3c2624c4c8e091b75f74982c8ff2b95811d3ec66947d916aad05", kill_on_drop: false }`
[INFO] running `Command { std: "docker" "inspect" "1ca3901c350f3c2624c4c8e091b75f74982c8ff2b95811d3ec66947d916aad05", kill_on_drop: false }`
[INFO] running `Command { std: "docker" "rm" "-f" "1ca3901c350f3c2624c4c8e091b75f74982c8ff2b95811d3ec66947d916aad05", kill_on_drop: false }`
[INFO] [stdout] 1ca3901c350f3c2624c4c8e091b75f74982c8ff2b95811d3ec66947d916aad05
[INFO] running `Command { std: "docker" "create" "-v" "/var/lib/crater-agent-workspace/builds/worker-2/target:/opt/rustwide/target:rw,Z" "-v" "/var/lib/crater-agent-workspace/builds/worker-2/source:/opt/rustwide/workdir:ro,Z" "-v" "/var/lib/crater-agent-workspace/cargo-home:/opt/rustwide/cargo-home:ro,Z" "-v" "/var/lib/crater-agent-workspace/rustup-home:/opt/rustwide/rustup-home:ro,Z" "-e" "SOURCE_DIR=/opt/rustwide/workdir" "-e" "CARGO_TARGET_DIR=/opt/rustwide/target" "-e" "CARGO_INCREMENTAL=0" "-e" "RUST_BACKTRACE=full" "-e" "RUSTFLAGS=--cap-lints=warn" "-e" "CARGO_HOME=/opt/rustwide/cargo-home" "-e" "RUSTUP_HOME=/opt/rustwide/rustup-home" "-w" "/opt/rustwide/workdir" "-m" "1610612736" "--user" "0:0" "--network" "none" "ghcr.io/rust-lang/crates-build-env/linux@sha256:a89201d6b5b9fd45c15d5952ece0a0129e7e80cb26ec023fd59cf09bc26f1604" "/opt/rustwide/cargo-home/bin/cargo" "+1.55.0" "check" "--frozen" "--all" "--all-targets" "--message-format=json", kill_on_drop: false }`
[INFO] [stdout] 5add7c010d7d8380d0da4c7b9f6c63628317a6d7fbe606c77a8508099615b3fe
[INFO] [stderr] WARNING: Your kernel does not support swap limit capabilities or the cgroup is not mounted. Memory limited without swap.
[INFO] running `Command { std: "docker" "start" "-a" "5add7c010d7d8380d0da4c7b9f6c63628317a6d7fbe606c77a8508099615b3fe", kill_on_drop: false }`
[INFO] [stderr]    Compiling libc v0.2.84
[INFO] [stderr]    Compiling winapi v0.3.9
[INFO] [stderr]     Checking dirs-sys v0.3.5
[INFO] [stderr]     Checking time v0.1.44
[INFO] [stderr]     Checking dirs v3.0.1
[INFO] [stderr]     Checking chrono v0.4.19
[INFO] [stderr]     Checking storage_max_loader v0.1.5 (/opt/rustwide/workdir)
[INFO] [stdout] error[E0433]: failed to resolve: could not find `um` in `winapi`
[INFO] [stdout]   --> src/main.rs:10:13
[INFO] [stdout]    |
[INFO] [stdout] 10 | use winapi::um::fileapi::{GetDiskFreeSpaceA, GetLogicalDrives};
[INFO] [stdout]    |             ^^ could not find `um` in `winapi`
[INFO] [stdout] 
[INFO] [stdout] 
[INFO] [stdout] error[E0433]: failed to resolve: could not find `um` in `winapi`
[INFO] [stdout]   --> src/main.rs:10:13
[INFO] [stdout]    |
[INFO] [stdout] 10 | use winapi::um::fileapi::{GetDiskFreeSpaceA, GetLogicalDrives};
[INFO] [stdout]    |             ^^ could not find `um` in `winapi`
[INFO] [stdout] 
[INFO] [stdout] 
[INFO] [stdout] error[E0425]: cannot find function, tuple struct or tuple variant `GetLogicalDrives` in this scope
[INFO] [stdout]   --> src/main.rs:25:26
[INFO] [stdout]    |
[INFO] [stdout] 25 |     let mut f = unsafe { GetLogicalDrives() };
[INFO] [stdout]    |                          ^^^^^^^^^^^^^^^^ not found in this scope
[INFO] [stdout] 
[INFO] [stdout] 
[INFO] [stdout] error[E0425]: cannot find function, tuple struct or tuple variant `GetDiskFreeSpaceA` in this scope
[INFO] [stdout]   --> src/main.rs:68:9
[INFO] [stdout]    |
[INFO] [stdout] 68 |         GetDiskFreeSpaceA(
[INFO] [stdout]    |         ^^^^^^^^^^^^^^^^^ not found in this scope
[INFO] [stdout] 
[INFO] [stdout] 
[INFO] [stdout] error[E0425]: cannot find function, tuple struct or tuple variant `GetLogicalDrives` in this scope
[INFO] [stdout]   --> src/main.rs:25:26
[INFO] [stdout]    |
[INFO] [stdout] 25 |     let mut f = unsafe { GetLogicalDrives() };
[INFO] [stdout]    |                          ^^^^^^^^^^^^^^^^ not found in this scope
[INFO] [stdout] 
[INFO] [stdout] 
[INFO] [stdout] error[E0425]: cannot find function, tuple struct or tuple variant `GetDiskFreeSpaceA` in this scope
[INFO] [stdout]   --> src/main.rs:68:9
[INFO] [stdout]    |
[INFO] [stdout] 68 |         GetDiskFreeSpaceA(
[INFO] [stdout]    |         ^^^^^^^^^^^^^^^^^ not found in this scope
[INFO] [stdout] 
[INFO] [stdout] 
[INFO] [stdout] error: aborting due to 3 previous errors
[INFO] [stdout] 
[INFO] [stdout] 
[INFO] [stdout] Some errors have detailed explanations: E0425, E0433.
[INFO] [stdout] 
[INFO] [stdout] For more information about an error, try `rustc --explain E0425`.
[INFO] [stdout] 
[INFO] [stderr] error: could not compile `storage_max_loader` due to 4 previous errors
[INFO] [stderr] warning: build failed, waiting for other jobs to finish...
[INFO] [stdout] error: aborting due to 3 previous errors
[INFO] [stdout] 
[INFO] [stdout] 
[INFO] [stdout] Some errors have detailed explanations: E0425, E0433.
[INFO] [stdout] 
[INFO] [stdout] For more information about an error, try `rustc --explain E0425`.
[INFO] [stdout] 
[INFO] [stderr] error: build failed
[INFO] running `Command { std: "docker" "inspect" "5add7c010d7d8380d0da4c7b9f6c63628317a6d7fbe606c77a8508099615b3fe", kill_on_drop: false }`
[INFO] running `Command { std: "docker" "rm" "-f" "5add7c010d7d8380d0da4c7b9f6c63628317a6d7fbe606c77a8508099615b3fe", kill_on_drop: false }`
[INFO] [stdout] 5add7c010d7d8380d0da4c7b9f6c63628317a6d7fbe606c77a8508099615b3fe
