[INFO] cloning repository https://github.com/hsoft/webypass
[INFO] running `Command { std: "git" "-c" "credential.helper=" "-c" "credential.helper=/workspace/cargo-home/bin/git-credential-null" "clone" "--bare" "https://github.com/hsoft/webypass" "/workspace/cache/git-repos/https%3A%2F%2Fgithub.com%2Fhsoft%2Fwebypass", kill_on_drop: false }`
[INFO] [stderr] Cloning into bare repository '/workspace/cache/git-repos/https%3A%2F%2Fgithub.com%2Fhsoft%2Fwebypass'...
[INFO] running `Command { std: "git" "rev-parse" "HEAD", kill_on_drop: false }`
[INFO] [stdout] d20e127da5c1ce60b6e5b75d5db6c902cd2b66da
[INFO] checking hsoft/webypass against 1.55.0 for beta-1.56-3
[INFO] running `Command { std: "git" "clone" "/workspace/cache/git-repos/https%3A%2F%2Fgithub.com%2Fhsoft%2Fwebypass" "/workspace/builds/worker-96/source", kill_on_drop: false }`
[INFO] [stderr] Cloning into '/workspace/builds/worker-96/source'...
[INFO] [stderr] done.
[INFO] validating manifest of git repo https://github.com/hsoft/webypass on toolchain 1.55.0
[INFO] running `Command { std: "/workspace/cargo-home/bin/cargo" "+1.55.0" "metadata" "--manifest-path" "Cargo.toml" "--no-deps", kill_on_drop: false }`
[INFO] started tweaking git repo https://github.com/hsoft/webypass
[INFO] finished tweaking git repo https://github.com/hsoft/webypass
[INFO] tweaked toml for git repo https://github.com/hsoft/webypass written to /workspace/builds/worker-96/source/Cargo.toml
[INFO] crate git repo https://github.com/hsoft/webypass already has a lockfile, it will not be regenerated
[INFO] running `Command { std: "/workspace/cargo-home/bin/cargo" "+1.55.0" "fetch" "--manifest-path" "Cargo.toml", kill_on_drop: false }`
[INFO] [stderr]     Blocking waiting for file lock on package cache
[INFO] [stderr]     Blocking waiting for file lock on package cache
[INFO] [stderr]  Downloading crates ...
[INFO] [stderr]   Downloaded fnv v1.0.2
[INFO] [stderr]   Downloaded phf_generator v0.7.15
[INFO] [stderr]   Downloaded thread_local v0.2.6
[INFO] [stderr]   Downloaded encoding v0.2.32
[INFO] [stderr]   Downloaded futf v0.1.2
[INFO] [stderr]   Downloaded openssl-sys-extras v0.7.13
[INFO] [stderr]   Downloaded gcc v0.3.28
[INFO] [stderr]   Downloaded openssl-sys v0.7.13
[INFO] [stderr]   Downloaded phf_codegen v0.7.15
[INFO] [stderr]   Downloaded mac v0.0.2
[INFO] [stderr]   Downloaded regex-syntax v0.3.3
[INFO] [stderr]   Downloaded tendril v0.2.2
[INFO] [stderr]   Downloaded html5ever v0.5.4
[INFO] [stderr]   Downloaded rc v0.1.1
[INFO] [stderr]   Downloaded openssl v0.7.13
[INFO] [stderr]   Downloaded serde v0.7.10
[INFO] [stderr]   Downloaded selectors v0.5.9
[INFO] [stderr]   Downloaded regex v0.1.71
[INFO] [stderr]   Downloaded pulldown-cmark v0.0.3
[INFO] [stderr]   Downloaded skeptic v0.4.0
[INFO] [stderr]   Downloaded liquid v0.8.2
[INFO] [stderr]   Downloaded quickersort v2.0.1
[INFO] [stderr]   Downloaded kuchiki v0.3.2
[INFO] [stderr]   Downloaded string_cache v0.2.18
[INFO] [stderr]   Downloaded cssparser v0.5.6
[INFO] running `Command { std: "docker" "create" "-v" "/var/lib/crater-agent-workspace/builds/worker-96/target:/opt/rustwide/target:rw,Z" "-v" "/var/lib/crater-agent-workspace/builds/worker-96/source:/opt/rustwide/workdir:ro,Z" "-v" "/var/lib/crater-agent-workspace/cargo-home:/opt/rustwide/cargo-home:ro,Z" "-v" "/var/lib/crater-agent-workspace/rustup-home:/opt/rustwide/rustup-home:ro,Z" "-e" "SOURCE_DIR=/opt/rustwide/workdir" "-e" "CARGO_TARGET_DIR=/opt/rustwide/target" "-e" "CARGO_HOME=/opt/rustwide/cargo-home" "-e" "RUSTUP_HOME=/opt/rustwide/rustup-home" "-w" "/opt/rustwide/workdir" "-m" "1610612736" "--user" "0:0" "--network" "none" "ghcr.io/rust-lang/crates-build-env/linux@sha256:a89201d6b5b9fd45c15d5952ece0a0129e7e80cb26ec023fd59cf09bc26f1604" "/opt/rustwide/cargo-home/bin/cargo" "+1.55.0" "metadata" "--no-deps" "--format-version=1", kill_on_drop: false }`
[INFO] [stdout] 92c29939e2611698cf31e632a535328614868e7985fe402cbcce6368c75a6ef8
[INFO] running `Command { std: "docker" "start" "-a" "92c29939e2611698cf31e632a535328614868e7985fe402cbcce6368c75a6ef8", kill_on_drop: false }`
[INFO] running `Command { std: "docker" "inspect" "92c29939e2611698cf31e632a535328614868e7985fe402cbcce6368c75a6ef8", kill_on_drop: false }`
[INFO] running `Command { std: "docker" "rm" "-f" "92c29939e2611698cf31e632a535328614868e7985fe402cbcce6368c75a6ef8", kill_on_drop: false }`
[INFO] [stdout] 92c29939e2611698cf31e632a535328614868e7985fe402cbcce6368c75a6ef8
[INFO] running `Command { std: "docker" "create" "-v" "/var/lib/crater-agent-workspace/builds/worker-96/target:/opt/rustwide/target:rw,Z" "-v" "/var/lib/crater-agent-workspace/builds/worker-96/source:/opt/rustwide/workdir:ro,Z" "-v" "/var/lib/crater-agent-workspace/cargo-home:/opt/rustwide/cargo-home:ro,Z" "-v" "/var/lib/crater-agent-workspace/rustup-home:/opt/rustwide/rustup-home:ro,Z" "-e" "SOURCE_DIR=/opt/rustwide/workdir" "-e" "CARGO_TARGET_DIR=/opt/rustwide/target" "-e" "CARGO_INCREMENTAL=0" "-e" "RUST_BACKTRACE=full" "-e" "RUSTFLAGS=--cap-lints=warn" "-e" "CARGO_HOME=/opt/rustwide/cargo-home" "-e" "RUSTUP_HOME=/opt/rustwide/rustup-home" "-w" "/opt/rustwide/workdir" "-m" "1610612736" "--user" "0:0" "--network" "none" "ghcr.io/rust-lang/crates-build-env/linux@sha256:a89201d6b5b9fd45c15d5952ece0a0129e7e80cb26ec023fd59cf09bc26f1604" "/opt/rustwide/cargo-home/bin/cargo" "+1.55.0" "check" "--frozen" "--all" "--all-targets" "--message-format=json", kill_on_drop: false }`
[INFO] [stdout] 1eef0c41148065a3850949f36a2ec489ea39d3d42412f59636b893019d087ed2
[INFO] running `Command { std: "docker" "start" "-a" "1eef0c41148065a3850949f36a2ec489ea39d3d42412f59636b893019d087ed2", kill_on_drop: false }`
[INFO] [stderr]     Blocking waiting for file lock on package cache
[INFO] [stderr]     Checking libc v0.2.12
[INFO] [stderr]    Compiling winapi-build v0.1.1
[INFO] [stderr]     Checking encoding_index_tests v0.1.4
[INFO] [stderr]     Checking matches v0.1.2
[INFO] [stderr]    Compiling phf_shared v0.7.15
[INFO] [stderr]     Checking winapi v0.2.7
[INFO] [stderr]    Compiling pkg-config v0.3.8
[INFO] [stderr]    Compiling gcc v0.3.28
[INFO] [stderr]     Checking lazy_static v0.2.1
[INFO] [stderr]     Checking bitflags v0.7.0
[INFO] [stderr]     Checking log v0.3.6
[INFO] [stderr]    Compiling semver v0.1.20
[INFO] [stderr]    Compiling getopts v0.2.14
[INFO] [stderr]    Compiling rustc-serialize v0.3.19
[INFO] [stderr]     Checking unicode-normalization v0.1.2
[INFO] [stderr]     Checking mac v0.0.2
[INFO] [stderr]     Checking serde v0.7.10
[INFO] [stderr]     Checking num-traits v0.1.32
[INFO] [stderr]     Checking utf8-ranges v0.1.3
[INFO] [stderr]     Checking smallvec v0.1.8
[INFO] [stderr]     Checking regex-syntax v0.3.3
[INFO] [stderr]     Checking fnv v1.0.2
[INFO] [stderr]     Checking rc v0.1.1
[INFO] [stderr]     Checking lazy_static v0.1.16
[INFO] [stderr]     Checking typeable v0.1.2
[INFO] [stderr]     Checking traitobject v0.0.1
[INFO] [stderr]     Checking language-tags v0.2.2
[INFO] [stderr]     Checking httparse v1.1.2
[INFO] [stderr]     Checking unreachable v0.1.1
[INFO] [stderr]     Checking encoding-index-korean v1.20141219.5
[INFO] [stderr]     Checking encoding-index-simpchinese v1.20141219.5
[INFO] [stderr]     Checking encoding-index-singlebyte v1.20141219.5
[INFO] [stderr]     Checking encoding-index-tradchinese v1.20141219.5
[INFO] [stderr]     Checking encoding-index-japanese v1.20141219.5
[INFO] [stderr]     Checking unicode-bidi v0.2.3
[INFO] [stderr]     Checking utf-8 v0.6.0
[INFO] [stderr]     Checking phf v0.7.15
[INFO] [stdout] error[E0642]: patterns aren't allowed in functions without bodies
[INFO] [stdout]    --> /opt/rustwide/cargo-home/registry/src/github.com-1ecc6299db9ec823/rustc-serialize-0.3.19/src/serialize.rs:147:45
[INFO] [stdout]     |
[INFO] [stdout] 147 | ...                   &f_name: &str,
[INFO] [stdout]     |                       ^^^^^^^ pattern not allowed in function without body
[INFO] [stdout] 
[INFO] [stdout] 
[INFO] [stderr]     Checking debug_unreachable v0.1.1
[INFO] [stderr]     Checking hpack v0.2.0
[INFO] [stderr]     Checking mime v0.2.1
[INFO] [stderr]    Compiling kernel32-sys v0.2.2
[INFO] [stdout] error[E0642]: patterns aren't allowed in functions without bodies
[INFO] [stdout]    --> /opt/rustwide/cargo-home/registry/src/github.com-1ecc6299db9ec823/rustc-serialize-0.3.19/src/serialize.rs:147:45
[INFO] [stdout]     |
[INFO] [stdout] 147 | ...                   &f_name: &str,
[INFO] [stdout]     |                       ^^^^^^^ pattern not allowed in function without body
[INFO] [stdout] 
[INFO] [stdout] 
[INFO] [stdout] error[E0503]: cannot use `state` because it was mutably borrowed
[INFO] [stdout]     --> /opt/rustwide/cargo-home/registry/src/github.com-1ecc6299db9ec823/getopts-0.2.14/src/lib.rs:1008:33
[INFO] [stdout]      |
[INFO] [stdout] 955  |     let mut machine = |cont: &mut bool, (i, c): (usize, char)| {
[INFO] [stdout]      |                       ---------------------------------------- borrow of `state` occurs here
[INFO] [stdout] ...
[INFO] [stdout] 959  |         state = match (state, whitespace, limit) {
[INFO] [stdout]      |         ----- borrow occurs due to use of `state` in closure
[INFO] [stdout] ...
[INFO] [stdout] 1008 |     while cont && match state { B | C => true, A => false } {
[INFO] [stdout]      |                                 ^ use of borrowed `state`
[INFO] [stdout] 1009 |         machine(&mut cont, (fake_i, ' '));
[INFO] [stdout]      |         ------- borrow later used here
[INFO] [stdout] 
[INFO] [stdout] 
[INFO] [stdout] error: aborting due to previous error
[INFO] [stdout] 
[INFO] [stdout] 
[INFO] [stdout] For more information about this error, try `rustc --explain E0503`.
[INFO] [stdout] 
[INFO] [stderr] error: could not compile `getopts` due to 2 previous errors
[INFO] [stderr] warning: build failed, waiting for other jobs to finish...
[INFO] [stdout] error: aborting due to previous error
[INFO] [stdout] 
[INFO] [stdout] 
[INFO] [stdout] For more information about this error, try `rustc --explain E0642`.
[INFO] [stdout] 
[INFO] [stdout] error: aborting due to previous error
[INFO] [stdout] 
[INFO] [stdout] 
[INFO] [stdout] For more information about this error, try `rustc --explain E0642`.
[INFO] [stdout] 
[INFO] [stderr] error: build failed
[INFO] running `Command { std: "docker" "inspect" "1eef0c41148065a3850949f36a2ec489ea39d3d42412f59636b893019d087ed2", kill_on_drop: false }`
[INFO] running `Command { std: "docker" "rm" "-f" "1eef0c41148065a3850949f36a2ec489ea39d3d42412f59636b893019d087ed2", kill_on_drop: false }`
[INFO] [stdout] 1eef0c41148065a3850949f36a2ec489ea39d3d42412f59636b893019d087ed2
