[INFO] cloning repository https://github.com/horou-dsk/rust-test
[INFO] running `Command { std: "git" "-c" "credential.helper=" "-c" "credential.helper=/workspace/cargo-home/bin/git-credential-null" "clone" "--bare" "https://github.com/horou-dsk/rust-test" "/workspace/cache/git-repos/https%3A%2F%2Fgithub.com%2Fhorou-dsk%2Frust-test", kill_on_drop: false }`
[INFO] [stderr] Cloning into bare repository '/workspace/cache/git-repos/https%3A%2F%2Fgithub.com%2Fhorou-dsk%2Frust-test'...
[INFO] running `Command { std: "git" "rev-parse" "HEAD", kill_on_drop: false }`
[INFO] [stdout] 9c0d770d9e08f09e6eba5c55045ec9356a4cca49
[INFO] checking horou-dsk/rust-test against beta-2021-10-15 for beta-1.56-3
[INFO] running `Command { std: "git" "clone" "/workspace/cache/git-repos/https%3A%2F%2Fgithub.com%2Fhorou-dsk%2Frust-test" "/workspace/builds/worker-104/source", kill_on_drop: false }`
[INFO] [stderr] Cloning into '/workspace/builds/worker-104/source'...
[INFO] [stderr] done.
[INFO] validating manifest of git repo https://github.com/horou-dsk/rust-test on toolchain beta-2021-10-15
[INFO] running `Command { std: "/workspace/cargo-home/bin/cargo" "+beta-2021-10-15" "metadata" "--manifest-path" "Cargo.toml" "--no-deps", kill_on_drop: false }`
[INFO] started tweaking git repo https://github.com/horou-dsk/rust-test
[INFO] finished tweaking git repo https://github.com/horou-dsk/rust-test
[INFO] tweaked toml for git repo https://github.com/horou-dsk/rust-test written to /workspace/builds/worker-104/source/Cargo.toml
[INFO] crate git repo https://github.com/horou-dsk/rust-test already has a lockfile, it will not be regenerated
[INFO] running `Command { std: "/workspace/cargo-home/bin/cargo" "+beta-2021-10-15" "fetch" "--manifest-path" "Cargo.toml", kill_on_drop: false }`
[INFO] [stderr]     Blocking waiting for file lock on package cache
[INFO] [stderr]     Blocking waiting for file lock on package cache
[INFO] [stderr]  Downloading crates ...
[INFO] [stderr]   Downloaded tracing-core v0.1.11
[INFO] [stderr]   Downloaded tracing v0.1.17
[INFO] [stderr]   Downloaded websocket-base v0.26.2
[INFO] [stderr]   Downloaded websocket v0.26.2
[INFO] [stderr]   Downloaded openssl-src v111.10.2+1.1.1g
[INFO] running `Command { std: "docker" "create" "-v" "/var/lib/crater-agent-workspace/builds/worker-104/target:/opt/rustwide/target:rw,Z" "-v" "/var/lib/crater-agent-workspace/builds/worker-104/source:/opt/rustwide/workdir:ro,Z" "-v" "/var/lib/crater-agent-workspace/cargo-home:/opt/rustwide/cargo-home:ro,Z" "-v" "/var/lib/crater-agent-workspace/rustup-home:/opt/rustwide/rustup-home:ro,Z" "-e" "SOURCE_DIR=/opt/rustwide/workdir" "-e" "CARGO_TARGET_DIR=/opt/rustwide/target" "-e" "CARGO_HOME=/opt/rustwide/cargo-home" "-e" "RUSTUP_HOME=/opt/rustwide/rustup-home" "-w" "/opt/rustwide/workdir" "-m" "1610612736" "--user" "0:0" "--network" "none" "ghcr.io/rust-lang/crates-build-env/linux@sha256:a89201d6b5b9fd45c15d5952ece0a0129e7e80cb26ec023fd59cf09bc26f1604" "/opt/rustwide/cargo-home/bin/cargo" "+beta-2021-10-15" "metadata" "--no-deps" "--format-version=1", kill_on_drop: false }`
[INFO] [stdout] e548245beb30026bec32e3c23bb46a4a7e6bd28222846be8da6c7b152eab2b08
[INFO] running `Command { std: "docker" "start" "-a" "e548245beb30026bec32e3c23bb46a4a7e6bd28222846be8da6c7b152eab2b08", kill_on_drop: false }`
[INFO] running `Command { std: "docker" "inspect" "e548245beb30026bec32e3c23bb46a4a7e6bd28222846be8da6c7b152eab2b08", kill_on_drop: false }`
[INFO] running `Command { std: "docker" "rm" "-f" "e548245beb30026bec32e3c23bb46a4a7e6bd28222846be8da6c7b152eab2b08", kill_on_drop: false }`
[INFO] [stdout] e548245beb30026bec32e3c23bb46a4a7e6bd28222846be8da6c7b152eab2b08
[INFO] running `Command { std: "docker" "create" "-v" "/var/lib/crater-agent-workspace/builds/worker-104/target:/opt/rustwide/target:rw,Z" "-v" "/var/lib/crater-agent-workspace/builds/worker-104/source:/opt/rustwide/workdir:ro,Z" "-v" "/var/lib/crater-agent-workspace/cargo-home:/opt/rustwide/cargo-home:ro,Z" "-v" "/var/lib/crater-agent-workspace/rustup-home:/opt/rustwide/rustup-home:ro,Z" "-e" "SOURCE_DIR=/opt/rustwide/workdir" "-e" "CARGO_TARGET_DIR=/opt/rustwide/target" "-e" "CARGO_INCREMENTAL=0" "-e" "RUST_BACKTRACE=full" "-e" "RUSTFLAGS=--cap-lints=warn" "-e" "CARGO_HOME=/opt/rustwide/cargo-home" "-e" "RUSTUP_HOME=/opt/rustwide/rustup-home" "-w" "/opt/rustwide/workdir" "-m" "1610612736" "--user" "0:0" "--network" "none" "ghcr.io/rust-lang/crates-build-env/linux@sha256:a89201d6b5b9fd45c15d5952ece0a0129e7e80cb26ec023fd59cf09bc26f1604" "/opt/rustwide/cargo-home/bin/cargo" "+beta-2021-10-15" "check" "--frozen" "--all" "--all-targets" "--message-format=json", kill_on_drop: false }`
[INFO] [stdout] 7f6ac670f4a82cc88c4b8a3c2db5ef4348506168c1c2dd34120b41b6d8a03b28
[INFO] running `Command { std: "docker" "start" "-a" "7f6ac670f4a82cc88c4b8a3c2db5ef4348506168c1c2dd34120b41b6d8a03b28", kill_on_drop: false }`
[INFO] [stderr]     Blocking waiting for file lock on package cache
[INFO] [stderr]    Compiling libc v0.2.72
[INFO] [stderr]    Compiling log v0.4.11
[INFO] [stderr]    Compiling proc-macro2 v1.0.19
[INFO] [stderr]    Compiling syn v1.0.36
[INFO] [stderr]    Compiling cc v1.0.58
[INFO] [stderr]     Checking slab v0.4.2
[INFO] [stderr]    Compiling pkg-config v0.3.18
[INFO] [stderr]    Compiling semver-parser v0.7.0
[INFO] [stderr]     Checking rand_core v0.4.2
[INFO] [stderr]    Compiling autocfg v0.1.7
[INFO] [stderr]     Checking futures-core v0.3.5
[INFO] [stderr]     Checking futures v0.1.29
[INFO] [stderr]    Compiling openssl v0.10.30
[INFO] [stderr]     Checking bytes v0.5.6
[INFO] [stderr]    Compiling memchr v2.3.3
[INFO] [stderr]     Checking arc-swap v0.4.7
[INFO] [stderr]     Checking itoa v0.4.6
[INFO] [stderr]    Compiling pin-project-internal v0.4.23
[INFO] [stderr]     Checking pin-project-lite v0.1.7
[INFO] [stderr]    Compiling httparse v1.3.4
[INFO] [stderr]    Compiling version_check v0.1.5
[INFO] [stderr]     Checking futures-task v0.3.5
[INFO] [stderr]     Checking pin-utils v0.1.0
[INFO] [stderr]     Checking futures-sink v0.3.5
[INFO] [stderr]    Compiling serde v1.0.114
[INFO] [stderr]     Checking try-lock v0.2.3
[INFO] [stderr]    Compiling serde_json v1.0.57
[INFO] [stderr]     Checking tower-service v0.3.0
[INFO] [stderr]     Checking percent-encoding v1.0.1
[INFO] [stderr]     Checking safemem v0.3.3
[INFO] [stderr]    Compiling encoding_rs v0.8.23
[INFO] [stderr]     Checking language-tags v0.2.2
[INFO] [stderr]     Checking mime v0.3.16
[INFO] [stderr]     Checking traitobject v0.1.0
[INFO] [stderr]     Checking typeable v0.1.2
[INFO] [stderr]     Checking dtoa v0.4.6
[INFO] [stderr]     Checking ipnet v2.3.0
[INFO] [stderr]     Checking rustc-serialize v0.3.24
[INFO] [stderr]    Compiling hashbrown v0.8.1
[INFO] [stderr]    Compiling unicase v2.6.0
[INFO] [stderr]    Compiling crossbeam-utils v0.7.2
[INFO] [stderr]    Compiling indexmap v1.5.0
[INFO] [stderr]     Checking lock_api v0.3.4
[INFO] [stderr]     Checking tracing-core v0.1.11
[INFO] [stderr]     Checking idna v0.1.5
[INFO] [stderr]     Checking smallvec v0.6.13
[INFO] [stderr]     Checking base64 v0.10.1
[INFO] [stderr]     Checking url v2.1.1
[INFO] [stderr]     Checking sha-1 v0.8.2
[INFO] [stderr]    Compiling openssl-src v111.10.2+1.1.1g
[INFO] [stderr]    Compiling semver v0.9.0
[INFO] [stderr]     Checking futures-channel v0.3.5
[INFO] [stderr]     Checking base64 v0.9.3
[INFO] [stderr]    Compiling quote v1.0.7
[INFO] [stderr]     Checking rand_core v0.3.1
[INFO] [stderr]     Checking rand_jitter v0.1.4
[INFO] [stderr]     Checking rand_hc v0.1.0
[INFO] [stderr]     Checking rand_isaac v0.1.1
[INFO] [stderr]     Checking rand_xorshift v0.1.1
[INFO] [stderr]    Compiling unicase v1.4.2
[INFO] [stderr]    Compiling openssl-sys v0.9.58
[INFO] [stderr]     Checking http v0.2.1
[INFO] [stderr]     Checking url v1.7.2
[INFO] [stderr]    Compiling rand_chacha v0.1.1
[INFO] [stderr]    Compiling rand_pcg v0.1.2
[INFO] [stderr]    Compiling rand v0.6.5
[INFO] [stderr]     Checking tokio-executor v0.1.10
[INFO] [stderr]     Checking tokio-sync v0.1.8
[INFO] [stderr]    Compiling rustc_version v0.2.3
[INFO] [stderr]     Checking tracing v0.1.17
[INFO] [stderr]     Checking want v0.3.0
[INFO] [stderr]     Checking log v0.3.9
[INFO] [stderr]     Checking iovec v0.1.4
[INFO] [stderr]     Checking net2 v0.2.34
[INFO] [stderr]     Checking num_cpus v1.13.0
[INFO] [stderr]     Checking signal-hook-registry v1.2.0
[INFO] [stderr]     Checking time v0.1.43
[INFO] [stderr]     Checking socket2 v0.3.12
[INFO] [stderr]     Checking rand_os v0.1.3
[INFO] [stderr]    Compiling mime_guess v2.0.3
[INFO] [stderr]     Checking mime v0.2.6
[INFO] [stderr]     Checking http-body v0.3.1
[INFO] [stderr]    Compiling parking_lot_core v0.6.2
[INFO] [stderr]    Compiling parking_lot v0.9.0
[INFO] [stderr]     Checking bytes v0.4.12
[INFO] [stderr]     Checking hyper v0.10.16
[INFO] [stderr]     Checking mio v0.6.22
[INFO] [stderr]     Checking tokio-io v0.1.13
[INFO] [stderr]     Checking mio-uds v0.6.8
[INFO] [stderr]     Checking tokio-codec v0.1.2
[INFO] [stderr]     Checking tokio-reactor v0.1.12
[INFO] [stderr]     Checking tokio-tcp v0.1.4
[INFO] [stderr]    Compiling tokio-macros v0.2.5
[INFO] [stderr]    Compiling serde_derive v1.0.114
[INFO] [stderr]     Checking tokio v0.2.22
[INFO] [stderr]     Checking pin-project v0.4.23
[INFO] [stderr]     Checking futures-util v0.3.5
[INFO] [stderr]     Checking tokio-util v0.3.1
[INFO] [stderr]     Checking h2 v0.2.6
[INFO] [stderr]    Compiling native-tls v0.2.4
[INFO] [stderr]     Checking serde_urlencoded v0.6.1
[INFO] [stderr]     Checking tokio-tls v0.3.1
[INFO] [stderr]     Checking tokio-tls v0.2.1
[INFO] [stderr]     Checking websocket-base v0.26.2
[INFO] [stderr]     Checking websocket v0.26.2
[INFO] [stderr]     Checking hyper v0.13.7
[INFO] [stderr]     Checking hyper-tls v0.4.3
[INFO] [stderr]     Checking reqwest v0.10.7
[INFO] [stderr]     Checking RustTest v0.1.0 (/opt/rustwide/workdir)
[INFO] [stdout] warning: unused import: `websocket::server::upgrade::WsUpgrade`
[INFO] [stdout]  --> src/player.rs:1:5
[INFO] [stdout]   |
[INFO] [stdout] 1 | use websocket::server::upgrade::WsUpgrade;
[INFO] [stdout]   |     ^^^^^^^^^^^^^^^^^^^^^^^^^^^^^^^^^^^^^
[INFO] [stdout]   |
[INFO] [stdout]   = note: `#[warn(unused_imports)]` on by default
[INFO] [stdout] 
[INFO] [stdout] 
[INFO] [stdout] warning: unused import: `websocket::server::upgrade::sync::Buffer`
[INFO] [stdout]  --> src/player.rs:2:5
[INFO] [stdout]   |
[INFO] [stdout] 2 | use websocket::server::upgrade::sync::Buffer;
[INFO] [stdout]   |     ^^^^^^^^^^^^^^^^^^^^^^^^^^^^^^^^^^^^^^^^
[INFO] [stdout] 
[INFO] [stdout] 
[INFO] [stdout] warning: unused import: `websocket::server::upgrade::WsUpgrade`
[INFO] [stdout]  --> src/player.rs:1:5
[INFO] [stdout]   |
[INFO] [stdout] 1 | use websocket::server::upgrade::WsUpgrade;
[INFO] [stdout]   |     ^^^^^^^^^^^^^^^^^^^^^^^^^^^^^^^^^^^^^
[INFO] [stdout]   |
[INFO] [stdout]   = note: `#[warn(unused_imports)]` on by default
[INFO] [stdout] 
[INFO] [stdout] 
[INFO] [stdout] warning: unused import: `std::borrow::Borrow`
[INFO] [stdout]  --> src/room.rs:3:5
[INFO] [stdout]   |
[INFO] [stdout] 3 | use std::borrow::Borrow;
[INFO] [stdout]   |     ^^^^^^^^^^^^^^^^^^^
[INFO] [stdout] 
[INFO] [stdout] 
[INFO] [stdout] warning: unused import: `std::fs::read`
[INFO] [stdout]  --> src/struct_test.rs:1:5
[INFO] [stdout]   |
[INFO] [stdout] 1 | use std::fs::read;
[INFO] [stdout]   |     ^^^^^^^^^^^^^
[INFO] [stdout] 
[INFO] [stdout] 
[INFO] [stdout] warning: unused import: `std::collections::HashMap`
[INFO] [stdout]  --> src/http_test.rs:1:5
[INFO] [stdout]   |
[INFO] [stdout] 1 | use std::collections::HashMap;
[INFO] [stdout]   |     ^^^^^^^^^^^^^^^^^^^^^^^^^
[INFO] [stdout] 
[INFO] [stdout] 
[INFO] [stdout] warning: unused macro definition
[INFO] [stdout]   --> src/macro_test.rs:9:1
[INFO] [stdout]    |
[INFO] [stdout] 9  | / macro_rules! vector {
[INFO] [stdout] 10 | |     ($($x:expr),*) => {
[INFO] [stdout] 11 | |         {
[INFO] [stdout] 12 | |             let mut temp_vec = Vec::new();
[INFO] [stdout] ...  |
[INFO] [stdout] 16 | |     };
[INFO] [stdout] 17 | | }
[INFO] [stdout]    | |_^
[INFO] [stdout]    |
[INFO] [stdout]    = note: `#[warn(unused_macros)]` on by default
[INFO] [stdout] 
[INFO] [stdout] 
[INFO] [stdout] warning: unused import: `websocket::server::upgrade::sync::Buffer`
[INFO] [stdout]  --> src/player.rs:2:5
[INFO] [stdout]   |
[INFO] [stdout] 2 | use websocket::server::upgrade::sync::Buffer;
[INFO] [stdout]   |     ^^^^^^^^^^^^^^^^^^^^^^^^^^^^^^^^^^^^^^^^
[INFO] [stdout] 
[INFO] [stdout] 
[INFO] [stdout] warning: unused import: `std::borrow::Borrow`
[INFO] [stdout]  --> src/room.rs:3:5
[INFO] [stdout]   |
[INFO] [stdout] 3 | use std::borrow::Borrow;
[INFO] [stdout]   |     ^^^^^^^^^^^^^^^^^^^
[INFO] [stdout] 
[INFO] [stdout] 
[INFO] [stdout] warning: unused import: `std::fs::read`
[INFO] [stdout]  --> src/struct_test.rs:1:5
[INFO] [stdout]   |
[INFO] [stdout] 1 | use std::fs::read;
[INFO] [stdout]   |     ^^^^^^^^^^^^^
[INFO] [stdout] 
[INFO] [stdout] 
[INFO] [stdout] warning: unused import: `std::collections::HashMap`
[INFO] [stdout]  --> src/http_test.rs:1:5
[INFO] [stdout]   |
[INFO] [stdout] 1 | use std::collections::HashMap;
[INFO] [stdout]   |     ^^^^^^^^^^^^^^^^^^^^^^^^^
[INFO] [stdout] 
[INFO] [stdout] 
[INFO] [stdout] warning: unused macro definition
[INFO] [stdout]   --> src/macro_test.rs:9:1
[INFO] [stdout]    |
[INFO] [stdout] 9  | / macro_rules! vector {
[INFO] [stdout] 10 | |     ($($x:expr),*) => {
[INFO] [stdout] 11 | |         {
[INFO] [stdout] 12 | |             let mut temp_vec = Vec::new();
[INFO] [stdout] ...  |
[INFO] [stdout] 16 | |     };
[INFO] [stdout] 17 | | }
[INFO] [stdout]    | |_^
[INFO] [stdout]    |
[INFO] [stdout]    = note: `#[warn(unused_macros)]` on by default
[INFO] [stdout] 
[INFO] [stdout] 
[INFO] [stdout] error[E0277]: `UnsafeCell<std::option::Option<Vec<Vec<u8>>>>` cannot be shared between threads safely
[INFO] [stdout]    --> src/websocket_server.rs:17:9
[INFO] [stdout]     |
[INFO] [stdout] 17  |         thread::spawn(move || {
[INFO] [stdout]     |         ^^^^^^^^^^^^^ `UnsafeCell<std::option::Option<Vec<Vec<u8>>>>` cannot be shared between threads safely
[INFO] [stdout]     |
[INFO] [stdout]     = help: within `(unicase::UniCase<hyper::header::CowStr>, hyper::header::internals::item::Item)`, the trait `Sync` is not implemented for `UnsafeCell<std::option::Option<Vec<Vec<u8>>>>`
[INFO] [stdout]     = note: required because it appears within the type `hyper::header::internals::cell::OptCell<Vec<Vec<u8>>>`
[INFO] [stdout]     = note: required because it appears within the type `hyper::header::internals::item::Item`
[INFO] [stdout]     = note: required because it appears within the type `(unicase::UniCase<hyper::header::CowStr>, hyper::header::internals::item::Item)`
[INFO] [stdout]     = note: required because of the requirements on the impl of `Sync` for `Unique<(unicase::UniCase<hyper::header::CowStr>, hyper::header::internals::item::Item)>`
[INFO] [stdout]     = note: required because it appears within the type `alloc::raw_vec::RawVec<(unicase::UniCase<hyper::header::CowStr>, hyper::header::internals::item::Item)>`
[INFO] [stdout]     = note: required because it appears within the type `Vec<(unicase::UniCase<hyper::header::CowStr>, hyper::header::internals::item::Item)>`
[INFO] [stdout]     = note: required because it appears within the type `hyper::header::internals::vec_map::VecMap<unicase::UniCase<hyper::header::CowStr>, hyper::header::internals::item::Item>`
[INFO] [stdout]     = note: required because it appears within the type `Headers`
[INFO] [stdout]     = note: required because it appears within the type `websocket::sync::Client<std::net::TcpStream>`
[INFO] [stdout]     = note: required because of the requirements on the impl of `std::marker::Send` for `&'static websocket::sync::Client<std::net::TcpStream>`
[INFO] [stdout] note: required because it appears within the type `Player`
[INFO] [stdout]    --> src/player.rs:6:12
[INFO] [stdout]     |
[INFO] [stdout] 6   | pub struct Player {
[INFO] [stdout]     |            ^^^^^^
[INFO] [stdout]     = note: required because it appears within the type `(u32, Player)`
[INFO] [stdout]     = note: required because of the requirements on the impl of `std::marker::Send` for `hashbrown::raw::RawTable<(u32, Player)>`
[INFO] [stdout]     = note: required because it appears within the type `hashbrown::map::HashMap<u32, Player, RandomState>`
[INFO] [stdout]     = note: required because it appears within the type `HashMap<u32, Player>`
[INFO] [stdout] note: required because it appears within the type `Room`
[INFO] [stdout]    --> src/room.rs:5:12
[INFO] [stdout]     |
[INFO] [stdout] 5   | pub struct Room {
[INFO] [stdout]     |            ^^^^
[INFO] [stdout]     = note: required because of the requirements on the impl of `Sync` for `std::sync::Mutex<Room>`
[INFO] [stdout]     = note: 1 redundant requirements hidden
[INFO] [stdout]     = note: required because of the requirements on the impl of `std::marker::Send` for `Arc<std::sync::Mutex<Room>>`
[INFO] [stdout]     = note: required because it appears within the type `[closure@src/websocket_server.rs:17:23: 56:10]`
[INFO] [stdout] note: required by a bound in `std::thread::spawn`
[INFO] [stdout] 
[INFO] [stdout] 
[INFO] [stdout] error[E0277]: `UnsafeCell<hyper::header::internals::cell::PtrMap<Box<(dyn HeaderFormat + Sync + std::marker::Send + 'static)>>>` cannot be shared between threads safely
[INFO] [stdout]    --> src/websocket_server.rs:17:9
[INFO] [stdout]     |
[INFO] [stdout] 17  |         thread::spawn(move || {
[INFO] [stdout]     |         ^^^^^^^^^^^^^ `UnsafeCell<hyper::header::internals::cell::PtrMap<Box<(dyn HeaderFormat + Sync + std::marker::Send + 'static)>>>` cannot be shared between threads safely
[INFO] [stdout]     |
[INFO] [stdout]     = help: within `(unicase::UniCase<hyper::header::CowStr>, hyper::header::internals::item::Item)`, the trait `Sync` is not implemented for `UnsafeCell<hyper::header::internals::cell::PtrMap<Box<(dyn HeaderFormat + Sync + std::marker::Send + 'static)>>>`
[INFO] [stdout]     = note: required because it appears within the type `hyper::header::internals::cell::PtrMapCell<(dyn HeaderFormat + Sync + std::marker::Send + 'static)>`
[INFO] [stdout]     = note: required because it appears within the type `hyper::header::internals::item::Item`
[INFO] [stdout]     = note: required because it appears within the type `(unicase::UniCase<hyper::header::CowStr>, hyper::header::internals::item::Item)`
[INFO] [stdout]     = note: required because of the requirements on the impl of `Sync` for `Unique<(unicase::UniCase<hyper::header::CowStr>, hyper::header::internals::item::Item)>`
[INFO] [stdout]     = note: required because it appears within the type `alloc::raw_vec::RawVec<(unicase::UniCase<hyper::header::CowStr>, hyper::header::internals::item::Item)>`
[INFO] [stdout]     = note: required because it appears within the type `Vec<(unicase::UniCase<hyper::header::CowStr>, hyper::header::internals::item::Item)>`
[INFO] [stdout]     = note: required because it appears within the type `hyper::header::internals::vec_map::VecMap<unicase::UniCase<hyper::header::CowStr>, hyper::header::internals::item::Item>`
[INFO] [stdout]     = note: required because it appears within the type `Headers`
[INFO] [stdout]     = note: required because it appears within the type `websocket::sync::Client<std::net::TcpStream>`
[INFO] [stdout]     = note: required because of the requirements on the impl of `std::marker::Send` for `&'static websocket::sync::Client<std::net::TcpStream>`
[INFO] [stdout] note: required because it appears within the type `Player`
[INFO] [stdout]    --> src/player.rs:6:12
[INFO] [stdout]     |
[INFO] [stdout] 6   | pub struct Player {
[INFO] [stdout]     |            ^^^^^^
[INFO] [stdout]     = note: required because it appears within the type `(u32, Player)`
[INFO] [stdout]     = note: required because of the requirements on the impl of `std::marker::Send` for `hashbrown::raw::RawTable<(u32, Player)>`
[INFO] [stdout]     = note: required because it appears within the type `hashbrown::map::HashMap<u32, Player, RandomState>`
[INFO] [stdout]     = note: required because it appears within the type `HashMap<u32, Player>`
[INFO] [stdout] note: required because it appears within the type `Room`
[INFO] [stdout]    --> src/room.rs:5:12
[INFO] [stdout]     |
[INFO] [stdout] 5   | pub struct Room {
[INFO] [stdout]     |            ^^^^
[INFO] [stdout]     = note: required because of the requirements on the impl of `Sync` for `std::sync::Mutex<Room>`
[INFO] [stdout]     = note: 1 redundant requirements hidden
[INFO] [stdout]     = note: required because of the requirements on the impl of `std::marker::Send` for `Arc<std::sync::Mutex<Room>>`
[INFO] [stdout]     = note: required because it appears within the type `[closure@src/websocket_server.rs:17:23: 56:10]`
[INFO] [stdout] note: required by a bound in `std::thread::spawn`
[INFO] [stdout] 
[INFO] [stdout] 
[INFO] [stdout] error[E0277]: `UnsafeCell<std::option::Option<Vec<Vec<u8>>>>` cannot be shared between threads safely
[INFO] [stdout]    --> src/websocket_server.rs:17:9
[INFO] [stdout]     |
[INFO] [stdout] 17  |         thread::spawn(move || {
[INFO] [stdout]     |         ^^^^^^^^^^^^^ `UnsafeCell<std::option::Option<Vec<Vec<u8>>>>` cannot be shared between threads safely
[INFO] [stdout]     |
[INFO] [stdout]     = help: within `(unicase::UniCase<hyper::header::CowStr>, hyper::header::internals::item::Item)`, the trait `Sync` is not implemented for `UnsafeCell<std::option::Option<Vec<Vec<u8>>>>`
[INFO] [stdout]     = note: required because it appears within the type `hyper::header::internals::cell::OptCell<Vec<Vec<u8>>>`
[INFO] [stdout]     = note: required because it appears within the type `hyper::header::internals::item::Item`
[INFO] [stdout]     = note: required because it appears within the type `(unicase::UniCase<hyper::header::CowStr>, hyper::header::internals::item::Item)`
[INFO] [stdout]     = note: required because of the requirements on the impl of `Sync` for `Unique<(unicase::UniCase<hyper::header::CowStr>, hyper::header::internals::item::Item)>`
[INFO] [stdout]     = note: required because it appears within the type `alloc::raw_vec::RawVec<(unicase::UniCase<hyper::header::CowStr>, hyper::header::internals::item::Item)>`
[INFO] [stdout]     = note: required because it appears within the type `Vec<(unicase::UniCase<hyper::header::CowStr>, hyper::header::internals::item::Item)>`
[INFO] [stdout]     = note: required because it appears within the type `hyper::header::internals::vec_map::VecMap<unicase::UniCase<hyper::header::CowStr>, hyper::header::internals::item::Item>`
[INFO] [stdout]     = note: required because it appears within the type `Headers`
[INFO] [stdout]     = note: required because it appears within the type `websocket::sync::Client<std::net::TcpStream>`
[INFO] [stdout]     = note: required because of the requirements on the impl of `std::marker::Send` for `&'static websocket::sync::Client<std::net::TcpStream>`
[INFO] [stdout] note: required because it appears within the type `Player`
[INFO] [stdout]    --> src/player.rs:6:12
[INFO] [stdout]     |
[INFO] [stdout] 6   | pub struct Player {
[INFO] [stdout]     |            ^^^^^^
[INFO] [stdout]     = note: required because it appears within the type `(u32, Player)`
[INFO] [stdout]     = note: required because of the requirements on the impl of `std::marker::Send` for `hashbrown::raw::RawTable<(u32, Player)>`
[INFO] [stdout]     = note: required because it appears within the type `hashbrown::map::HashMap<u32, Player, RandomState>`
[INFO] [stdout]     = note: required because it appears within the type `HashMap<u32, Player>`
[INFO] [stdout] note: required because it appears within the type `Room`
[INFO] [stdout]    --> src/room.rs:5:12
[INFO] [stdout]     |
[INFO] [stdout] 5   | pub struct Room {
[INFO] [stdout]     |            ^^^^
[INFO] [stdout]     = note: required because of the requirements on the impl of `Sync` for `std::sync::Mutex<Room>`
[INFO] [stdout]     = note: 1 redundant requirements hidden
[INFO] [stdout]     = note: required because of the requirements on the impl of `std::marker::Send` for `Arc<std::sync::Mutex<Room>>`
[INFO] [stdout]     = note: required because it appears within the type `[closure@src/websocket_server.rs:17:23: 56:10]`
[INFO] [stdout] note: required by a bound in `std::thread::spawn`
[INFO] [stdout] 
[INFO] [stdout] 
[INFO] [stdout] error[E0277]: `UnsafeCell<hyper::header::internals::cell::PtrMap<Box<(dyn HeaderFormat + Sync + std::marker::Send + 'static)>>>` cannot be shared between threads safely
[INFO] [stdout]    --> src/websocket_server.rs:17:9
[INFO] [stdout]     |
[INFO] [stdout] 17  |         thread::spawn(move || {
[INFO] [stdout]     |         ^^^^^^^^^^^^^ `UnsafeCell<hyper::header::internals::cell::PtrMap<Box<(dyn HeaderFormat + Sync + std::marker::Send + 'static)>>>` cannot be shared between threads safely
[INFO] [stdout]     |
[INFO] [stdout]     = help: within `(unicase::UniCase<hyper::header::CowStr>, hyper::header::internals::item::Item)`, the trait `Sync` is not implemented for `UnsafeCell<hyper::header::internals::cell::PtrMap<Box<(dyn HeaderFormat + Sync + std::marker::Send + 'static)>>>`
[INFO] [stdout]     = note: required because it appears within the type `hyper::header::internals::cell::PtrMapCell<(dyn HeaderFormat + Sync + std::marker::Send + 'static)>`
[INFO] [stdout]     = note: required because it appears within the type `hyper::header::internals::item::Item`
[INFO] [stdout]     = note: required because it appears within the type `(unicase::UniCase<hyper::header::CowStr>, hyper::header::internals::item::Item)`
[INFO] [stdout]     = note: required because of the requirements on the impl of `Sync` for `Unique<(unicase::UniCase<hyper::header::CowStr>, hyper::header::internals::item::Item)>`
[INFO] [stdout]     = note: required because it appears within the type `alloc::raw_vec::RawVec<(unicase::UniCase<hyper::header::CowStr>, hyper::header::internals::item::Item)>`
[INFO] [stdout]     = note: required because it appears within the type `Vec<(unicase::UniCase<hyper::header::CowStr>, hyper::header::internals::item::Item)>`
[INFO] [stdout]     = note: required because it appears within the type `hyper::header::internals::vec_map::VecMap<unicase::UniCase<hyper::header::CowStr>, hyper::header::internals::item::Item>`
[INFO] [stdout]     = note: required because it appears within the type `Headers`
[INFO] [stdout]     = note: required because it appears within the type `websocket::sync::Client<std::net::TcpStream>`
[INFO] [stdout]     = note: required because of the requirements on the impl of `std::marker::Send` for `&'static websocket::sync::Client<std::net::TcpStream>`
[INFO] [stdout] note: required because it appears within the type `Player`
[INFO] [stdout]    --> src/player.rs:6:12
[INFO] [stdout]     |
[INFO] [stdout] 6   | pub struct Player {
[INFO] [stdout]     |            ^^^^^^
[INFO] [stdout]     = note: required because it appears within the type `(u32, Player)`
[INFO] [stdout]     = note: required because of the requirements on the impl of `std::marker::Send` for `hashbrown::raw::RawTable<(u32, Player)>`
[INFO] [stdout]     = note: required because it appears within the type `hashbrown::map::HashMap<u32, Player, RandomState>`
[INFO] [stdout]     = note: required because it appears within the type `HashMap<u32, Player>`
[INFO] [stdout] note: required because it appears within the type `Room`
[INFO] [stdout]    --> src/room.rs:5:12
[INFO] [stdout]     |
[INFO] [stdout] 5   | pub struct Room {
[INFO] [stdout]     |            ^^^^
[INFO] [stdout]     = note: required because of the requirements on the impl of `Sync` for `std::sync::Mutex<Room>`
[INFO] [stdout]     = note: 1 redundant requirements hidden
[INFO] [stdout]     = note: required because of the requirements on the impl of `std::marker::Send` for `Arc<std::sync::Mutex<Room>>`
[INFO] [stdout]     = note: required because it appears within the type `[closure@src/websocket_server.rs:17:23: 56:10]`
[INFO] [stdout] note: required by a bound in `std::thread::spawn`
[INFO] [stdout] 
[INFO] [stdout] 
[INFO] [stdout] error: aborting due to 2 previous errors; 6 warnings emitted
[INFO] [stdout] 
[INFO] [stdout] 
[INFO] [stdout] For more information about this error, try `rustc --explain E0277`.
[INFO] [stdout] 
[INFO] [stdout] error: aborting due to 2 previous errors; 6 warnings emitted
[INFO] [stdout] 
[INFO] [stdout] 
[INFO] [stdout] For more information about this error, try `rustc --explain E0277`.
[INFO] [stdout] 
[INFO] [stderr] error: could not compile `RustTest` due to 3 previous errors; 6 warnings emitted
[INFO] [stderr] warning: build failed, waiting for other jobs to finish...
[INFO] [stderr] error: build failed
[INFO] running `Command { std: "docker" "inspect" "7f6ac670f4a82cc88c4b8a3c2db5ef4348506168c1c2dd34120b41b6d8a03b28", kill_on_drop: false }`
[INFO] running `Command { std: "docker" "rm" "-f" "7f6ac670f4a82cc88c4b8a3c2db5ef4348506168c1c2dd34120b41b6d8a03b28", kill_on_drop: false }`
[INFO] [stdout] 7f6ac670f4a82cc88c4b8a3c2db5ef4348506168c1c2dd34120b41b6d8a03b28
