[INFO] cloning repository https://github.com/hjr3/rust-get-data-from-url
[INFO] running `Command { std: "git" "-c" "credential.helper=" "-c" "credential.helper=/workspace/cargo-home/bin/git-credential-null" "clone" "--bare" "https://github.com/hjr3/rust-get-data-from-url" "/workspace/cache/git-repos/https%3A%2F%2Fgithub.com%2Fhjr3%2Frust-get-data-from-url", kill_on_drop: false }`
[INFO] [stderr] Cloning into bare repository '/workspace/cache/git-repos/https%3A%2F%2Fgithub.com%2Fhjr3%2Frust-get-data-from-url'...
[INFO] running `Command { std: "git" "rev-parse" "HEAD", kill_on_drop: false }`
[INFO] [stdout] efa36c1cf4ce8427d2cf827eaab5a1ec8a79234b
[INFO] checking hjr3/rust-get-data-from-url against 1.55.0 for beta-1.56-3
[INFO] running `Command { std: "git" "clone" "/workspace/cache/git-repos/https%3A%2F%2Fgithub.com%2Fhjr3%2Frust-get-data-from-url" "/workspace/builds/worker-47/source", kill_on_drop: false }`
[INFO] [stderr] Cloning into '/workspace/builds/worker-47/source'...
[INFO] [stderr] done.
[INFO] validating manifest of git repo https://github.com/hjr3/rust-get-data-from-url on toolchain 1.55.0
[INFO] running `Command { std: "/workspace/cargo-home/bin/cargo" "+1.55.0" "metadata" "--manifest-path" "Cargo.toml" "--no-deps", kill_on_drop: false }`
[INFO] started tweaking git repo https://github.com/hjr3/rust-get-data-from-url
[INFO] finished tweaking git repo https://github.com/hjr3/rust-get-data-from-url
[INFO] tweaked toml for git repo https://github.com/hjr3/rust-get-data-from-url written to /workspace/builds/worker-47/source/Cargo.toml
[INFO] crate git repo https://github.com/hjr3/rust-get-data-from-url already has a lockfile, it will not be regenerated
[INFO] running `Command { std: "/workspace/cargo-home/bin/cargo" "+1.55.0" "fetch" "--manifest-path" "Cargo.toml", kill_on_drop: false }`
[INFO] [stderr]     Blocking waiting for file lock on package cache
[INFO] [stderr]     Blocking waiting for file lock on package cache
[INFO] [stderr]  Downloading crates ...
[INFO] [stderr]   Downloaded serde_json v0.6.0
[INFO] [stderr]   Downloaded log v0.3.2
[INFO] [stderr]   Downloaded gcc v0.3.13
[INFO] [stderr]   Downloaded advapi32-sys v0.1.2
[INFO] [stderr]   Downloaded rand v0.3.11
[INFO] [stderr]   Downloaded num v0.1.27
[INFO] [stderr]   Downloaded pkg-config v0.3.5
[INFO] [stderr]   Downloaded openssl-sys v0.6.5
[INFO] [stderr]   Downloaded url v0.2.37
[INFO] [stderr]   Downloaded winapi v0.2.3
[INFO] [stderr]   Downloaded libz-sys v0.1.8
[INFO] [stderr]   Downloaded curl v0.2.11
[INFO] [stderr]   Downloaded serde v0.6.0
[INFO] [stderr]   Downloaded curl-sys v0.1.25
[INFO] [stderr]   Downloaded libc v0.1.10
[INFO] [stderr]   Downloaded rustc-serialize v0.3.16
[INFO] running `Command { std: "docker" "create" "-v" "/var/lib/crater-agent-workspace/builds/worker-47/target:/opt/rustwide/target:rw,Z" "-v" "/var/lib/crater-agent-workspace/builds/worker-47/source:/opt/rustwide/workdir:ro,Z" "-v" "/var/lib/crater-agent-workspace/cargo-home:/opt/rustwide/cargo-home:ro,Z" "-v" "/var/lib/crater-agent-workspace/rustup-home:/opt/rustwide/rustup-home:ro,Z" "-e" "SOURCE_DIR=/opt/rustwide/workdir" "-e" "CARGO_TARGET_DIR=/opt/rustwide/target" "-e" "CARGO_HOME=/opt/rustwide/cargo-home" "-e" "RUSTUP_HOME=/opt/rustwide/rustup-home" "-w" "/opt/rustwide/workdir" "-m" "1610612736" "--user" "0:0" "--network" "none" "ghcr.io/rust-lang/crates-build-env/linux@sha256:a89201d6b5b9fd45c15d5952ece0a0129e7e80cb26ec023fd59cf09bc26f1604" "/opt/rustwide/cargo-home/bin/cargo" "+1.55.0" "metadata" "--no-deps" "--format-version=1", kill_on_drop: false }`
[INFO] [stdout] 950a45cfaea4809062bbab3661e29fb0f33ab02262bbba90dd7ac75afee150d7
[INFO] running `Command { std: "docker" "start" "-a" "950a45cfaea4809062bbab3661e29fb0f33ab02262bbba90dd7ac75afee150d7", kill_on_drop: false }`
[INFO] running `Command { std: "docker" "inspect" "950a45cfaea4809062bbab3661e29fb0f33ab02262bbba90dd7ac75afee150d7", kill_on_drop: false }`
[INFO] running `Command { std: "docker" "rm" "-f" "950a45cfaea4809062bbab3661e29fb0f33ab02262bbba90dd7ac75afee150d7", kill_on_drop: false }`
[INFO] [stdout] 950a45cfaea4809062bbab3661e29fb0f33ab02262bbba90dd7ac75afee150d7
[INFO] running `Command { std: "docker" "create" "-v" "/var/lib/crater-agent-workspace/builds/worker-47/target:/opt/rustwide/target:rw,Z" "-v" "/var/lib/crater-agent-workspace/builds/worker-47/source:/opt/rustwide/workdir:ro,Z" "-v" "/var/lib/crater-agent-workspace/cargo-home:/opt/rustwide/cargo-home:ro,Z" "-v" "/var/lib/crater-agent-workspace/rustup-home:/opt/rustwide/rustup-home:ro,Z" "-e" "SOURCE_DIR=/opt/rustwide/workdir" "-e" "CARGO_TARGET_DIR=/opt/rustwide/target" "-e" "CARGO_INCREMENTAL=0" "-e" "RUST_BACKTRACE=full" "-e" "RUSTFLAGS=--cap-lints=warn" "-e" "CARGO_HOME=/opt/rustwide/cargo-home" "-e" "RUSTUP_HOME=/opt/rustwide/rustup-home" "-w" "/opt/rustwide/workdir" "-m" "1610612736" "--user" "0:0" "--network" "none" "ghcr.io/rust-lang/crates-build-env/linux@sha256:a89201d6b5b9fd45c15d5952ece0a0129e7e80cb26ec023fd59cf09bc26f1604" "/opt/rustwide/cargo-home/bin/cargo" "+1.55.0" "check" "--frozen" "--all" "--all-targets" "--message-format=json", kill_on_drop: false }`
[INFO] [stdout] ff10ecb36a80f8407cb20f54d6ef17c6aed8a27d70d7557515ea5b0136bd8639
[INFO] running `Command { std: "docker" "start" "-a" "ff10ecb36a80f8407cb20f54d6ef17c6aed8a27d70d7557515ea5b0136bd8639", kill_on_drop: false }`
[INFO] [stderr]     Blocking waiting for file lock on package cache
[INFO] [stderr]    Compiling gcc v0.3.13
[INFO] [stderr]    Compiling pkg-config v0.3.5
[INFO] [stderr]     Checking libc v0.1.10
[INFO] [stderr]    Compiling winapi-build v0.1.1
[INFO] [stderr]     Checking winapi v0.2.3
[INFO] [stderr]     Checking rustc-serialize v0.3.16
[INFO] [stderr]     Checking matches v0.1.2
[INFO] [stderr]     Checking log v0.3.2
[INFO] [stdout] error[E0642]: patterns aren't allowed in functions without bodies
[INFO] [stdout]    --> /opt/rustwide/cargo-home/registry/src/github.com-1ecc6299db9ec823/rustc-serialize-0.3.16/src/serialize.rs:145:45
[INFO] [stdout]     |
[INFO] [stdout] 145 | ...                   &f_name: &str,
[INFO] [stdout]     |                       ^^^^^^^ pattern not allowed in function without body
[INFO] [stdout] 
[INFO] [stdout] 
[INFO] [stderr]    Compiling advapi32-sys v0.1.2
[INFO] [stderr]    Compiling libz-sys v0.1.8
[INFO] [stderr]    Compiling openssl-sys v0.6.5
[INFO] [stderr]    Compiling curl-sys v0.1.25
[INFO] [stderr]     Checking rand v0.3.11
[INFO] [stderr] error: failed to run custom build command for `openssl-sys v0.6.5`
[INFO] [stderr] 
[INFO] [stderr] Caused by:
[INFO] [stderr]   process didn't exit successfully: `/opt/rustwide/target/debug/build/openssl-sys-f61b8a91872e124b/build-script-build` (exit status: 101)
[INFO] [stderr]   --- stdout
[INFO] [stderr]   cargo:rustc-link-search=native=/usr/lib/x86_64-linux-gnu
[INFO] [stderr]   cargo:rustc-link-lib=ssl
[INFO] [stderr]   cargo:rustc-link-lib=crypto
[INFO] [stderr] 
[INFO] [stderr]   TARGET = Some("x86_64-unknown-linux-gnu")
[INFO] [stderr]   TARGET = Some("x86_64-unknown-linux-gnu")
[INFO] [stderr]   CARGO_MANIFEST_DIR = Some("/opt/rustwide/cargo-home/registry/src/github.com-1ecc6299db9ec823/openssl-sys-0.6.5")
[INFO] [stderr]   OUT_DIR = Some("/opt/rustwide/target/debug/build/openssl-sys-5262557cd23a2e5c/out")
[INFO] [stderr]   OPT_LEVEL = Some("0")
[INFO] [stderr]   PROFILE = Some("debug")
[INFO] [stderr]   debug 0
[INFO] [stderr]   TARGET = Some("x86_64-unknown-linux-gnu")
[INFO] [stderr]   HOST = Some("x86_64-unknown-linux-gnu")
[INFO] [stderr]   CC_x86_64-unknown-linux-gnu = None
[INFO] [stderr]   CC_x86_64_unknown_linux_gnu = None
[INFO] [stderr]   HOST_CC = None
[INFO] [stderr]   CC = None
[INFO] [stderr]   TARGET = Some("x86_64-unknown-linux-gnu")
[INFO] [stderr]   HOST = Some("x86_64-unknown-linux-gnu")
[INFO] [stderr]   CFLAGS_x86_64-unknown-linux-gnu = None
[INFO] [stderr]   CFLAGS_x86_64_unknown_linux_gnu = None
[INFO] [stderr]   HOST_CFLAGS = None
[INFO] [stderr]   CFLAGS = None
[INFO] [stderr]   running: "cc" "-O0" "-c" "-ffunction-sections" "-fdata-sections" "-g" "-m64" "-fPIC" "-o" "/opt/rustwide/target/debug/build/openssl-sys-5262557cd23a2e5c/out/src/openssl_shim.o" "/opt/rustwide/cargo-home/registry/src/github.com-1ecc6299db9ec823/openssl-sys-0.6.5/src/openssl_shim.c"
[INFO] [stderr] 
[INFO] [stderr] 
[INFO] [stderr]   command did not execute successfully, got: exit status: 1
[INFO] [stderr] 
[INFO] [stderr] 
[INFO] [stderr] 
[INFO] [stderr]   --- stderr
[INFO] [stderr]   /opt/rustwide/cargo-home/registry/src/github.com-1ecc6299db9ec823/openssl-sys-0.6.5/src/openssl_shim.c: In function 'X509_get_extensions_shim':
[INFO] [stderr]   /opt/rustwide/cargo-home/registry/src/github.com-1ecc6299db9ec823/openssl-sys-0.6.5/src/openssl_shim.c:87:13: error: dereferencing pointer to incomplete type 'X509' {aka 'struct x509_st'}
[INFO] [stderr]      87 |     return x->cert_info ? x->cert_info->extensions : NULL;
[INFO] [stderr]         |             ^~
[INFO] [stderr]   thread 'main' panicked at 'explicit panic', /opt/rustwide/cargo-home/registry/src/github.com-1ecc6299db9ec823/gcc-0.3.13/src/lib.rs:510:5
[INFO] [stderr]   stack backtrace:
[INFO] [stderr]      0:     0x559781361840 - std::backtrace_rs::backtrace::libunwind::trace::ha0ad43e8a952bfe7
[INFO] [stderr]                                  at /rustc/c8dfcfe046a7680554bf4eb612bad840e7631c4b/library/std/src/../../backtrace/src/backtrace/libunwind.rs:90:5
[INFO] [stderr]      1:     0x559781361840 - std::backtrace_rs::backtrace::trace_unsynchronized::h6830419c0c4130dc
[INFO] [stderr]                                  at /rustc/c8dfcfe046a7680554bf4eb612bad840e7631c4b/library/std/src/../../backtrace/src/backtrace/mod.rs:66:5
[INFO] [stderr]      2:     0x559781361840 - std::sys_common::backtrace::_print_fmt::h8f3516631ffa1ef5
[INFO] [stderr]                                  at /rustc/c8dfcfe046a7680554bf4eb612bad840e7631c4b/library/std/src/sys_common/backtrace.rs:67:5
[INFO] [stderr]      3:     0x559781361840 - <std::sys_common::backtrace::_print::DisplayBacktrace as core::fmt::Display>::fmt::he1640d5f0d93f618
[INFO] [stderr]                                  at /rustc/c8dfcfe046a7680554bf4eb612bad840e7631c4b/library/std/src/sys_common/backtrace.rs:46:22
[INFO] [stderr]      4:     0x55978137fbec - core::fmt::write::h88012e1f01caeebf
[INFO] [stderr]                                  at /rustc/c8dfcfe046a7680554bf4eb612bad840e7631c4b/library/core/src/fmt/mod.rs:1115:17
[INFO] [stderr]      5:     0x55978135e4e5 - std::io::Write::write_fmt::h360fa85b30182555
[INFO] [stderr]                                  at /rustc/c8dfcfe046a7680554bf4eb612bad840e7631c4b/library/std/src/io/mod.rs:1665:15
[INFO] [stderr]      6:     0x5597813636db - std::sys_common::backtrace::_print::ha1f00492f406a015
[INFO] [stderr]                                  at /rustc/c8dfcfe046a7680554bf4eb612bad840e7631c4b/library/std/src/sys_common/backtrace.rs:49:5
[INFO] [stderr]      7:     0x5597813636db - std::sys_common::backtrace::print::hd54561b13feb6af3
[INFO] [stderr]                                  at /rustc/c8dfcfe046a7680554bf4eb612bad840e7631c4b/library/std/src/sys_common/backtrace.rs:36:9
[INFO] [stderr]      8:     0x5597813636db - std::panicking::default_hook::{{closure}}::h84fe124cd0864662
[INFO] [stderr]                                  at /rustc/c8dfcfe046a7680554bf4eb612bad840e7631c4b/library/std/src/panicking.rs:208:50
[INFO] [stderr]      9:     0x5597813631b1 - std::panicking::default_hook::h5a8e74a76ce290a7
[INFO] [stderr]                                  at /rustc/c8dfcfe046a7680554bf4eb612bad840e7631c4b/library/std/src/panicking.rs:225:9
[INFO] [stderr]     10:     0x559781363da4 - std::panicking::rust_panic_with_hook::h67c812a4fe9d4c91
[INFO] [stderr]                                  at /rustc/c8dfcfe046a7680554bf4eb612bad840e7631c4b/library/std/src/panicking.rs:622:17
[INFO] [stderr]     11:     0x5597813313c3 - std::panicking::begin_panic::{{closure}}::he29588ce89c38c9c
[INFO] [stderr]                                  at /rustc/c8dfcfe046a7680554bf4eb612bad840e7631c4b/library/std/src/panicking.rs:542:9
[INFO] [stderr]     12:     0x55978132dc89 - std::sys_common::backtrace::__rust_end_short_backtrace::hbc55abcb61e90471
[INFO] [stderr]                                  at /rustc/c8dfcfe046a7680554bf4eb612bad840e7631c4b/library/std/src/sys_common/backtrace.rs:141:18
[INFO] [stderr]     13:     0x5597813312f9 - std::panicking::begin_panic::hf0b289f3048b0cd5
[INFO] [stderr]                                  at /rustc/c8dfcfe046a7680554bf4eb612bad840e7631c4b/library/std/src/panicking.rs:541:12
[INFO] [stderr]     14:     0x5597813285a5 - gcc::fail::ha0a4aea92ae57d71
[INFO] [stderr]                                  at /opt/rustwide/cargo-home/registry/src/github.com-1ecc6299db9ec823/gcc-0.3.13/src/lib.rs:510:5
[INFO] [stderr]     15:     0x55978132799a - gcc::run::hcd69545a97b9ef88
[INFO] [stderr]                                  at /opt/rustwide/cargo-home/registry/src/github.com-1ecc6299db9ec823/gcc-0.3.13/src/lib.rs:481:9
[INFO] [stderr]     16:     0x559781323d84 - gcc::Config::compile_object::hf1946754e32ad6bd
[INFO] [stderr]                                  at /opt/rustwide/cargo-home/registry/src/github.com-1ecc6299db9ec823/gcc-0.3.13/src/lib.rs:276:9
[INFO] [stderr]     17:     0x559781323355 - gcc::Config::compile::h100eee83b49fb9c0
[INFO] [stderr]                                  at /opt/rustwide/cargo-home/registry/src/github.com-1ecc6299db9ec823/gcc-0.3.13/src/lib.rs:233:13
[INFO] [stderr]     18:     0x559781312374 - build_script_build::build_openssl_shim::h9bb4f38fb0c35a5a
[INFO] [stderr]                                  at /opt/rustwide/cargo-home/registry/src/github.com-1ecc6299db9ec823/openssl-sys-0.6.5/build.rs:134:5
[INFO] [stderr]     19:     0x5597813102a1 - build_script_build::main::hadb022bb7180c0a4
[INFO] [stderr]                                  at /opt/rustwide/cargo-home/registry/src/github.com-1ecc6299db9ec823/openssl-sys-0.6.5/build.rs:23:17
[INFO] [stderr]     20:     0x559781316aab - core::ops::function::FnOnce::call_once::h3298e208cad735cd
[INFO] [stderr]                                  at /rustc/c8dfcfe046a7680554bf4eb612bad840e7631c4b/library/core/src/ops/function.rs:227:5
[INFO] [stderr]     21:     0x55978131651e - std::sys_common::backtrace::__rust_begin_short_backtrace::h33461be256ac7f7c
[INFO] [stderr]                                  at /rustc/c8dfcfe046a7680554bf4eb612bad840e7631c4b/library/std/src/sys_common/backtrace.rs:125:18
[INFO] [stderr]     22:     0x559781313f01 - std::rt::lang_start::{{closure}}::h3e8857dcaa3829dd
[INFO] [stderr]                                  at /rustc/c8dfcfe046a7680554bf4eb612bad840e7631c4b/library/std/src/rt.rs:63:18
[INFO] [stderr]     23:     0x5597813642aa - core::ops::function::impls::<impl core::ops::function::FnOnce<A> for &F>::call_once::ha9408abe89f69dc4
[INFO] [stderr]                                  at /rustc/c8dfcfe046a7680554bf4eb612bad840e7631c4b/library/core/src/ops/function.rs:259:13
[INFO] [stderr]     24:     0x5597813642aa - std::panicking::try::do_call::h5b0cc9e9102acb65
[INFO] [stderr]                                  at /rustc/c8dfcfe046a7680554bf4eb612bad840e7631c4b/library/std/src/panicking.rs:401:40
[INFO] [stderr]     25:     0x5597813642aa - std::panicking::try::hddc7f8229138b3ba
[INFO] [stderr]                                  at /rustc/c8dfcfe046a7680554bf4eb612bad840e7631c4b/library/std/src/panicking.rs:365:19
[INFO] [stderr]     26:     0x5597813642aa - std::panic::catch_unwind::hfa401ff8bab2986e
[INFO] [stderr]                                  at /rustc/c8dfcfe046a7680554bf4eb612bad840e7631c4b/library/std/src/panic.rs:434:14
[INFO] [stderr]     27:     0x5597813642aa - std::rt::lang_start_internal::{{closure}}::h8163422320d11405
[INFO] [stderr]                                  at /rustc/c8dfcfe046a7680554bf4eb612bad840e7631c4b/library/std/src/rt.rs:45:48
[INFO] [stderr]     28:     0x5597813642aa - std::panicking::try::do_call::hc742cc7bb4f0fb20
[INFO] [stderr]                                  at /rustc/c8dfcfe046a7680554bf4eb612bad840e7631c4b/library/std/src/panicking.rs:401:40
[INFO] [stderr]     29:     0x5597813642aa - std::panicking::try::ha37d8d2dd1acf7d3
[INFO] [stderr]                                  at /rustc/c8dfcfe046a7680554bf4eb612bad840e7631c4b/library/std/src/panicking.rs:365:19
[INFO] [stderr]     30:     0x5597813642aa - std::panic::catch_unwind::h8a5381d5ecf437bc
[INFO] [stderr]                                  at /rustc/c8dfcfe046a7680554bf4eb612bad840e7631c4b/library/std/src/panic.rs:434:14
[INFO] [stderr]     31:     0x5597813642aa - std::rt::lang_start_internal::h7e2cee8c90d4a4d3
[INFO] [stderr]                                  at /rustc/c8dfcfe046a7680554bf4eb612bad840e7631c4b/library/std/src/rt.rs:45:20
[INFO] [stderr]     32:     0x559781313ed0 - std::rt::lang_start::h7c9a889ee1ee1419
[INFO] [stderr]                                  at /rustc/c8dfcfe046a7680554bf4eb612bad840e7631c4b/library/std/src/rt.rs:62:5
[INFO] [stderr]     33:     0x55978131279c - main
[INFO] [stderr]     34:     0x7fcabe66e0b3 - __libc_start_main
[INFO] [stderr]     35:     0x55978130e94e - _start
[INFO] [stderr]     36:                0x0 - <unknown>
[INFO] [stderr] warning: build failed, waiting for other jobs to finish...
[INFO] [stdout] error: aborting due to previous error
[INFO] [stdout] 
[INFO] [stdout] 
[INFO] [stdout] For more information about this error, try `rustc --explain E0642`.
[INFO] [stdout] 
[INFO] [stderr] error: build failed
[INFO] running `Command { std: "docker" "inspect" "ff10ecb36a80f8407cb20f54d6ef17c6aed8a27d70d7557515ea5b0136bd8639", kill_on_drop: false }`
[INFO] running `Command { std: "docker" "rm" "-f" "ff10ecb36a80f8407cb20f54d6ef17c6aed8a27d70d7557515ea5b0136bd8639", kill_on_drop: false }`
[INFO] [stdout] ff10ecb36a80f8407cb20f54d6ef17c6aed8a27d70d7557515ea5b0136bd8639
